{"id":750548,"date":"2025-08-28T04:23:29","date_gmt":"2025-08-28T01:23:29","guid":{"rendered":"https:\/\/roveyayinevi.com.tr\/index.php\/urun\/avalonun-tufekleri-amber-yilliklari-2\/"},"modified":"2026-04-16T03:03:55","modified_gmt":"2026-04-16T00:03:55","slug":"avalonun-tufekleri-amber-yilliklari-2","status":"publish","type":"product","link":"https:\/\/roveyayinevi.com.tr\/index.php\/urun\/avalonun-tufekleri-amber-yilliklari-2\/","title":{"rendered":"Avalon\u2019un T\u00fcfekleri &#8211; Amber Y\u0131ll\u0131klar\u0131 2"},"content":{"rendered":"<p>Corwin, karde\u015fi Eric\u2019in onu hapsetti\u011fi h\u00fccreden kurtulmu\u015ftur ve vakit kaybetmeden hakk\u0131 olan taht\u0131 ele ge\u00e7irmek i\u00e7in harekete ge\u00e7er. \u00dcstelik Amber\u2019i fethetmesini kolayla\u015ft\u0131racak bir s\u0131rra da sahiptir. Fakat ordusunu toplamak i\u00e7in G\u00f6lgeler\u2019e y\u00fcr\u00fcd\u00fc\u011f\u00fcnde neyle kar\u015f\u0131 kar\u015f\u0131ya kalaca\u011f\u0131ndan bihaberdir. E\u011fer ger\u00e7ekten Amber\u2019e h\u00fckmetmek istiyorsa yaln\u0131zca karde\u015flerinin de\u011fil, \u015feytani g\u00fc\u00e7lerin de \u00fcstesinden gelmek zorundad\u0131r.   Corwin, Amber tac\u0131na ula\u015fmak i\u00e7in g\u00fcce susam\u0131\u015f karde\u015flerinin entrikalar\u0131n\u0131 a\u00e7\u0131\u011fa \u00e7\u0131karmak, ge\u00e7mi\u015fiyle y\u00fczle\u015fmek ve kendi \u00e7a\u011f\u0131rd\u0131\u011f\u0131 \u015feytani yarat\u0131klar\u0131 bozguna u\u011fratmak i\u00e7in elinden geleni yapmak zorunda kalacakt\u0131r.   Corwin\u2019in zorlu yolculu\u011fu, Amber Y\u0131ll\u0131klar\u0131\u2019n\u0131n ikinci kitab\u0131 Avalon\u2019un T\u00fcfekleri\u2019yle devam ediyor!   \u201cZelazny\u2019nin eserleri beni heyecanland\u0131r\u0131yor. \u0130nsan\u0131 etkisi alt\u0131na alan, e\u015fsiz kitaplar bunlar. Ayn\u0131 zamanda zekice yaz\u0131lm\u0131\u015flar.\u201d \u2013Neil Gaiman <\/p>\n","protected":false},"excerpt":{"rendered":"<p>Corwin, karde\u015fi Eric\u2019in onu hapsetti\u011fi h\u00fccreden kurtulmu\u015ftur ve vakit kaybetmeden hakk\u0131 olan taht\u0131 ele ge\u00e7irmek i\u00e7in harekete ge\u00e7er. \u00dcstelik Amber\u2019i fethetmesini kolayla\u015ft\u0131racak bir s\u0131rra da sahiptir.<span class=\"excerpt-hellip\"> [\u2026]<\/span><\/p>\n","protected":false},"featured_media":0,"template":"","meta":{"_monsterinsights_skip_tracking":false,"_monsterinsights_sitenote_active":false,"_monsterinsights_sitenote_note":"","_monsterinsights_sitenote_category":0},"product_brand":[],"product_cat":[12291,14777],"product_tag":[],"class_list":{"0":"post-750548","1":"product","2":"type-product","3":"status-publish","5":"product_cat-edebiyat","6":"product_cat-fantastik","7":"pa_cilt-ciltsiz","8":"pa_tur-kitap","9":"pa_yayinevi-ithaki-yayinlari","10":"pa_yazar-roger-zelazny","12":"first","13":"instock","14":"sale","15":"shipping-taxable","16":"purchasable","17":"product-type-simple"},"_links":{"self":[{"href":"https:\/\/roveyayinevi.com.tr\/index.php\/wp-json\/wp\/v2\/product\/750548","targetHints":{"allow":["GET"]}}],"collection":[{"href":"https:\/\/roveyayinevi.com.tr\/index.php\/wp-json\/wp\/v2\/product"}],"about":[{"href":"https:\/\/roveyayinevi.com.tr\/index.php\/wp-json\/wp\/v2\/types\/product"}],"wp:attachment":[{"href":"https:\/\/roveyayinevi.com.tr\/index.php\/wp-json\/wp\/v2\/media?parent=750548"}],"wp:term":[{"taxonomy":"product_brand","embeddable":true,"href":"https:\/\/roveyayinevi.com.tr\/index.php\/wp-json\/wp\/v2\/product_brand?post=750548"},{"taxonomy":"product_cat","embeddable":true,"href":"https:\/\/roveyayinevi.com.tr\/index.php\/wp-json\/wp\/v2\/product_cat?post=750548"},{"taxonomy":"product_tag","embeddable":true,"href":"https:\/\/roveyayinevi.com.tr\/index.php\/wp-json\/wp\/v2\/product_tag?post=750548"}],"curies":[{"name":"wp","href":"https:\/\/api.w.org\/{rel}","templated":true}]}}