{"id":750527,"date":"2025-08-28T04:22:56","date_gmt":"2025-08-28T01:22:56","guid":{"rendered":"https:\/\/roveyayinevi.com.tr\/index.php\/urun\/olu-dagci-oteli\/"},"modified":"2026-04-16T03:03:54","modified_gmt":"2026-04-16T00:03:54","slug":"olu-dagci-oteli","status":"publish","type":"product","link":"https:\/\/roveyayinevi.com.tr\/index.php\/urun\/olu-dagci-oteli\/","title":{"rendered":"\u00d6l\u00fc Da\u011fc\u0131 Oteli"},"content":{"rendered":"<p>\u201cAgatha Christie tarz\u0131 \u00fcst s\u0131n\u0131f polisiyelerinin parodisi niteli\u011finde bir bilimkurgu klasi\u011fi.\u201d \u2013Vanity Fair   Karla kapl\u0131 bir da\u011fda, d\u00fcnyan\u0131n geri kalan\u0131ndan soyutlanm\u0131\u015f bir ortamda yer alan bir otelin misafirlerinin hayatlar\u0131, \u00f6nce bir \u00e7\u0131\u011f\u0131n d\u00fc\u015f\u00fc\u015f\u00fc ve sonra da gizemli bir \u015fekilde \u00f6len bir m\u00fc\u015fterinin cesedinin ortaya \u00e7\u0131k\u0131\u015f\u0131yla alt\u00fcst olur. Kafa dinlemek i\u00e7in otele gelen polis m\u00fcfetti\u015fi Glebsky\u2019nin tatili b\u00f6ylece sona erer. Katili bulmak i\u00e7in ba\u015flayan aray\u0131\u015f, beklenmedik ger\u00e7ekleri g\u00fcn y\u00fcz\u00fcne \u00e7\u0131karacakt\u0131r.   Arkadi ve Boris Strugatski\u2019nin kaleme ald\u0131\u011f\u0131 \u00d6l\u00fc Da\u011fc\u0131 Oteli, bilimkurgu ve gizem unsurlar\u0131n\u0131 ba\u015far\u0131yla harmanlayan, insan do\u011fas\u0131n\u0131 ve toplumun i\u015fleyi\u015fini sorgulayan bir roman.   ARKAD\u0130 VE BOR\u0130S STRUGATSK\u0130: Sovyet bilimkurgu edebiyat\u0131n\u0131n en b\u00fcy\u00fck yazarlar\u0131 olarak kabul edilen Arkadi (1925-1991) ve Boris (1933-2012) Strugatski, Tarkovski\u2019nin k\u00fclt filmi Stalker\u2019a ilham veren Uzayda Piknik\u2019in yan\u0131 s\u0131ra Tanr\u0131 Olmak Zor \u0130\u015f, K\u0131yamete Bir Milyar Y\u0131l gibi bir\u00e7ok ba\u015fyap\u0131t\u0131n ortak yazarlar\u0131d\u0131r. Y\u0131llar\u0131n getirdi\u011fi polisiye merak\u0131yla, \u201cco\u015fkuyla\u201d kaleme ald\u0131klar\u0131n\u0131 belirttikleri ve \u201cbir edebiyat deneyi\u201d olarak g\u00f6rd\u00fckleri \u00d6l\u00fc Da\u011fc\u0131 Oteli\u2019nin film uyarlamas\u0131n\u0131n senaryosuna da yine kendileri imza atm\u0131\u015ft\u0131r. <\/p>\n","protected":false},"excerpt":{"rendered":"<p>\u201cAgatha Christie tarz\u0131 \u00fcst s\u0131n\u0131f polisiyelerinin parodisi niteli\u011finde bir bilimkurgu klasi\u011fi.\u201d \u2013Vanity Fair Karla kapl\u0131 bir da\u011fda, d\u00fcnyan\u0131n geri kalan\u0131ndan soyutlanm\u0131\u015f bir ortamda yer alan bir<span class=\"excerpt-hellip\"> [\u2026]<\/span><\/p>\n","protected":false},"featured_media":0,"template":"","meta":{"_monsterinsights_skip_tracking":false,"_monsterinsights_sitenote_active":false,"_monsterinsights_sitenote_note":"","_monsterinsights_sitenote_category":0},"product_brand":[],"product_cat":[12540,12291],"product_tag":[],"class_list":{"0":"post-750527","1":"product","2":"type-product","3":"status-publish","5":"product_cat-bilim-kurgu","6":"product_cat-edebiyat","7":"pa_cilt-ciltsiz","8":"pa_tur-kitap","9":"pa_yayinevi-ithaki-yayinlari","10":"pa_yazar-arkadi-strugatski-boris-strugatski","12":"first","13":"instock","14":"sale","15":"shipping-taxable","16":"purchasable","17":"product-type-simple"},"_links":{"self":[{"href":"https:\/\/roveyayinevi.com.tr\/index.php\/wp-json\/wp\/v2\/product\/750527","targetHints":{"allow":["GET"]}}],"collection":[{"href":"https:\/\/roveyayinevi.com.tr\/index.php\/wp-json\/wp\/v2\/product"}],"about":[{"href":"https:\/\/roveyayinevi.com.tr\/index.php\/wp-json\/wp\/v2\/types\/product"}],"wp:attachment":[{"href":"https:\/\/roveyayinevi.com.tr\/index.php\/wp-json\/wp\/v2\/media?parent=750527"}],"wp:term":[{"taxonomy":"product_brand","embeddable":true,"href":"https:\/\/roveyayinevi.com.tr\/index.php\/wp-json\/wp\/v2\/product_brand?post=750527"},{"taxonomy":"product_cat","embeddable":true,"href":"https:\/\/roveyayinevi.com.tr\/index.php\/wp-json\/wp\/v2\/product_cat?post=750527"},{"taxonomy":"product_tag","embeddable":true,"href":"https:\/\/roveyayinevi.com.tr\/index.php\/wp-json\/wp\/v2\/product_tag?post=750527"}],"curies":[{"name":"wp","href":"https:\/\/api.w.org\/{rel}","templated":true}]}}