{"id":750517,"date":"2025-08-28T04:22:41","date_gmt":"2025-08-28T01:22:41","guid":{"rendered":"https:\/\/roveyayinevi.com.tr\/index.php\/urun\/ataturk-ben-de-bir-insanim\/"},"modified":"2026-04-16T03:03:54","modified_gmt":"2026-04-16T00:03:54","slug":"ataturk-ben-de-bir-insanim","status":"publish","type":"product","link":"https:\/\/roveyayinevi.com.tr\/index.php\/urun\/ataturk-ben-de-bir-insanim\/","title":{"rendered":"Atat\u00fcrk: Ben de Bir \u0130nsan\u0131m"},"content":{"rendered":"<p>\u201c\u2026 Beni en \u00e7ok \u00fczen \u015fey nedir bilir misin? Halk\u0131m\u0131z\u0131n zihninde k\u00f6kle\u015ftirilmi\u015f olan her \u015feyi ba\u015fta bulunandan bekleme al\u0131\u015fkanl\u0131\u011f\u0131\u2026 \u0130\u015fte bu zihniyetle; herkes b\u00fcy\u00fck bir tevekk\u00fcl ve rehavet i\u00e7inde; b\u00fct\u00fcn iyilikleri bir \u015fah\u0131stan, yani \u015fimdi benden bekliyor; fakat nihayet ben de bir insan\u0131m birader, kutsi bir kuvvetim yoktur ki\u2026M\u00fcnasebet d\u00fc\u015ft\u00fck\u00e7e daime tekrar ediyorum; b\u00fct\u00fcn dertlerin, b\u00fct\u00fcn ihtiya\u00e7lar\u0131n giderilmesi, her \u015feyden evvel, pek ba\u015fka \u015fartlar alt\u0131nda yeti\u015fmi\u015f; bilgili, geni\u015f d\u00fc\u015f\u00fcnceli, azim feragat ve ihtisas sahibi adam meselesidir, sonra da zaman ve imk\u00e2n meselesi\u2026\u201d                                                         (Atat\u00fcrk, 6 Mart 1930, Antalya)   Prof. Dr. \u00c7etin Yetkin, Atat\u00fcrk: Ben de Bir \u0130nsan\u0131m adl\u0131 \u00e7al\u0131\u015fmas\u0131nda, ya\u015fanm\u0131\u015f olaylardan \u00e7\u0131karak, zaaflar\u0131, meraklar\u0131, tutkular\u0131, \u00f6fkeleri, dostlar\u0131 ve d\u00fc\u015fmanlar\u0131 kar\u015f\u0131s\u0131ndaki tutumu, insan sevgisi, hayvan sevgisi, nezaketi ve merhametiyle Atat\u00fcrk\u2019\u00fc anlat\u0131yor. <\/p>\n","protected":false},"excerpt":{"rendered":"<p>\u201c\u2026 Beni en \u00e7ok \u00fczen \u015fey nedir bilir misin? Halk\u0131m\u0131z\u0131n zihninde k\u00f6kle\u015ftirilmi\u015f olan her \u015feyi ba\u015fta bulunandan bekleme al\u0131\u015fkanl\u0131\u011f\u0131\u2026 \u0130\u015fte bu zihniyetle; herkes b\u00fcy\u00fck bir tevekk\u00fcl<span class=\"excerpt-hellip\"> [\u2026]<\/span><\/p>\n","protected":false},"featured_media":0,"template":"","meta":{"_monsterinsights_skip_tracking":false,"_monsterinsights_sitenote_active":false,"_monsterinsights_sitenote_note":"","_monsterinsights_sitenote_category":0},"product_brand":[],"product_cat":[12530,12304],"product_tag":[],"class_list":{"0":"post-750517","1":"product","2":"type-product","3":"status-publish","5":"product_cat-mustafa-kemal-ataturk","6":"product_cat-tarih","7":"pa_cilt-ciltsiz","8":"pa_tur-kitap","9":"pa_yayinevi-cumhuriyet-kitaplari","10":"pa_yazar-cetin-yetkin","12":"first","13":"instock","14":"sale","15":"shipping-taxable","16":"purchasable","17":"product-type-simple"},"_links":{"self":[{"href":"https:\/\/roveyayinevi.com.tr\/index.php\/wp-json\/wp\/v2\/product\/750517","targetHints":{"allow":["GET"]}}],"collection":[{"href":"https:\/\/roveyayinevi.com.tr\/index.php\/wp-json\/wp\/v2\/product"}],"about":[{"href":"https:\/\/roveyayinevi.com.tr\/index.php\/wp-json\/wp\/v2\/types\/product"}],"wp:attachment":[{"href":"https:\/\/roveyayinevi.com.tr\/index.php\/wp-json\/wp\/v2\/media?parent=750517"}],"wp:term":[{"taxonomy":"product_brand","embeddable":true,"href":"https:\/\/roveyayinevi.com.tr\/index.php\/wp-json\/wp\/v2\/product_brand?post=750517"},{"taxonomy":"product_cat","embeddable":true,"href":"https:\/\/roveyayinevi.com.tr\/index.php\/wp-json\/wp\/v2\/product_cat?post=750517"},{"taxonomy":"product_tag","embeddable":true,"href":"https:\/\/roveyayinevi.com.tr\/index.php\/wp-json\/wp\/v2\/product_tag?post=750517"}],"curies":[{"name":"wp","href":"https:\/\/api.w.org\/{rel}","templated":true}]}}

Atatürk: Ben de Bir İnsanım

<p>“… Beni en çok üzen şey nedir bilir misin? Halkımızın zihninde kökleştirilmiş olan her şeyi başta bulunandan bekleme alışkanlığı… İşte bu zihniyetle; herkes büyük bir tevekkül ve rehavet içinde; bütün iyilikleri bir şahıstan, yani şimdi benden bekliyor; fakat nihayet ben de bir insanım birader, kutsi bir kuvvetim yoktur ki…Münasebet düştükçe daime tekrar ediyorum; bütün dertlerin, bütün ihtiyaçların giderilmesi, her şeyden evvel, pek başka şartlar altında yetişmiş; bilgili, geniş düşünceli, azim feragat ve ihtisas sahibi adam meselesidir, sonra da zaman ve imkân meselesi…”                                                         (Atatürk, 6 Mart 1930, Antalya)   Prof. Dr. Çetin Yetkin, Atatürk: Ben de Bir İnsanım adlı çalışmasında, yaşanmış olaylardan çıkarak, zaafları, merakları, tutkuları, öfkeleri, dostları ve düşmanları karşısındaki tutumu, insan sevgisi, hayvan sevgisi, nezaketi ve merhametiyle Atatürk’ü anlatıyor. </p>

<p>“… Beni en çok üzen şey nedir bilir misin? Halkımızın zihninde kökleştirilmiş olan her şeyi başta bulunandan bekleme alışkanlığı… İşte bu zihniyetle; herkes büyük bir tevekkül<span class="excerpt-hellip"> […]</span></p>
