{"id":750515,"date":"2025-08-28T04:22:38","date_gmt":"2025-08-28T01:22:38","guid":{"rendered":"https:\/\/roveyayinevi.com.tr\/index.php\/urun\/kopegin-dunyasi\/"},"modified":"2026-04-16T03:03:54","modified_gmt":"2026-04-16T00:03:54","slug":"kopegin-dunyasi","status":"publish","type":"product","link":"https:\/\/roveyayinevi.com.tr\/index.php\/urun\/kopegin-dunyasi\/","title":{"rendered":"K\u00f6pe\u011fin D\u00fcnyas\u0131"},"content":{"rendered":"<p>\u0130nsanlar ortadan kaybolursa k\u00f6peklere ne olur? K\u00f6pekler biz olmadan kendi ba\u015flar\u0131na hayatta kalabilirler mi?   K\u00f6pe\u011fin D\u00fcnyas\u0131, k\u00f6pekler i\u00e7in insan sonras\u0131 bir gelecek hayal ediyor. Onlar\u0131n nas\u0131l hayatta kalaca\u011f\u0131n\u0131 hatta muhtemelen nas\u0131l geli\u015febileceklerini ortaya koyuyor. Bu yeni ve devrim niteli\u011findeki bak\u0131\u015f a\u00e7\u0131s\u0131n\u0131n \u015fu anda onlarla kurdu\u011fumuz ileti\u015fime nas\u0131l rehberlik edebilece\u011fini de a\u00e7\u0131kl\u0131yor. K\u00f6pekler ve vah\u015fi akrabalar\u0131n\u0131n ya\u015famlar\u0131 ve davran\u0131\u015flar\u0131yla ilgili biyoloji, ekoloji ve en son bulgulardan yararlanan, g\u00fcn\u00fcm\u00fcz\u00fcn k\u00f6pekler hakk\u0131nda en yenilik\u00e7i d\u00fc\u015f\u00fcn\u00fcrlerinden ikisi olan Jessica Pierce ve Marc Bekoff \u00fcremeye do\u011frudan insan m\u00fcdahalesi olmadan k\u00f6peklerin nas\u0131l olabilece\u011fini ara\u015ft\u0131r\u0131yor. Pierce ve Bekoff, k\u00f6peklerin nas\u0131l \u00e7abuk \u00f6\u011frenen, son derece uyumlu ve f\u0131rsat\u00e7\u0131 olduklar\u0131n\u0131 g\u00f6steriyorlar ve onlar\u0131n zaten kendi ba\u015flar\u0131na hayatta kald\u0131klar\u0131na ve bunu bizsiz bir d\u00fcnyada da ba\u015farabileceklerine dair ikna edici kan\u0131tlar sunuyorlar.   K\u00f6peklerin biz olmadan \u00e7aresiz kalaca\u011f\u0131 fikrine meydan okuyan K\u00f6pe\u011fin D\u00fcnyas\u0131, bu ba\u011f\u0131ms\u0131z ve son derece zeki hayvanlar\u0131 kendi terimleriyle anlamam\u0131z\u0131 sa\u011fl\u0131yor.   \u201c\u0130nsans\u0131z bir d\u00fcnyada k\u00f6pek olman\u0131n ne hale gelebilece\u011fine dair b\u00fcy\u00fcleyici bir hayal g\u00fcc\u00fc u\u00e7u\u015fu yapmakla kalmayan bu kitap, kendi k\u00f6pe\u011finizi yeni ve daha nesnel bir a\u00e7\u0131dan g\u00f6rmenizi sa\u011flayacak.  John Bradshaw- New York Times\u2019\u0131n \u00e7ok satanlar listesine giren Dog Sense kitab\u0131n\u0131n yazar\u0131   Bu kitap evrimsel bir d\u00fc\u015f\u00fcnce deneyi\u2026 Test edilemez, bilgilendirici ve \u00e7ok e\u011flenceli. &#8230; Pierce ve Bekoff temel evrimsel ve ekolojik ilkelerden yola \u00e7\u0131karak g\u00fc\u00e7l\u00fc bir geli\u015fme geli\u015ftirirken, K\u00f6pe\u011fin D\u00fcnyas\u0131\u2019n\u0131n d\u00f6rt aya\u011f\u0131 da g\u00fcvenli bilimsel zeminde duruyor gibi g\u00f6r\u00fcn\u00fcyor. Bug\u00fcn bildi\u011fimiz k\u00f6peklere dair tahminler ve i\u00e7g\u00f6r\u00fcler.\u201d &#8212; David P. Barash, Wall Street Journal   \u201cK\u00f6pekler ger\u00e7ekten bize bu kadar ba\u011f\u0131ml\u0131 m\u0131, yoksa biz olmadan \u00e7ok iyi anla\u015fabilirler mi? Pierce ve Bekoff sizi insan sonras\u0131 k\u00f6peklerin varsay\u0131msal d\u00fcnyas\u0131na beklenmedik bir yolculu\u011fa \u00e7\u0131kar\u0131yor ve k\u00f6pek dostlar\u0131m\u0131za tamamen yeni bir bak\u0131\u015f a\u00e7\u0131s\u0131 sunuyor. Bu ilgi \u00e7ekici ve tutkulu kitap, sizi k\u00f6peklerle ilgili konseptinizi ve onlarla ili\u015fkiniz hakk\u0131ndaki fikirlerinizi g\u00f6zden ge\u00e7irmeye te\u015fvik edecek.\u201d -Simona Cafazzo, etolog<\/p>\n","protected":false},"excerpt":{"rendered":"<p>\u0130nsanlar ortadan kaybolursa k\u00f6peklere ne olur? K\u00f6pekler biz olmadan kendi ba\u015flar\u0131na hayatta kalabilirler mi? K\u00f6pe\u011fin D\u00fcnyas\u0131, k\u00f6pekler i\u00e7in insan sonras\u0131 bir gelecek hayal ediyor. Onlar\u0131n nas\u0131l<span class=\"excerpt-hellip\"> [\u2026]<\/span><\/p>\n","protected":false},"featured_media":0,"template":"","meta":{"_monsterinsights_skip_tracking":false,"_monsterinsights_sitenote_active":false,"_monsterinsights_sitenote_note":"","_monsterinsights_sitenote_category":0},"product_brand":[],"product_cat":[12291,12711],"product_tag":[],"class_list":{"0":"post-750515","1":"product","2":"type-product","3":"status-publish","5":"product_cat-edebiyat","6":"product_cat-roman-oyku","7":"pa_cilt-ciltsiz","8":"pa_tur-kitap","9":"pa_yayinevi-totem-yayinlari","10":"pa_yazar-jessica-pierce-marc-bekoff","12":"first","13":"instock","14":"sale","15":"shipping-taxable","16":"purchasable","17":"product-type-simple"},"_links":{"self":[{"href":"https:\/\/roveyayinevi.com.tr\/index.php\/wp-json\/wp\/v2\/product\/750515","targetHints":{"allow":["GET"]}}],"collection":[{"href":"https:\/\/roveyayinevi.com.tr\/index.php\/wp-json\/wp\/v2\/product"}],"about":[{"href":"https:\/\/roveyayinevi.com.tr\/index.php\/wp-json\/wp\/v2\/types\/product"}],"wp:attachment":[{"href":"https:\/\/roveyayinevi.com.tr\/index.php\/wp-json\/wp\/v2\/media?parent=750515"}],"wp:term":[{"taxonomy":"product_brand","embeddable":true,"href":"https:\/\/roveyayinevi.com.tr\/index.php\/wp-json\/wp\/v2\/product_brand?post=750515"},{"taxonomy":"product_cat","embeddable":true,"href":"https:\/\/roveyayinevi.com.tr\/index.php\/wp-json\/wp\/v2\/product_cat?post=750515"},{"taxonomy":"product_tag","embeddable":true,"href":"https:\/\/roveyayinevi.com.tr\/index.php\/wp-json\/wp\/v2\/product_tag?post=750515"}],"curies":[{"name":"wp","href":"https:\/\/api.w.org\/{rel}","templated":true}]}}