{"id":750502,"date":"2025-08-28T04:22:16","date_gmt":"2025-08-28T01:22:16","guid":{"rendered":"https:\/\/roveyayinevi.com.tr\/index.php\/urun\/dikenler-sehri\/"},"modified":"2026-04-16T03:03:42","modified_gmt":"2026-04-16T00:03:42","slug":"dikenler-sehri","status":"publish","type":"product","link":"https:\/\/roveyayinevi.com.tr\/index.php\/urun\/dikenler-sehri\/","title":{"rendered":"Dikenler \u015eehri"},"content":{"rendered":"<p>Bir zindanda kendi kendime do\u011fum gu\u0308nu\u0308 \u015fark\u0131s\u0131 s\u00f6yleyece\u011fim hi\u00e7 akl\u0131ma gelmezdi. Ama ak\u0131l almaz derecede seksi bir iblis i\u00e7ki i\u00e7meye gitti\u011fim bar\u0131 bas\u0131nca tam da \u00f6yle oldu. O iblis, Kaos Lordu olarak tan\u0131n\u0131yordu ve beni, bana ikizim kadar benzeyen biriyle kar\u0131\u015ft\u0131r\u0131yordu. \u0130yi ki do\u011fdum. Sonunda kan\u0131m\u0131 tatt\u0131\u011f\u0131nda benim du\u0308\u015fu\u0308ndu\u0308\u011fu\u0308 ki\u015fi olmad\u0131\u011f\u0131m\u0131 anlad\u0131. Ben de ortak bir yan\u0131m\u0131z oldu\u011funu fark ettim; ikimiz de intikam arzusuyla yan\u0131yorduk. B\u00f6ylece bir anla\u015fma yapt\u0131k: Annemin katilinin izini su\u0308rmek i\u00e7in yasak \u015fehirde kalabilecek, kar\u015f\u0131l\u0131\u011f\u0131nda da onun arzulad\u0131\u011f\u0131 intikam\u0131 almas\u0131na yard\u0131m edecektim. Sadece koca bir \u015fehir dolusu iblise rol yapmam gerekecekti. Ama bir sorun vard\u0131: O, benim ba\u015f \u015fu\u0308phelimdi. Bunu hat\u0131rlamak onunla i\u015f birli\u011fi yaparken gittik\u00e7e zorla\u015f\u0131yordu. Kaos Lordu\u2019nun her s\u0131cak dokunu\u015fuyla tehlike girdab\u0131na biraz daha \u00e7ekiliyordum. Onun bu\u0308yu\u0308su\u0308ne tamamen kap\u0131l\u0131rsam beni bekleyen tek \u015fey \u00f6lu\u0308m olacakt\u0131. <\/p>\n","protected":false},"excerpt":{"rendered":"<p>Bir zindanda kendi kendime do\u011fum gu\u0308nu\u0308 \u015fark\u0131s\u0131 s\u00f6yleyece\u011fim hi\u00e7 akl\u0131ma gelmezdi. Ama ak\u0131l almaz derecede seksi bir iblis i\u00e7ki i\u00e7meye gitti\u011fim bar\u0131 bas\u0131nca tam da \u00f6yle<span class=\"excerpt-hellip\"> [\u2026]<\/span><\/p>\n","protected":false},"featured_media":0,"template":"","meta":{"_monsterinsights_skip_tracking":false,"_monsterinsights_sitenote_active":false,"_monsterinsights_sitenote_note":"","_monsterinsights_sitenote_category":0},"product_brand":[],"product_cat":[12291,14777],"product_tag":[],"class_list":{"0":"post-750502","1":"product","2":"type-product","3":"status-publish","5":"product_cat-edebiyat","6":"product_cat-fantastik","7":"pa_cilt-ciltsiz","8":"pa_tur-kitap","9":"pa_yayinevi-olimpos-yayinlari","10":"pa_yazar-c-n-crawford","12":"first","13":"instock","14":"sale","15":"shipping-taxable","16":"purchasable","17":"product-type-simple"},"_links":{"self":[{"href":"https:\/\/roveyayinevi.com.tr\/index.php\/wp-json\/wp\/v2\/product\/750502","targetHints":{"allow":["GET"]}}],"collection":[{"href":"https:\/\/roveyayinevi.com.tr\/index.php\/wp-json\/wp\/v2\/product"}],"about":[{"href":"https:\/\/roveyayinevi.com.tr\/index.php\/wp-json\/wp\/v2\/types\/product"}],"wp:attachment":[{"href":"https:\/\/roveyayinevi.com.tr\/index.php\/wp-json\/wp\/v2\/media?parent=750502"}],"wp:term":[{"taxonomy":"product_brand","embeddable":true,"href":"https:\/\/roveyayinevi.com.tr\/index.php\/wp-json\/wp\/v2\/product_brand?post=750502"},{"taxonomy":"product_cat","embeddable":true,"href":"https:\/\/roveyayinevi.com.tr\/index.php\/wp-json\/wp\/v2\/product_cat?post=750502"},{"taxonomy":"product_tag","embeddable":true,"href":"https:\/\/roveyayinevi.com.tr\/index.php\/wp-json\/wp\/v2\/product_tag?post=750502"}],"curies":[{"name":"wp","href":"https:\/\/api.w.org\/{rel}","templated":true}]}}