{"id":750496,"date":"2025-08-28T04:22:06","date_gmt":"2025-08-28T01:22:06","guid":{"rendered":"https:\/\/roveyayinevi.com.tr\/index.php\/urun\/benden-bu-kadar\/"},"modified":"2026-04-16T03:03:42","modified_gmt":"2026-04-16T00:03:42","slug":"benden-bu-kadar","status":"publish","type":"product","link":"https:\/\/roveyayinevi.com.tr\/index.php\/urun\/benden-bu-kadar\/","title":{"rendered":"Benden Bu Kadar"},"content":{"rendered":"<p>Bir g\u00fcn Sosyal Demokrat Halk\u00e7\u0131 Parti milletvekili adaylar\u0131 konvoy h\u00e2linde k\u00f6ye girdiler. Kahve kahve gezmeye ba\u015flad\u0131lar. Her kar\u015f\u0131la\u015ft\u0131klar\u0131 ki\u015fi ile tokala\u015f\u0131yorlard\u0131. Gen\u00e7, \u015f\u0131k giyimli, halk deyimi ile eli y\u00fcz\u00fc d\u00fczg\u00fcn, insana g\u00fcven duygusu veren milletvekili aday\u0131 benimle tokala\u015f\u0131rken \u201cBen G\u00fcne\u015f G\u00fcrseler,\u201d dedi\u2026 G\u00fcne\u015f abiyi ilk defa orada g\u00f6rd\u00fcm. G\u00fcne\u015f abi o se\u00e7imde SHP\u2019nin 99 milletvekilinden biri olarak meclise girdi. Daha sonra G\u00fcne\u015f G\u00fcrseler\u2019i bas\u0131ndan izlemeye ba\u015flad\u0131m. O d\u00f6nemde d\u00fcnyada \u00e7evre hareketi yeni yeni filizleniyordu. Belki de biz yeni yeni duymaya ba\u015flam\u0131\u015ft\u0131k. G\u00fcne\u015f G\u00fcrseler \u00e7evre ile ilgili \u00e7al\u0131\u015fmalar\u0131yla k\u0131sa zamanda partili partisiz herkesin ilgisini \u00e7ekti, takdirini kazand\u0131. Parti i\u00e7inde de etkin bir noktaya geldi. Hatta bas\u0131n ona \u201cErdal \u0130n\u00f6n\u00fc\u2019n\u00fcn Prensi\u201d unvan\u0131n\u0131 verdi.<\/p>\n","protected":false},"excerpt":{"rendered":"<p>Bir g\u00fcn Sosyal Demokrat Halk\u00e7\u0131 Parti milletvekili adaylar\u0131 konvoy h\u00e2linde k\u00f6ye girdiler. Kahve kahve gezmeye ba\u015flad\u0131lar. Her kar\u015f\u0131la\u015ft\u0131klar\u0131 ki\u015fi ile tokala\u015f\u0131yorlard\u0131. Gen\u00e7, \u015f\u0131k giyimli, halk deyimi<span class=\"excerpt-hellip\"> [\u2026]<\/span><\/p>\n","protected":false},"featured_media":0,"template":"","meta":{"_monsterinsights_skip_tracking":false,"_monsterinsights_sitenote_active":false,"_monsterinsights_sitenote_note":"","_monsterinsights_sitenote_category":0},"product_brand":[],"product_cat":[12291,30969],"product_tag":[],"class_list":{"0":"post-750496","1":"product","2":"type-product","3":"status-publish","5":"product_cat-edebiyat","6":"product_cat-soylesi-edebiyat","7":"pa_cilt-ciltsiz","8":"pa_tur-kitap","9":"pa_yayinevi-luna-yayinlari","10":"pa_yazar-gunes-gurseler-ali-ihsan-tertemiz","12":"first","13":"instock","14":"sale","15":"shipping-taxable","16":"purchasable","17":"product-type-simple"},"_links":{"self":[{"href":"https:\/\/roveyayinevi.com.tr\/index.php\/wp-json\/wp\/v2\/product\/750496","targetHints":{"allow":["GET"]}}],"collection":[{"href":"https:\/\/roveyayinevi.com.tr\/index.php\/wp-json\/wp\/v2\/product"}],"about":[{"href":"https:\/\/roveyayinevi.com.tr\/index.php\/wp-json\/wp\/v2\/types\/product"}],"wp:attachment":[{"href":"https:\/\/roveyayinevi.com.tr\/index.php\/wp-json\/wp\/v2\/media?parent=750496"}],"wp:term":[{"taxonomy":"product_brand","embeddable":true,"href":"https:\/\/roveyayinevi.com.tr\/index.php\/wp-json\/wp\/v2\/product_brand?post=750496"},{"taxonomy":"product_cat","embeddable":true,"href":"https:\/\/roveyayinevi.com.tr\/index.php\/wp-json\/wp\/v2\/product_cat?post=750496"},{"taxonomy":"product_tag","embeddable":true,"href":"https:\/\/roveyayinevi.com.tr\/index.php\/wp-json\/wp\/v2\/product_tag?post=750496"}],"curies":[{"name":"wp","href":"https:\/\/api.w.org\/{rel}","templated":true}]}}