{"id":750492,"date":"2025-08-28T04:21:59","date_gmt":"2025-08-28T01:21:59","guid":{"rendered":"https:\/\/roveyayinevi.com.tr\/index.php\/urun\/kosedeki-ekonomi\/"},"modified":"2026-04-16T03:03:42","modified_gmt":"2026-04-16T00:03:42","slug":"kosedeki-ekonomi","status":"publish","type":"product","link":"https:\/\/roveyayinevi.com.tr\/index.php\/urun\/kosedeki-ekonomi\/","title":{"rendered":"K\u00f6\u015fe\u2019deki Ekonomi"},"content":{"rendered":"<p>\u201cFED\u2019in faiz operasyonlar\u0131ndan \u00f6t\u00fcr\u00fc vadesi dolan tahvillerden \u015fimdiye kadar 500 milyar dolar civar\u0131 zarar olu\u015ftu. Bu zarar sadece vadesi dolanlardan; vadesi dolacak olanlarla beraber yek\u00fcn trilyonlarca dolara y\u00fckselecek. En basit \u015fekilde ifade edecek olursak, devasa bir tsunami t\u00fcm ekonomileri yutmak \u00fczere h\u0131zla yakla\u015f\u0131yor.   Emeklilik fonlar\u0131, yat\u0131r\u0131m portf\u00f6yleri, bankalar ve daha niceleri&#8230; Sadece ABD de\u011fil, tahvilleri elinde bulunduran kurum ve kurulu\u015flar\u0131n i\u00e7inde olduklar\u0131 t\u00fcm \u00fclkeler tehlikede. Ak\u0131lalmaz bir finansal katliam geliyor.   ABD\u2019nin tahttan d\u00fc\u015ft\u00fc\u011f\u00fc ve her \u015feyi mahvederek yepyeni bir d\u00fcnya sisteminin kurulmas\u0131na zemin haz\u0131rlad\u0131\u011f\u0131 garip bir tiyatro izleyece\u011fiz. Normal \u015fartlarda asla raz\u0131 olmayaca\u011f\u0131m\u0131z \u015feylere, ya\u015fayaca\u011f\u0131m\u0131z trajik olaylardan \u00f6t\u00fcr\u00fc seve seve raz\u0131 olaca\u011f\u0131z.   \u00c7in\u2019i ba\u015frol oyuncusu yapmaya haz\u0131rlanan, y\u00f6netmen koltu\u011fundaki Londra Sermayesi\u2019nin insanl\u0131k i\u00e7in haz\u0131rlad\u0131\u011f\u0131 zifiri karanl\u0131k bir distopyaya do\u011fru ilerliyoruz.\u201d   \u201c\u00c7ok k\u0131sa ve hayli dinamik bir zaman t\u00fcnelinde, bir k\u00f6\u015fede kalmam\u0131\u015f tespitler&#8230;\u201d Do\u00e7. Dr. Yusuf Din\u00e7 \/ Yeni \u015eafak   \u201cK\u00fcresel piyasalarda ve siyasette ya\u015fanan gerilimlerle beraber T\u00fcrkiye ekonomisinde tart\u0131\u015f\u0131lan ba\u015fl\u0131klar\u0131 irdeleyen I\u015f\u0131k\u2019\u0131n ya\u015fanacak d\u00f6n\u00fc\u015f\u00fcmlerin habercisi niteli\u011findeki yaz\u0131lar\u0131, finans-kapital paradigman\u0131n hakimiyetine kar\u015f\u0131 i\u00e7eriden bir bak\u0131\u015fla okuyucuya rasyonel bir perspektif sunuyor.\u201d Do\u00e7. Dr. Mehmet Yal\u00e7\u0131n Y\u0131lmaz \/ Star   \u201cK\u00fcresel finans sistemini \u00e7ok iyi tahlil eden I\u015f\u0131k, temel sorunlar\u0131n yan\u0131nda ileriye d\u00f6n\u00fck \u00e7\u00f6z\u00fcm \u00f6nerileriyle de ufkumuzu a\u00e7\u0131yor. \u015eiddetle tavsiye ederim.\u201d Ufuk Co\u015fkun \/ Milat<\/p>\n","protected":false},"excerpt":{"rendered":"<p>\u201cFED\u2019in faiz operasyonlar\u0131ndan \u00f6t\u00fcr\u00fc vadesi dolan tahvillerden \u015fimdiye kadar 500 milyar dolar civar\u0131 zarar olu\u015ftu. Bu zarar sadece vadesi dolanlardan; vadesi dolacak olanlarla beraber yek\u00fcn trilyonlarca<span class=\"excerpt-hellip\"> [\u2026]<\/span><\/p>\n","protected":false},"featured_media":0,"template":"","meta":{"_monsterinsights_skip_tracking":false,"_monsterinsights_sitenote_active":false,"_monsterinsights_sitenote_note":"","_monsterinsights_sitenote_category":0},"product_brand":[],"product_cat":[13043],"product_tag":[],"class_list":{"0":"post-750492","1":"product","2":"type-product","3":"status-publish","5":"product_cat-ekonomi","6":"pa_cilt-ciltsiz","7":"pa_tur-kitap","8":"pa_yayinevi-luna-yayinlari","9":"pa_yazar-r-levent-isik","11":"first","12":"instock","13":"sale","14":"shipping-taxable","15":"purchasable","16":"product-type-simple"},"_links":{"self":[{"href":"https:\/\/roveyayinevi.com.tr\/index.php\/wp-json\/wp\/v2\/product\/750492","targetHints":{"allow":["GET"]}}],"collection":[{"href":"https:\/\/roveyayinevi.com.tr\/index.php\/wp-json\/wp\/v2\/product"}],"about":[{"href":"https:\/\/roveyayinevi.com.tr\/index.php\/wp-json\/wp\/v2\/types\/product"}],"wp:attachment":[{"href":"https:\/\/roveyayinevi.com.tr\/index.php\/wp-json\/wp\/v2\/media?parent=750492"}],"wp:term":[{"taxonomy":"product_brand","embeddable":true,"href":"https:\/\/roveyayinevi.com.tr\/index.php\/wp-json\/wp\/v2\/product_brand?post=750492"},{"taxonomy":"product_cat","embeddable":true,"href":"https:\/\/roveyayinevi.com.tr\/index.php\/wp-json\/wp\/v2\/product_cat?post=750492"},{"taxonomy":"product_tag","embeddable":true,"href":"https:\/\/roveyayinevi.com.tr\/index.php\/wp-json\/wp\/v2\/product_tag?post=750492"}],"curies":[{"name":"wp","href":"https:\/\/api.w.org\/{rel}","templated":true}]}}