{"id":750480,"date":"2025-08-28T04:21:46","date_gmt":"2025-08-28T01:21:46","guid":{"rendered":"https:\/\/roveyayinevi.com.tr\/index.php\/urun\/illuzyon-kartlari-30-kart\/"},"modified":"2026-04-16T03:03:41","modified_gmt":"2026-04-16T00:03:41","slug":"illuzyon-kartlari-30-kart","status":"publish","type":"product","link":"https:\/\/roveyayinevi.com.tr\/index.php\/urun\/illuzyon-kartlari-30-kart\/","title":{"rendered":"\u0130ll\u00fczyon Kartlar\u0131 (30 Kart)"},"content":{"rendered":"<p>Nesneleri kaybetmek, yer \u00e7ekimi yasalar\u0131n\u0131 yenmek ve say\u0131lar\u0131 kullanarak sihirli numaralar yapmak ister misiniz? Hatta&#8230; d\u00fc\u015f\u00fcnceleri okumaya ne dersiniz?\u00c7ocuklar i\u00e7in \u0130ll\u00fczyon kartlar\u0131 30 b\u00fcy\u00fcleyici ill\u00fczyon numaras\u0131ndan olu\u015fan bir settir. \u00c7ocuklar\u0131n\u0131za bir ka\u00e7 numara g\u00f6sterin ya da onlar\u0131n ailenizi ve arkada\u015flar\u0131n\u0131 b\u00fcy\u00fcleyecek k\u00fc\u00e7\u00fck birer ill\u00fczyonist olmas\u0131na yard\u0131m edin!<\/p>\n","protected":false},"excerpt":{"rendered":"<p>Nesneleri kaybetmek, yer \u00e7ekimi yasalar\u0131n\u0131 yenmek ve say\u0131lar\u0131 kullanarak sihirli numaralar yapmak ister misiniz? Hatta&#8230; d\u00fc\u015f\u00fcnceleri okumaya ne dersiniz?\u00c7ocuklar i\u00e7in \u0130ll\u00fczyon kartlar\u0131 30 b\u00fcy\u00fcleyici ill\u00fczyon numaras\u0131ndan<span class=\"excerpt-hellip\"> [\u2026]<\/span><\/p>\n","protected":false},"featured_media":0,"template":"","meta":{"_monsterinsights_skip_tracking":false,"_monsterinsights_sitenote_active":false,"_monsterinsights_sitenote_note":"","_monsterinsights_sitenote_category":0},"product_brand":[],"product_cat":[28265,15563],"product_tag":[],"class_list":{"0":"post-750480","1":"product","2":"type-product","3":"status-publish","5":"product_cat-diger-hobi","6":"product_cat-hobi","7":"pa_cilt-ciltsiz","8":"pa_tur-kitap10","9":"pa_yayinevi-yagmur-cocuk-yayinlari","10":"pa_yazar-kolektif","12":"first","13":"instock","14":"sale","15":"shipping-taxable","16":"purchasable","17":"product-type-simple"},"_links":{"self":[{"href":"https:\/\/roveyayinevi.com.tr\/index.php\/wp-json\/wp\/v2\/product\/750480","targetHints":{"allow":["GET"]}}],"collection":[{"href":"https:\/\/roveyayinevi.com.tr\/index.php\/wp-json\/wp\/v2\/product"}],"about":[{"href":"https:\/\/roveyayinevi.com.tr\/index.php\/wp-json\/wp\/v2\/types\/product"}],"wp:attachment":[{"href":"https:\/\/roveyayinevi.com.tr\/index.php\/wp-json\/wp\/v2\/media?parent=750480"}],"wp:term":[{"taxonomy":"product_brand","embeddable":true,"href":"https:\/\/roveyayinevi.com.tr\/index.php\/wp-json\/wp\/v2\/product_brand?post=750480"},{"taxonomy":"product_cat","embeddable":true,"href":"https:\/\/roveyayinevi.com.tr\/index.php\/wp-json\/wp\/v2\/product_cat?post=750480"},{"taxonomy":"product_tag","embeddable":true,"href":"https:\/\/roveyayinevi.com.tr\/index.php\/wp-json\/wp\/v2\/product_tag?post=750480"}],"curies":[{"name":"wp","href":"https:\/\/api.w.org\/{rel}","templated":true}]}}