{"id":750479,"date":"2025-08-28T04:21:45","date_gmt":"2025-08-28T01:21:45","guid":{"rendered":"https:\/\/roveyayinevi.com.tr\/index.php\/urun\/dikkat-ve-mantik-bulmacalari-3\/"},"modified":"2026-04-16T03:03:41","modified_gmt":"2026-04-16T00:03:41","slug":"dikkat-ve-mantik-bulmacalari-3","status":"publish","type":"product","link":"https:\/\/roveyayinevi.com.tr\/index.php\/urun\/dikkat-ve-mantik-bulmacalari-3\/","title":{"rendered":"Dikkat ve Mant\u0131k Bulmacalar\u0131 &#8211; 3"},"content":{"rendered":"<p>\u00c7ocuklar\u0131n potansiyellerini ortaya \u00e7\u0131karan etkinlikler, uzmanlar\u0131 taraf\u0131ndan hitap etti\u011fi ya\u015f grubu taraf\u0131ndan test edilmi\u015ftir. Bu set, g\u00fcn\u00fcm\u00fcz \u00e7ocuklar\u0131n\u0131n motor ve bili\u015fsel becerilerinin geli\u015fimi i\u00e7in uzmanlar taraf\u0131ndan haz\u0131rlanm\u0131\u015ft\u0131r. G\u00f6rsellik \u00f6n planda tutularak \u00e7ocuklar i\u00e7in ak\u0131l y\u00fcr\u00fctme, mant\u0131k, dikkat, alg\u0131lama ve i\u015flem becerisi geli\u015ftirme etkinlikleri onlar\u0131n e\u011flenerek \u00f6\u011frenece\u011fi bi\u00e7imde planlanm\u0131\u015ft\u0131r. Psikolog Selin B\u0130LG\u0130N<\/p>\n","protected":false},"excerpt":{"rendered":"<p>\u00c7ocuklar\u0131n potansiyellerini ortaya \u00e7\u0131karan etkinlikler, uzmanlar\u0131 taraf\u0131ndan hitap etti\u011fi ya\u015f grubu taraf\u0131ndan test edilmi\u015ftir. Bu set, g\u00fcn\u00fcm\u00fcz \u00e7ocuklar\u0131n\u0131n motor ve bili\u015fsel becerilerinin geli\u015fimi i\u00e7in uzmanlar taraf\u0131ndan<span class=\"excerpt-hellip\"> [\u2026]<\/span><\/p>\n","protected":false},"featured_media":0,"template":"","meta":{"_monsterinsights_skip_tracking":false,"_monsterinsights_sitenote_active":false,"_monsterinsights_sitenote_note":"","_monsterinsights_sitenote_category":0},"product_brand":[],"product_cat":[12492,12274],"product_tag":[],"class_list":{"0":"post-750479","1":"product","2":"type-product","3":"status-publish","5":"product_cat-bilmece-bulmaca","6":"product_cat-cocuk-ve-genclik-kitaplari","7":"pa_cilt-ciltsiz","8":"pa_tur-kitap","9":"pa_yayinevi-yagmur-cocuk-yayinlari","10":"pa_yazar-turkan-ada-komurcu","12":"first","13":"instock","14":"sale","15":"shipping-taxable","16":"purchasable","17":"product-type-simple"},"_links":{"self":[{"href":"https:\/\/roveyayinevi.com.tr\/index.php\/wp-json\/wp\/v2\/product\/750479","targetHints":{"allow":["GET"]}}],"collection":[{"href":"https:\/\/roveyayinevi.com.tr\/index.php\/wp-json\/wp\/v2\/product"}],"about":[{"href":"https:\/\/roveyayinevi.com.tr\/index.php\/wp-json\/wp\/v2\/types\/product"}],"wp:attachment":[{"href":"https:\/\/roveyayinevi.com.tr\/index.php\/wp-json\/wp\/v2\/media?parent=750479"}],"wp:term":[{"taxonomy":"product_brand","embeddable":true,"href":"https:\/\/roveyayinevi.com.tr\/index.php\/wp-json\/wp\/v2\/product_brand?post=750479"},{"taxonomy":"product_cat","embeddable":true,"href":"https:\/\/roveyayinevi.com.tr\/index.php\/wp-json\/wp\/v2\/product_cat?post=750479"},{"taxonomy":"product_tag","embeddable":true,"href":"https:\/\/roveyayinevi.com.tr\/index.php\/wp-json\/wp\/v2\/product_tag?post=750479"}],"curies":[{"name":"wp","href":"https:\/\/api.w.org\/{rel}","templated":true}]}}