{"id":750474,"date":"2025-08-28T04:21:36","date_gmt":"2025-08-28T01:21:36","guid":{"rendered":"https:\/\/roveyayinevi.com.tr\/index.php\/urun\/cinsel-bilgi-iyidir\/"},"modified":"2026-04-16T03:03:41","modified_gmt":"2026-04-16T00:03:41","slug":"cinsel-bilgi-iyidir","status":"publish","type":"product","link":"https:\/\/roveyayinevi.com.tr\/index.php\/urun\/cinsel-bilgi-iyidir\/","title":{"rendered":"Cinsel Bilgi \u0130yidir"},"content":{"rendered":"<p>Han\u0131mlar, beyler cinsellik do\u011fru zamanda, do\u011fru yerde, do\u011fru ki\u015fiyle, do\u011fru cinsel bilgiyle ve sa\u011fl\u0131kl\u0131 bedende yap\u0131lan bir eylemdir. Cinselli\u011fi tan\u0131mlamak ya da bir kal\u0131ba oturtmak m\u00fcmk\u00fcn de\u011fildir. Ki\u015fiye \u00f6zel bir eylemdir. Do\u011fru yer kimisi i\u00e7in yatak kimisi i\u00e7in banyodur. De\u011fi\u015fmeyen tek bir unsur do\u011fru cinsel bilgidir. Amuda kalkarak tuvalette 5 ki\u015fiyle cinsellik ya\u015fasan\u0131z da kendi ba\u015f\u0131n\u0131za yata\u011f\u0131n\u0131zda mast\u00fcrbasyon yapsan\u0131z da do\u011fru cinsel bilgiye sahip olmal\u0131s\u0131n\u0131z. Cinsellik \u00f6\u011frenilmesi gereken bir eylemdir ve kimse size \u00f6\u011fretmeyecek.<\/p>\n","protected":false},"excerpt":{"rendered":"<p>Han\u0131mlar, beyler cinsellik do\u011fru zamanda, do\u011fru yerde, do\u011fru ki\u015fiyle, do\u011fru cinsel bilgiyle ve sa\u011fl\u0131kl\u0131 bedende yap\u0131lan bir eylemdir. Cinselli\u011fi tan\u0131mlamak ya da bir kal\u0131ba oturtmak m\u00fcmk\u00fcn<span class=\"excerpt-hellip\"> [\u2026]<\/span><\/p>\n","protected":false},"featured_media":0,"template":"","meta":{"_monsterinsights_skip_tracking":false,"_monsterinsights_sitenote_active":false,"_monsterinsights_sitenote_note":"","_monsterinsights_sitenote_category":0},"product_brand":[],"product_cat":[35288,13365],"product_tag":[],"class_list":{"0":"post-750474","1":"product","2":"type-product","3":"status-publish","5":"product_cat-cinsellik-saglik","6":"product_cat-saglik","7":"pa_cilt-ciltsiz","8":"pa_tur-kitap","9":"pa_yayinevi-bambuk-yayinevi","10":"pa_yazar-berk-karatas","12":"first","13":"instock","14":"sale","15":"shipping-taxable","16":"purchasable","17":"product-type-simple"},"_links":{"self":[{"href":"https:\/\/roveyayinevi.com.tr\/index.php\/wp-json\/wp\/v2\/product\/750474","targetHints":{"allow":["GET"]}}],"collection":[{"href":"https:\/\/roveyayinevi.com.tr\/index.php\/wp-json\/wp\/v2\/product"}],"about":[{"href":"https:\/\/roveyayinevi.com.tr\/index.php\/wp-json\/wp\/v2\/types\/product"}],"wp:attachment":[{"href":"https:\/\/roveyayinevi.com.tr\/index.php\/wp-json\/wp\/v2\/media?parent=750474"}],"wp:term":[{"taxonomy":"product_brand","embeddable":true,"href":"https:\/\/roveyayinevi.com.tr\/index.php\/wp-json\/wp\/v2\/product_brand?post=750474"},{"taxonomy":"product_cat","embeddable":true,"href":"https:\/\/roveyayinevi.com.tr\/index.php\/wp-json\/wp\/v2\/product_cat?post=750474"},{"taxonomy":"product_tag","embeddable":true,"href":"https:\/\/roveyayinevi.com.tr\/index.php\/wp-json\/wp\/v2\/product_tag?post=750474"}],"curies":[{"name":"wp","href":"https:\/\/api.w.org\/{rel}","templated":true}]}}