{"id":750466,"date":"2025-08-28T04:21:27","date_gmt":"2025-08-28T01:21:27","guid":{"rendered":"https:\/\/roveyayinevi.com.tr\/index.php\/urun\/kurtulustan-kurulusa-cumhuriyet\/"},"modified":"2026-04-16T03:03:41","modified_gmt":"2026-04-16T00:03:41","slug":"kurtulustan-kurulusa-cumhuriyet","status":"publish","type":"product","link":"https:\/\/roveyayinevi.com.tr\/index.php\/urun\/kurtulustan-kurulusa-cumhuriyet\/","title":{"rendered":"Kurtulu\u015ftan Kurulu\u015fa Cumhuriyet"},"content":{"rendered":"<p>Atat\u00fcrk\u2019\u00fcn Samsun\u2019a \u00e7\u0131k\u0131\u015f\u0131yla ilgili yalanlar ve ger\u00e7ekler Son Padi\u015fah Vahdettin\u2019in Kurtulu\u015f Sava\u015f\u0131 kar\u015f\u0131tl\u0131\u011f\u0131n\u0131n belgeleri Kurtulu\u015f Sava\u015f\u0131\u2019n\u0131n i\u00e7 cephesi Atat\u00fcrk\u2019\u00fcn, Kurtulu\u015f Sava\u015f\u0131 stratejisi T\u00fcrkiye\u2019nin ba\u011f\u0131ms\u0131zl\u0131k ve ayd\u0131nlanma m\u00fccadelesinde T\u0131bbiyeli ruhu 1. ve 2. \u0130n\u00f6n\u00fc Muharebelerinin \u00f6nemi Sakarya Meydan Muharebesi ve B\u00fcy\u00fck Taarruz ile bu muharebelerdeki \u201cAtat\u00fcrk etkisi\u201d Sevr Antla\u015fmas\u0131, Mudanya Ate\u015fkes Antla\u015fmas\u0131, Lozan Bar\u0131\u015f Antla\u015fmas\u0131 ve Montr\u00f6 Bo\u011fazlar S\u00f6zle\u015fmesi hakk\u0131ndaki yalanlar ve ger\u00e7ekler Atat\u00fcrk\u2019\u00fcn vizyonu laik Cumhuriyet ve T\u00fcrkiye\u2019de ak\u0131l \u00e7a\u011f\u0131n\u0131n ba\u015flamas\u0131 Tarikatlar\u0131n kapat\u0131lmas\u0131 Cumhuriyet\u2019in tar\u0131m devrimi kapsam\u0131nda bu\u011fday ve zeytin politikas\u0131 Cumhuriyet\u2019in k\u00fclt\u00fcr devrimi kapsam\u0131nda Dil ve Tarih-Co\u011frafya Fak\u00fcltesi\u2019nin kurulu\u015fu Atat\u00fcrk\u2019\u00fcn ayd\u0131nlanma kurumu Halkevleri Cumhuriyet\u2019in T\u00fcrk dilini kurtarma \u00e7abas\u0131 ve Atat\u00fcrk\u2019\u00fcn \u201cGeometri\u201d kitab\u0131 Cumhuriyet\u2019in sa\u011fl\u0131k devrimi ve Dr. Refik Saydam ger\u00e7e\u011fi Nutuk\u2019un tarihsel de\u011feri Atat\u00fcrk\u2019\u00fcn onurlu d\u0131\u015f politikas\u0131 kapsam\u0131nda T\u00fcrkiye\u2019nin Milletler Cemiyeti\u2019ne giri\u015fi Cumhuriyet\u2019in sanayi devrimi kapsam\u0131nda kurulan u\u00e7ak fabrikalar\u0131 ve Danimarka\u2019ya sat\u0131lan T\u00fcrk u\u00e7a\u011f\u0131n\u0131n ger\u00e7ek \u00f6yk\u00fcs\u00fc Cumhuriyet\u2019in kalesi fabrikalar ve Son Kale Bursa Merinos Fabrikas\u0131\u2019n\u0131n a\u00e7\u0131lmas\u0131 Demografinin \u00f6nemi Atat\u00fcrk\u2019\u00fcn Bar\u0131\u015f Projesi Atat\u00fcrk\u2019\u00fcn Hatay\u2019\u0131 kurtarmak i\u00e7in att\u0131\u011f\u0131 son ad\u0131m\u0131n \u00f6yk\u00fcs\u00fc U\u011fur Mumcu\u2019nun bug\u00fcnleri g\u00f6ren, yar\u0131nlara \u0131\u015f\u0131k tutan a\u00e7\u0131klamalar\u0131\u2026T\u00fcrkiye Cumhuriyeti ikinci y\u00fczy\u0131l\u0131na girerken, kurtulu\u015ftan ve kurulu\u015ftan ders ve ilham almak; kurtulu\u015fun ve kurulu\u015fun ba\u015fmimar\u0131 Mustafa Kemal Atat\u00fcrk\u2019\u00fcn d\u00fc\u015f\u00fcnce yap\u0131s\u0131n\u0131, hareket y\u00f6ntemini iyi bilmek ve Cumhuriyetimizin \u201cak\u0131l\u201d, \u201cbilim\u201d temelli kurulu\u015f felsefesini do\u011fru anlamak ya\u015famsal bir zorunluluktur.<\/p>\n","protected":false},"excerpt":{"rendered":"<p>Atat\u00fcrk\u2019\u00fcn Samsun\u2019a \u00e7\u0131k\u0131\u015f\u0131yla ilgili yalanlar ve ger\u00e7ekler Son Padi\u015fah Vahdettin\u2019in Kurtulu\u015f Sava\u015f\u0131 kar\u015f\u0131tl\u0131\u011f\u0131n\u0131n belgeleri Kurtulu\u015f Sava\u015f\u0131\u2019n\u0131n i\u00e7 cephesi Atat\u00fcrk\u2019\u00fcn, Kurtulu\u015f Sava\u015f\u0131 stratejisi T\u00fcrkiye\u2019nin ba\u011f\u0131ms\u0131zl\u0131k ve ayd\u0131nlanma<span class=\"excerpt-hellip\"> [\u2026]<\/span><\/p>\n","protected":false},"featured_media":0,"template":"","meta":{"_monsterinsights_skip_tracking":false,"_monsterinsights_sitenote_active":false,"_monsterinsights_sitenote_note":"","_monsterinsights_sitenote_category":0},"product_brand":[],"product_cat":[12370,12304],"product_tag":[],"class_list":{"0":"post-750466","1":"product","2":"type-product","3":"status-publish","5":"product_cat-arastirma-inceleme","6":"product_cat-tarih","7":"pa_cilt-ciltsiz","8":"pa_tur-kitap","9":"pa_yayinevi-inkilap-kitabevi","10":"pa_yazar-sinan-meydan","12":"first","13":"instock","14":"sale","15":"shipping-taxable","16":"purchasable","17":"product-type-simple"},"_links":{"self":[{"href":"https:\/\/roveyayinevi.com.tr\/index.php\/wp-json\/wp\/v2\/product\/750466","targetHints":{"allow":["GET"]}}],"collection":[{"href":"https:\/\/roveyayinevi.com.tr\/index.php\/wp-json\/wp\/v2\/product"}],"about":[{"href":"https:\/\/roveyayinevi.com.tr\/index.php\/wp-json\/wp\/v2\/types\/product"}],"wp:attachment":[{"href":"https:\/\/roveyayinevi.com.tr\/index.php\/wp-json\/wp\/v2\/media?parent=750466"}],"wp:term":[{"taxonomy":"product_brand","embeddable":true,"href":"https:\/\/roveyayinevi.com.tr\/index.php\/wp-json\/wp\/v2\/product_brand?post=750466"},{"taxonomy":"product_cat","embeddable":true,"href":"https:\/\/roveyayinevi.com.tr\/index.php\/wp-json\/wp\/v2\/product_cat?post=750466"},{"taxonomy":"product_tag","embeddable":true,"href":"https:\/\/roveyayinevi.com.tr\/index.php\/wp-json\/wp\/v2\/product_tag?post=750466"}],"curies":[{"name":"wp","href":"https:\/\/api.w.org\/{rel}","templated":true}]}}