{"id":750443,"date":"2025-08-28T04:20:55","date_gmt":"2025-08-28T01:20:55","guid":{"rendered":"https:\/\/roveyayinevi.com.tr\/index.php\/urun\/ebul-berakat-en-nesefinin-kiraatlari-degerlendirme-ve-tercih-yontemi\/"},"modified":"2026-04-16T03:03:40","modified_gmt":"2026-04-16T00:03:40","slug":"ebul-berakat-en-nesefinin-kiraatlari-degerlendirme-ve-tercih-yontemi","status":"publish","type":"product","link":"https:\/\/roveyayinevi.com.tr\/index.php\/urun\/ebul-berakat-en-nesefinin-kiraatlari-degerlendirme-ve-tercih-yontemi\/","title":{"rendered":"Ebu\u2019l-Berakat  en-NESEF\u0130\u2019N\u0130N  KIRAATLARI  DE\u011eERLEND\u0130RME  ve TERC\u0130H  Y\u00d6NTEM\u0130"},"content":{"rendered":"<p>Ebu\u2019l-Ber\u00e2kat  en-NESEF\u00ce\u2019N\u0130N  KIR\u00c2ATLARI DE\u011eERLEND\u0130RME  ve TERC\u0130H  Y\u00d6NTEM\u0130 <\/p>\n","protected":false},"excerpt":{"rendered":"<p>Ebu\u2019l-Ber\u00e2kat en-NESEF\u00ce\u2019N\u0130N KIR\u00c2ATLARI DE\u011eERLEND\u0130RME ve TERC\u0130H Y\u00d6NTEM\u0130<\/p>\n","protected":false},"featured_media":0,"template":"","meta":{"_monsterinsights_skip_tracking":false,"_monsterinsights_sitenote_active":false,"_monsterinsights_sitenote_note":"","_monsterinsights_sitenote_category":0},"product_brand":[],"product_cat":[12573,12566],"product_tag":[],"class_list":{"0":"post-750443","1":"product","2":"type-product","3":"status-publish","5":"product_cat-akademik-kitaplar","6":"product_cat-egitim","7":"pa_cilt-ciltsiz","8":"pa_tur-kitap","9":"pa_yayinevi-soncag-akademik-kitaplar","10":"pa_yazar-mustafa-sayin","12":"first","13":"instock","14":"sale","15":"shipping-taxable","16":"purchasable","17":"product-type-simple"},"_links":{"self":[{"href":"https:\/\/roveyayinevi.com.tr\/index.php\/wp-json\/wp\/v2\/product\/750443","targetHints":{"allow":["GET"]}}],"collection":[{"href":"https:\/\/roveyayinevi.com.tr\/index.php\/wp-json\/wp\/v2\/product"}],"about":[{"href":"https:\/\/roveyayinevi.com.tr\/index.php\/wp-json\/wp\/v2\/types\/product"}],"wp:attachment":[{"href":"https:\/\/roveyayinevi.com.tr\/index.php\/wp-json\/wp\/v2\/media?parent=750443"}],"wp:term":[{"taxonomy":"product_brand","embeddable":true,"href":"https:\/\/roveyayinevi.com.tr\/index.php\/wp-json\/wp\/v2\/product_brand?post=750443"},{"taxonomy":"product_cat","embeddable":true,"href":"https:\/\/roveyayinevi.com.tr\/index.php\/wp-json\/wp\/v2\/product_cat?post=750443"},{"taxonomy":"product_tag","embeddable":true,"href":"https:\/\/roveyayinevi.com.tr\/index.php\/wp-json\/wp\/v2\/product_tag?post=750443"}],"curies":[{"name":"wp","href":"https:\/\/api.w.org\/{rel}","templated":true}]}}