{"id":750432,"date":"2025-08-28T04:20:42","date_gmt":"2025-08-28T01:20:42","guid":{"rendered":"https:\/\/roveyayinevi.com.tr\/index.php\/urun\/yeni-dunyanin-baslangici\/"},"modified":"2026-04-16T03:03:40","modified_gmt":"2026-04-16T00:03:40","slug":"yeni-dunyanin-baslangici","status":"publish","type":"product","link":"https:\/\/roveyayinevi.com.tr\/index.php\/urun\/yeni-dunyanin-baslangici\/","title":{"rendered":"Yeni D\u00fcnyan\u0131n Ba\u015flang\u0131c\u0131"},"content":{"rendered":"<p>\u00d6d\u00fcllere doymayan sayg\u0131n tarih\u00e7i Jeremy D. Popkin, bu abidevi eserinde Bat\u0131 tarihinin k\u00f6\u015fe ta\u015flar\u0131ndan biri h\u00e2line gelmi\u015f Frans\u0131z Devrimi\u2019nin cesur, k\u0131\u015fk\u0131rt\u0131c\u0131 ve yeni bir yorumunu okura sunuyor. Alanda elli y\u0131la yakla\u015fan deneyimini ve ilk elden kaynaklar\u0131 kullanarak, iki y\u00fczy\u0131ld\u0131r anlat\u0131lagelen devrim tarihini ve d\u00fcnyan\u0131n \u00e7ehresini de\u011fi\u015ftiren bu olay\u0131n akt\u00f6rlerini yeniden ve farkl\u0131 bir g\u00f6zle d\u00fc\u015f\u00fcnmeye \u00e7a\u011f\u0131r\u0131yor. Monar\u015fiyi tasfiye edip yeni bir toplumun kurulmas\u0131na g\u00f6t\u00fcren olaylar\u0131, hararetli tart\u0131\u015fmalar\u0131, \u015fiddetli \u00e7at\u0131\u015fmalar\u0131, faillerinin g\u00f6z\u00fcnden, kar\u015f\u0131l\u0131kl\u0131 ili\u015fkilerinden ve k\u0131yas\u0131ya rekabetlerinden hareketle g\u00fcn g\u00fcn, ay ay ele alarak, Devrim\u2019in Ter\u00f6r Saltanat\u0131\u2019na ve en sonunda tek adam y\u00f6netimine nas\u0131l yol a\u00e7t\u0131\u011f\u0131n\u0131 s\u00fcr\u00fckleyici bir roman havas\u0131nda anlat\u0131yor. Mirabeau, Robespierre, Danton, Marat gibi devrimin b\u00fcy\u00fck isimlerinin yan\u0131 s\u0131ra, devrimin her ad\u0131m\u0131nda yer almalar\u0131na ra\u011fmen genellikle g\u00f6zard\u0131 edilmi\u015f Olympe de Gouges gibi  kad\u0131nlar\u0131n ve ezilen halklar\u0131n olaylarda en \u00f6n saflarda oynad\u0131klar\u0131 hayati rolleri de g\u00f6zler \u00f6n\u00fcne seriyor. \u00d6zg\u00fcrl\u00fck, e\u015fitlik ve karde\u015flik gibi ideallerle yola \u00e7\u0131kan hareketlerin insanl\u0131\u011f\u0131n karanl\u0131k yan\u0131na nas\u0131l yenik d\u00fc\u015febildi\u011fini g\u00f6stererek bug\u00fcn \u00e7a\u011fda\u015f toplumlar\u0131n bo\u011fu\u015ftu\u011fu milliyet\u00e7ilik, totalitarizm, tek adam y\u00f6netimleri gibi siyasi ve toplumsal sorunlar\u0131n tohumlar\u0131n\u0131n hangi anlarda ve nas\u0131l at\u0131ld\u0131\u011f\u0131n\u0131 a\u00e7\u0131\u011fa \u00e7\u0131kar\u0131yor. <\/p>\n","protected":false},"excerpt":{"rendered":"<p>\u00d6d\u00fcllere doymayan sayg\u0131n tarih\u00e7i Jeremy D. Popkin, bu abidevi eserinde Bat\u0131 tarihinin k\u00f6\u015fe ta\u015flar\u0131ndan biri h\u00e2line gelmi\u015f Frans\u0131z Devrimi\u2019nin cesur, k\u0131\u015fk\u0131rt\u0131c\u0131 ve yeni bir yorumunu okura<span class=\"excerpt-hellip\"> [\u2026]<\/span><\/p>\n","protected":false},"featured_media":0,"template":"","meta":{"_monsterinsights_skip_tracking":false,"_monsterinsights_sitenote_active":false,"_monsterinsights_sitenote_note":"","_monsterinsights_sitenote_category":0},"product_brand":[],"product_cat":[12337,14528],"product_tag":[],"class_list":{"0":"post-750432","1":"product","2":"type-product","3":"status-publish","5":"product_cat-politika-siyaset","6":"product_cat-siyaset-tarihi","7":"pa_cilt-ciltsiz","8":"pa_tur-kitap","9":"pa_yayinevi-fol-kitap","10":"pa_yazar-jeremy-d-popkin","12":"first","13":"instock","14":"sale","15":"shipping-taxable","16":"purchasable","17":"product-type-simple"},"_links":{"self":[{"href":"https:\/\/roveyayinevi.com.tr\/index.php\/wp-json\/wp\/v2\/product\/750432","targetHints":{"allow":["GET"]}}],"collection":[{"href":"https:\/\/roveyayinevi.com.tr\/index.php\/wp-json\/wp\/v2\/product"}],"about":[{"href":"https:\/\/roveyayinevi.com.tr\/index.php\/wp-json\/wp\/v2\/types\/product"}],"wp:attachment":[{"href":"https:\/\/roveyayinevi.com.tr\/index.php\/wp-json\/wp\/v2\/media?parent=750432"}],"wp:term":[{"taxonomy":"product_brand","embeddable":true,"href":"https:\/\/roveyayinevi.com.tr\/index.php\/wp-json\/wp\/v2\/product_brand?post=750432"},{"taxonomy":"product_cat","embeddable":true,"href":"https:\/\/roveyayinevi.com.tr\/index.php\/wp-json\/wp\/v2\/product_cat?post=750432"},{"taxonomy":"product_tag","embeddable":true,"href":"https:\/\/roveyayinevi.com.tr\/index.php\/wp-json\/wp\/v2\/product_tag?post=750432"}],"curies":[{"name":"wp","href":"https:\/\/api.w.org\/{rel}","templated":true}]}}