{"id":750405,"date":"2025-08-28T04:19:51","date_gmt":"2025-08-28T01:19:51","guid":{"rendered":"https:\/\/roveyayinevi.com.tr\/index.php\/urun\/vitrinlerin-zaferi-sanat-edebiyat-ve-dil-yazilari\/"},"modified":"2026-04-16T03:03:40","modified_gmt":"2026-04-16T00:03:40","slug":"vitrinlerin-zaferi-sanat-edebiyat-ve-dil-yazilari","status":"publish","type":"product","link":"https:\/\/roveyayinevi.com.tr\/index.php\/urun\/vitrinlerin-zaferi-sanat-edebiyat-ve-dil-yazilari\/","title":{"rendered":"Vitrinlerin Zaferi &#8211; Sanat, Edebiyat ve Dil Yaz\u0131lar\u0131"},"content":{"rendered":"<p>Tar\u0131k Bu\u011fra\u2019n\u0131n 33 ya\u015f\u0131nda \u00e7i\u00e7e\u011fi burnunda bir gazeteci ve k\u00f6\u015fe yazar\u0131 olarak Milliyetgazetesinde yazd\u0131\u011f\u0131 yaz\u0131lar\u0131n bir k\u0131sm\u0131n\u0131 D\u00fc\u015fman Kazanmak Sanat\u0131 adl\u0131 kitapta bulmak m\u00fcmk\u00fcn.  Tar\u0131k Bu\u011fra okurunun, elinizdeki kitapta, ilk yaz\u0131lar\u0131ndan itibaren ortaya koydu\u011fu ve b\u00fct\u00fcn yaz\u0131 hayat\u0131 boyunca de\u011fi\u015fmeyen sanat, edebiyat ve gazetecilik anlay\u0131\u015f\u0131n\u0131n \u00f6rneklerini bulaca\u011f\u0131 yaz\u0131lar, Bu\u011fra\u2019n\u0131n sanat ve edebiyattaki ilkelerini ve T\u00fcrk\u00e7e hassasiyetini g\u00f6stermesi bak\u0131m\u0131ndan \u00e7ok k\u0131ymetli.  \u00d6zellikle 1952-53 y\u0131llar\u0131 i\u00e7erisinde \u00e7ok fazla tekrara d\u00fc\u015fmeden hemen hemen her g\u00fcn yazmas\u0131; tiyatrodan, sinemaya, kitaplardan, yeni \u00e7\u0131kan edebiyat dergilerine kadar farkl\u0131 konular\u0131 ele almas\u0131, bug\u00fcnden bak\u0131ld\u0131\u011f\u0131nda ufuk a\u00e7\u0131c\u0131 oldu\u011fu kadar kafa ba\u011f\u0131ms\u0131zl\u0131\u011f\u0131na ve \u00f6zg\u00fcr d\u00fc\u015f\u00fcnceye verdi\u011fi \u00f6nemin de g\u00f6stergesi. Vitrinlerin Zaferi\u2019nde \u201cdaha ilk yaz\u0131lar\u0131ndan itibaren, kayb\u0131m ya da kazanc\u0131m ne olur diye d\u00fc\u015f\u00fcnmeden, s\u0131rf yapt\u0131\u011f\u0131 i\u015fin gereklerini ve kurallar\u0131n\u0131 dikkate alarak\u201d yazan Tar\u0131k Bu\u011fra\u2019n\u0131n \u201cd\u00fc\u015fman kazanmay\u0131\u201d nas\u0131l sanata \u00e7evirdi\u011finin ipu\u00e7lar\u0131n\u0131 da bulacaks\u0131n\u0131z. \u201cKimsenin eskileri d\u00fc\u015f\u00fcnd\u00fc\u011f\u00fc yok. Sen i\u015fte o gelene\u011fin devam\u0131s\u0131n: Mademki sanatla birle\u015ftirmi\u015fsin kaderini, sen de \u015fimdiye kadar oldu\u011fu gibi, en \u00e7ok sevilen, say\u0131lan, fakat en az rahat eden olacaks\u0131n. Yeter ki yarat\u0131l\u0131\u015f \u00f6zelli\u011fini h\u0131rslar\u0131na satmam\u0131\u015f, i\u015finin de\u011ferini kavram\u0131\u015folas\u0131n. Silah\u0131n vurmak, devirmek i\u00e7in de\u011fildir. B\u00f6yle zannedersen yaya kal\u0131rs\u0131n. Sen i\u015fini sevgiyle, anlay\u0131\u015fla, yol g\u00f6stermekle ba\u015faracaks\u0131n. B\u00fcy\u00fck vazifeler b\u00fcy\u00fck karakterler ister;yoksa ezicidirler.\u201dTar\u0131k Bu\u011fra<\/p>\n","protected":false},"excerpt":{"rendered":"<p>Tar\u0131k Bu\u011fra\u2019n\u0131n 33 ya\u015f\u0131nda \u00e7i\u00e7e\u011fi burnunda bir gazeteci ve k\u00f6\u015fe yazar\u0131 olarak Milliyetgazetesinde yazd\u0131\u011f\u0131 yaz\u0131lar\u0131n bir k\u0131sm\u0131n\u0131 D\u00fc\u015fman Kazanmak Sanat\u0131 adl\u0131 kitapta bulmak m\u00fcmk\u00fcn. Tar\u0131k Bu\u011fra<span class=\"excerpt-hellip\"> [\u2026]<\/span><\/p>\n","protected":false},"featured_media":0,"template":"","meta":{"_monsterinsights_skip_tracking":false,"_monsterinsights_sitenote_active":false,"_monsterinsights_sitenote_note":"","_monsterinsights_sitenote_category":0},"product_brand":[],"product_cat":[12777,12291],"product_tag":[],"class_list":{"0":"post-750405","1":"product","2":"type-product","3":"status-publish","5":"product_cat-deneme","6":"product_cat-edebiyat","7":"pa_cilt-ciltsiz","8":"pa_tur-kitap","9":"pa_yayinevi-otuken-nesriyat","10":"pa_yazar-tarik-bugra","12":"first","13":"instock","14":"sale","15":"shipping-taxable","16":"purchasable","17":"product-type-simple"},"_links":{"self":[{"href":"https:\/\/roveyayinevi.com.tr\/index.php\/wp-json\/wp\/v2\/product\/750405","targetHints":{"allow":["GET"]}}],"collection":[{"href":"https:\/\/roveyayinevi.com.tr\/index.php\/wp-json\/wp\/v2\/product"}],"about":[{"href":"https:\/\/roveyayinevi.com.tr\/index.php\/wp-json\/wp\/v2\/types\/product"}],"wp:attachment":[{"href":"https:\/\/roveyayinevi.com.tr\/index.php\/wp-json\/wp\/v2\/media?parent=750405"}],"wp:term":[{"taxonomy":"product_brand","embeddable":true,"href":"https:\/\/roveyayinevi.com.tr\/index.php\/wp-json\/wp\/v2\/product_brand?post=750405"},{"taxonomy":"product_cat","embeddable":true,"href":"https:\/\/roveyayinevi.com.tr\/index.php\/wp-json\/wp\/v2\/product_cat?post=750405"},{"taxonomy":"product_tag","embeddable":true,"href":"https:\/\/roveyayinevi.com.tr\/index.php\/wp-json\/wp\/v2\/product_tag?post=750405"}],"curies":[{"name":"wp","href":"https:\/\/api.w.org\/{rel}","templated":true}]}}