{"id":750400,"date":"2025-08-28T04:19:45","date_gmt":"2025-08-28T01:19:45","guid":{"rendered":"https:\/\/roveyayinevi.com.tr\/index.php\/urun\/modern-dunyanin-liderlik-teorileri\/"},"modified":"2026-04-16T03:03:39","modified_gmt":"2026-04-16T00:03:39","slug":"modern-dunyanin-liderlik-teorileri","status":"publish","type":"product","link":"https:\/\/roveyayinevi.com.tr\/index.php\/urun\/modern-dunyanin-liderlik-teorileri\/","title":{"rendered":"Modern D\u00fcnyan\u0131n Liderlik Teorileri"},"content":{"rendered":"<p>\u0130\u00e7indekiler       1.      B\u00d6L\u00dcM: Paternalist Liderlik   2.      B\u00d6L\u00dcM: Hizmetk\u00e2r Liderlik   3.      B\u00d6L\u00dcM: D\u00f6n\u00fc\u015f\u00fcmsel Liderlik   4.      B\u00d6L\u00dcM: Vizyoner Liderlik   5.      B\u00d6L\u00dcM: Kuantum Liderlik   6.      B\u00d6L\u00dcM: Estetik Liderlik   7.      B\u00d6L\u00dcM: Resonant Liderlik   8.      B\u00d6L\u00dcM: \u00d6rt\u00fck Liderlik   9.      B\u00d6L\u00dcM: Entelekt\u00fcel Liderlik   10.  B\u00d6L\u00dcM: Paradoksal Liderlik   11.  B\u00d6L\u00dcM: Zamansal Liderlik   12.  B\u00d6L\u00dcM: Biyomimetik Liderlik   13.  B\u00d6L\u00dcM: Simbiyotik Liderlik   14.  B\u00d6L\u00dcM: Spirit\u00fcel Liderlik   15.  B\u00d6L\u00dcM: \u00d6z Liderlik   16.  B\u00d6L\u00dcM: Demokratik Liderlik   17.  B\u00d6L\u00dcM: K\u00fclt\u00fcrleraras\u0131 Liderlik   18.  B\u00d6L\u00dcM: Otantik Liderlik   19. B\u00d6L\u00dcM: Lider \u00dcye Etkile\u015fimi   20. B\u00d6L\u00dcM: Karizmatik Liderlik <\/p>\n","protected":false},"excerpt":{"rendered":"<p>\u0130\u00e7indekiler 1. B\u00d6L\u00dcM: Paternalist Liderlik 2. B\u00d6L\u00dcM: Hizmetk\u00e2r Liderlik 3. B\u00d6L\u00dcM: D\u00f6n\u00fc\u015f\u00fcmsel Liderlik 4. B\u00d6L\u00dcM: Vizyoner Liderlik 5. B\u00d6L\u00dcM: Kuantum Liderlik 6. B\u00d6L\u00dcM: Estetik Liderlik 7.<span class=\"excerpt-hellip\"> [\u2026]<\/span><\/p>\n","protected":false},"featured_media":0,"template":"","meta":{"_monsterinsights_skip_tracking":false,"_monsterinsights_sitenote_active":false,"_monsterinsights_sitenote_note":"","_monsterinsights_sitenote_category":0},"product_brand":[],"product_cat":[12573,12566],"product_tag":[],"class_list":{"0":"post-750400","1":"product","2":"type-product","3":"status-publish","5":"product_cat-akademik-kitaplar","6":"product_cat-egitim","7":"pa_cilt-ciltsiz","8":"pa_tur-kitap","9":"pa_yayinevi-gazi-kitabevi","10":"pa_yazar-kolektif","12":"first","13":"instock","14":"sale","15":"shipping-taxable","16":"purchasable","17":"product-type-simple"},"_links":{"self":[{"href":"https:\/\/roveyayinevi.com.tr\/index.php\/wp-json\/wp\/v2\/product\/750400","targetHints":{"allow":["GET"]}}],"collection":[{"href":"https:\/\/roveyayinevi.com.tr\/index.php\/wp-json\/wp\/v2\/product"}],"about":[{"href":"https:\/\/roveyayinevi.com.tr\/index.php\/wp-json\/wp\/v2\/types\/product"}],"wp:attachment":[{"href":"https:\/\/roveyayinevi.com.tr\/index.php\/wp-json\/wp\/v2\/media?parent=750400"}],"wp:term":[{"taxonomy":"product_brand","embeddable":true,"href":"https:\/\/roveyayinevi.com.tr\/index.php\/wp-json\/wp\/v2\/product_brand?post=750400"},{"taxonomy":"product_cat","embeddable":true,"href":"https:\/\/roveyayinevi.com.tr\/index.php\/wp-json\/wp\/v2\/product_cat?post=750400"},{"taxonomy":"product_tag","embeddable":true,"href":"https:\/\/roveyayinevi.com.tr\/index.php\/wp-json\/wp\/v2\/product_tag?post=750400"}],"curies":[{"name":"wp","href":"https:\/\/api.w.org\/{rel}","templated":true}]}}