{"id":750395,"date":"2025-08-28T04:19:39","date_gmt":"2025-08-28T01:19:39","guid":{"rendered":"https:\/\/roveyayinevi.com.tr\/index.php\/urun\/8-haftalik-core-antrenmanin-elit-kizak-lugesporcularinda-dengereaksiyonsuratceviklik-ve-anaerobik-guc-uzerine-etkisinin-inc\/"},"modified":"2026-04-16T03:03:39","modified_gmt":"2026-04-16T00:03:39","slug":"8-haftalik-core-antrenmanin-elit-kizak-lugesporcularinda-dengereaksiyonsuratceviklik-ve-anaerobik-guc-uzerine-etkisinin-inc","status":"publish","type":"product","link":"https:\/\/roveyayinevi.com.tr\/index.php\/urun\/8-haftalik-core-antrenmanin-elit-kizak-lugesporcularinda-dengereaksiyonsuratceviklik-ve-anaerobik-guc-uzerine-etkisinin-inc\/","title":{"rendered":"8 Haftal\u0131k Core Antrenman\u0131n Elit K\u0131zak (Luge)Sporcular\u0131nda Denge,Reaksiyon,S\u00fcrat,\u00c7eviklik ve Anaerobik G\u00fc\u00e7 \u00dczerine Etkisinin \u0130nc"},"content":{"rendered":"<p>\u0130\u00e7indekiler     B\u0130R\u0130NC\u0130 B\u00d6L\u00dcM Giri\u015f Ara\u015ft\u0131rman\u0131n Amac\u0131 Ara\u015ft\u0131rman\u0131n \u00d6nemi ve Gerek\u00e7esi Ara\u015ft\u0131rman\u0131n S\u0131n\u0131rl\u0131l\u0131klar\u0131 Varsay\u0131mlar   \u0130K\u0130NC\u0130 B\u00d6L\u00dcM Kuramsal \u00c7er\u00e7eve ve \u0130lgili Ara\u015ft\u0131rmalar K\u0131\u015f Sporlar\u0131 Biathlon Curling Kayak Paten Buz hokeyi K\u0131zak K\u0131zak sporu tan\u0131m\u0131 K\u0131zak sporu \u00e7e\u015fitleri Core Core anatomisi Core stabilizyonu Core kuvveti ve dayan\u0131kl\u0131k Core egzersizleri Sportif Performans Belirlemede Temel Motorik \u00d6zellikler Denge Reaksiyon S\u00fcrat \u00c7eviklik Anaerobik g\u00fc\u00e7   \u00dc\u00c7\u00dcNC\u00dc B\u00d6L\u00dcM Y\u00f6ntem Ara\u015ft\u0131rma Modeli ve Kapsam\u0131 Antrenman Protokol\u00fc Veri Toplama Teknikleri V\u00fccut kompozisyonu Denge testi (Sportkat 4000 denge cihaz\u0131) 20 metre sprint testi Illinois \u00e7eviklik testi Anaerobik g\u00fc\u00e7 (Wingate Testi) \u0130statistiksel Analiz   D\u00d6RD\u00dcNC\u00dc B\u00d6L\u00dcM Bulgular   BE\u015e\u0130NC\u0130 B\u00d6L\u00dcM Tart\u0131\u015fma, Sonu\u00e7 ve \u00d6neriler Tart\u0131\u015fma Sonu\u00e7 \u00d6neriler <\/p>\n","protected":false},"excerpt":{"rendered":"<p>\u0130\u00e7indekiler B\u0130R\u0130NC\u0130 B\u00d6L\u00dcM Giri\u015f Ara\u015ft\u0131rman\u0131n Amac\u0131 Ara\u015ft\u0131rman\u0131n \u00d6nemi ve Gerek\u00e7esi Ara\u015ft\u0131rman\u0131n S\u0131n\u0131rl\u0131l\u0131klar\u0131 Varsay\u0131mlar \u0130K\u0130NC\u0130 B\u00d6L\u00dcM Kuramsal \u00c7er\u00e7eve ve \u0130lgili Ara\u015ft\u0131rmalar K\u0131\u015f Sporlar\u0131 Biathlon Curling Kayak Paten<span class=\"excerpt-hellip\"> [\u2026]<\/span><\/p>\n","protected":false},"featured_media":0,"template":"","meta":{"_monsterinsights_skip_tracking":false,"_monsterinsights_sitenote_active":false,"_monsterinsights_sitenote_note":"","_monsterinsights_sitenote_category":0},"product_brand":[],"product_cat":[15563,15564],"product_tag":[],"class_list":{"0":"post-750395","1":"product","2":"type-product","3":"status-publish","5":"product_cat-hobi","6":"product_cat-spor","7":"pa_cilt-ciltsiz","8":"pa_tur-kitap","9":"pa_yayinevi-gazi-kitabevi","10":"pa_yazar-kolektif","12":"first","13":"instock","14":"sale","15":"shipping-taxable","16":"purchasable","17":"product-type-simple"},"_links":{"self":[{"href":"https:\/\/roveyayinevi.com.tr\/index.php\/wp-json\/wp\/v2\/product\/750395","targetHints":{"allow":["GET"]}}],"collection":[{"href":"https:\/\/roveyayinevi.com.tr\/index.php\/wp-json\/wp\/v2\/product"}],"about":[{"href":"https:\/\/roveyayinevi.com.tr\/index.php\/wp-json\/wp\/v2\/types\/product"}],"wp:attachment":[{"href":"https:\/\/roveyayinevi.com.tr\/index.php\/wp-json\/wp\/v2\/media?parent=750395"}],"wp:term":[{"taxonomy":"product_brand","embeddable":true,"href":"https:\/\/roveyayinevi.com.tr\/index.php\/wp-json\/wp\/v2\/product_brand?post=750395"},{"taxonomy":"product_cat","embeddable":true,"href":"https:\/\/roveyayinevi.com.tr\/index.php\/wp-json\/wp\/v2\/product_cat?post=750395"},{"taxonomy":"product_tag","embeddable":true,"href":"https:\/\/roveyayinevi.com.tr\/index.php\/wp-json\/wp\/v2\/product_tag?post=750395"}],"curies":[{"name":"wp","href":"https:\/\/api.w.org\/{rel}","templated":true}]}}