{"id":750386,"date":"2025-08-28T04:19:28","date_gmt":"2025-08-28T01:19:28","guid":{"rendered":"https:\/\/roveyayinevi.com.tr\/index.php\/urun\/basarili-yaslanma\/"},"modified":"2026-04-16T03:03:39","modified_gmt":"2026-04-16T00:03:39","slug":"basarili-yaslanma","status":"publish","type":"product","link":"https:\/\/roveyayinevi.com.tr\/index.php\/urun\/basarili-yaslanma\/","title":{"rendered":"Ba\u015far\u0131l\u0131 Ya\u015flanma"},"content":{"rendered":"<p>\u201cHayat\u0131n sonundan geriye bakt\u0131\u011f\u0131m\u0131zda, hangi unsurlar iyi ya\u015fanm\u0131\u015f bir hayat hissine i\u015faret eder? Ya\u015famdan ald\u0131\u011f\u0131m\u0131z tatmini azami seviyeye \u00e7\u0131karacak ve ya\u015famlar\u0131m\u0131za anlam katacak hangi kararlar\u0131 alabiliriz?\u201d   Son 20-30 y\u0131l\u0131m\u0131z hakk\u0131nda nas\u0131l d\u00fc\u015f\u00fcnd\u00fc\u011f\u00fcm\u00fcze ili\u015fkin yeni bir yakla\u015f\u0131m getiren Daniel J. Levitin Ba\u015far\u0131l\u0131 Ya\u015flanma\u2019da ya\u015flanman\u0131n salt bir zay\u0131flama d\u00f6nemi olmad\u0131\u011f\u0131n\u0131, bebeklik ya da ergenlik d\u00f6nemleri gibi kendi talep ve avantajlar\u0131n\u0131 getiren benzersiz bir geli\u015fim evresi oldu\u011funu g\u00f6steriyor. Bireyler ve toplum olarak ya\u015flanma hakk\u0131nda b\u00fct\u00fcn\u00fcyle farkl\u0131 d\u00fc\u015f\u00fcnmemize yard\u0131mc\u0131 olmay\u0131 ama\u00e7layan yazar, ku\u015faklararas\u0131 etkile\u015fimleri g\u00fcnl\u00fck deneyimlerin dokusuna \u00f6rerek ya\u015fl\u0131lar\u0131n h\u00fcnerlerini kucaklayan bir k\u00fclt\u00fcr\u00fcn geli\u015fimini ilerletmeyi arzu ediyor.   Beyin bilimine, bilhassa da geli\u015fimsel sinirbilim ve bireysel farkl\u0131l\u0131klar psikolojisinden edinilen i\u00e7g\u00f6r\u00fclere bakan Ba\u015far\u0131l\u0131 Ya\u015flanma insani hik\u00e2yemizin son b\u00f6l\u00fcm\u00fc olan ya\u015flanma s\u00fcrecine dair d\u00f6n\u00fc\u015ft\u00fcr\u00fcc\u00fc bir anlay\u0131\u015f ortaya koyuyor. <\/p>\n","protected":false},"excerpt":{"rendered":"<p>\u201cHayat\u0131n sonundan geriye bakt\u0131\u011f\u0131m\u0131zda, hangi unsurlar iyi ya\u015fanm\u0131\u015f bir hayat hissine i\u015faret eder? Ya\u015famdan ald\u0131\u011f\u0131m\u0131z tatmini azami seviyeye \u00e7\u0131karacak ve ya\u015famlar\u0131m\u0131za anlam katacak hangi kararlar\u0131 alabiliriz?\u201d<span class=\"excerpt-hellip\"> [\u2026]<\/span><\/p>\n","protected":false},"featured_media":0,"template":"","meta":{"_monsterinsights_skip_tracking":false,"_monsterinsights_sitenote_active":false,"_monsterinsights_sitenote_note":"","_monsterinsights_sitenote_category":0},"product_brand":[],"product_cat":[13365],"product_tag":[],"class_list":{"0":"post-750386","1":"product","2":"type-product","3":"status-publish","5":"product_cat-saglik","6":"pa_cilt-ciltsiz","7":"pa_tur-kitap","8":"pa_yayinevi-tellekt","9":"pa_yazar-daniel-j-levitin","11":"first","12":"instock","13":"sale","14":"shipping-taxable","15":"purchasable","16":"product-type-simple"},"_links":{"self":[{"href":"https:\/\/roveyayinevi.com.tr\/index.php\/wp-json\/wp\/v2\/product\/750386","targetHints":{"allow":["GET"]}}],"collection":[{"href":"https:\/\/roveyayinevi.com.tr\/index.php\/wp-json\/wp\/v2\/product"}],"about":[{"href":"https:\/\/roveyayinevi.com.tr\/index.php\/wp-json\/wp\/v2\/types\/product"}],"wp:attachment":[{"href":"https:\/\/roveyayinevi.com.tr\/index.php\/wp-json\/wp\/v2\/media?parent=750386"}],"wp:term":[{"taxonomy":"product_brand","embeddable":true,"href":"https:\/\/roveyayinevi.com.tr\/index.php\/wp-json\/wp\/v2\/product_brand?post=750386"},{"taxonomy":"product_cat","embeddable":true,"href":"https:\/\/roveyayinevi.com.tr\/index.php\/wp-json\/wp\/v2\/product_cat?post=750386"},{"taxonomy":"product_tag","embeddable":true,"href":"https:\/\/roveyayinevi.com.tr\/index.php\/wp-json\/wp\/v2\/product_tag?post=750386"}],"curies":[{"name":"wp","href":"https:\/\/api.w.org\/{rel}","templated":true}]}}