{"id":750379,"date":"2025-08-28T04:19:21","date_gmt":"2025-08-28T01:19:21","guid":{"rendered":"https:\/\/roveyayinevi.com.tr\/index.php\/urun\/siyaset-bilimi-uluslararasi-iliskiler-ve-kamu-yonetimi-alaninda-uluslararasi-arastirmalar\/"},"modified":"2026-04-16T03:03:39","modified_gmt":"2026-04-16T00:03:39","slug":"siyaset-bilimi-uluslararasi-iliskiler-ve-kamu-yonetimi-alaninda-uluslararasi-arastirmalar","status":"publish","type":"product","link":"https:\/\/roveyayinevi.com.tr\/index.php\/urun\/siyaset-bilimi-uluslararasi-iliskiler-ve-kamu-yonetimi-alaninda-uluslararasi-arastirmalar\/","title":{"rendered":"Siyaset Bilimi, Uluslararas\u0131 \u0130li\u015fkiler ve Kamu Y\u00f6netimi Alan\u0131nda Uluslararas\u0131 Ara\u015ft\u0131rmalar"},"content":{"rendered":"<p>\u0130\u00c7\u0130NDEK\u0130LER B\u00d6L\u00dcM 1 Kamu Politikas\u0131 Yap\u0131m\u0131nda Kan\u0131tlar\u0131n S\u0131n\u0131rl\u0131l\u0131\u011f Dr. \u00d6gr. \u00dcyesi Ahmet Alptekin DURU B\u00d6L\u00dcM 2 \u00c7evre Bilimi Alan\u0131nda Yay\u0131mlanan Havza Y\u00f6netimi ile \u0130lgili \u00c7al\u0131\u015fmalar\u0131n Bibliyometrik Analizi Burcu KOYUNCU HI\u015eIM B\u00d6L\u00dcM 2 Z Ku\u015fa\u011f\u0131n\u0131n \u0130klim Krizi Hassasiyeti: 2023 Cumhurba\u015fkanli\u011fi Se\u00e7imleri \u00d6ncesi Akp Ve Chp\u2019nin Yakla\u015f\u0131mlar\u0131 \u00dczerine Bir \u0130nceleme Dr. Sel\u00e7uk G\u00dcR\u00c7AM B\u00d6L\u00dcM 3 Covid-19 D\u00f6neminde Kamu Harcamalar\u0131 ve \u00d6zelle\u015ftirme Uygulamalar\u0131: K\u00fcresel Deneyimler ve T\u00fcrkiye Dr. \u00d6zg\u00fcn Sar\u0131mehmet DUMAN B\u00d6L\u00dcM 4 Mobil Devlet Dr. \u00d6\u011fretim \u00dcyesi Mehmet SARIT\u00dcRK B\u00d6L\u00dcM 5 1979 \u0130slam Devrimi Sonras\u0131 \u0130ran\u2019\u0131n Y\u00f6netim Yap\u0131s\u0131 Ar\u015f. G\u00f6r. Muhammed Furkan \u015eAH\u0130N Av. Seren \u015eAH\u0130N B\u00d6L\u00dcM 6 2011 Suriye \u0130\u00e7 Sava\u015f\u0131 Sonras\u0131 Angela Merkel D\u00f6nemi Almanyas\u0131\u2019n\u0131n S\u0131\u011f\u0131nmac\u0131 Politikasi Dr. \u00d6\u011fr. \u00dcyesi Durmu\u015f Ali KOLTUK Filiz KAVAL B\u00d6L\u00dcM 7 \u0130ran\u2019\u0131n Siber Alandaki Faaliyetleri ve Abd ile \u0130li\u015fkilerine Etkisi Dr. \u00d6\u011fretim \u00dcyesi Serpil G\u00dcD\u00dcL B\u00fc\u015fra ORAK<\/p>\n","protected":false},"excerpt":{"rendered":"<p>\u0130\u00c7\u0130NDEK\u0130LER B\u00d6L\u00dcM 1 Kamu Politikas\u0131 Yap\u0131m\u0131nda Kan\u0131tlar\u0131n S\u0131n\u0131rl\u0131l\u0131\u011f Dr. \u00d6gr. \u00dcyesi Ahmet Alptekin DURU B\u00d6L\u00dcM 2 \u00c7evre Bilimi Alan\u0131nda Yay\u0131mlanan Havza Y\u00f6netimi ile \u0130lgili \u00c7al\u0131\u015fmalar\u0131n Bibliyometrik<span class=\"excerpt-hellip\"> [\u2026]<\/span><\/p>\n","protected":false},"featured_media":0,"template":"","meta":{"_monsterinsights_skip_tracking":false,"_monsterinsights_sitenote_active":false,"_monsterinsights_sitenote_note":"","_monsterinsights_sitenote_category":0},"product_brand":[],"product_cat":[12337,17225],"product_tag":[],"class_list":{"0":"post-750379","1":"product","2":"type-product","3":"status-publish","5":"product_cat-politika-siyaset","6":"product_cat-uluslararasi-iliskiler","7":"pa_cilt-ciltsiz","8":"pa_tur-kitap","9":"pa_yayinevi-platanus-publishing","10":"pa_yazar-kolektif","12":"first","13":"instock","14":"sale","15":"shipping-taxable","16":"purchasable","17":"product-type-simple"},"_links":{"self":[{"href":"https:\/\/roveyayinevi.com.tr\/index.php\/wp-json\/wp\/v2\/product\/750379","targetHints":{"allow":["GET"]}}],"collection":[{"href":"https:\/\/roveyayinevi.com.tr\/index.php\/wp-json\/wp\/v2\/product"}],"about":[{"href":"https:\/\/roveyayinevi.com.tr\/index.php\/wp-json\/wp\/v2\/types\/product"}],"wp:attachment":[{"href":"https:\/\/roveyayinevi.com.tr\/index.php\/wp-json\/wp\/v2\/media?parent=750379"}],"wp:term":[{"taxonomy":"product_brand","embeddable":true,"href":"https:\/\/roveyayinevi.com.tr\/index.php\/wp-json\/wp\/v2\/product_brand?post=750379"},{"taxonomy":"product_cat","embeddable":true,"href":"https:\/\/roveyayinevi.com.tr\/index.php\/wp-json\/wp\/v2\/product_cat?post=750379"},{"taxonomy":"product_tag","embeddable":true,"href":"https:\/\/roveyayinevi.com.tr\/index.php\/wp-json\/wp\/v2\/product_tag?post=750379"}],"curies":[{"name":"wp","href":"https:\/\/api.w.org\/{rel}","templated":true}]}}