{"id":750371,"date":"2025-08-28T04:19:12","date_gmt":"2025-08-28T01:19:12","guid":{"rendered":"https:\/\/roveyayinevi.com.tr\/index.php\/urun\/international-research-in-health-sciences\/"},"modified":"2026-04-16T03:03:39","modified_gmt":"2026-04-16T00:03:39","slug":"international-research-in-health-sciences","status":"publish","type":"product","link":"https:\/\/roveyayinevi.com.tr\/index.php\/urun\/international-research-in-health-sciences\/","title":{"rendered":"International Research in Health Sciences"},"content":{"rendered":"<p>CONTENTS CHAPTER 1 Examining the Level of Knowledge About Apitherapy and its Uses Dr. \u0130brahim Hakk\u0131 \u00c7A\u011eIRAN Prof. G\u00fcl\u00e7in SA\u011eDI\u00c7O\u011eLU CELEP CHAPTER 2 Suicide Among Doctors Assoc. Prof. Mesut YILDIZ CHAPTER 3 Propi\u0131ocept\u0131on in Children Researcher, Dilan DEMIRTAS KARAOBA CHAPTER 4 Infantile Hypertrophic Pyloric Stenosis Mehmet SARIKAYA CHAPTER 5 Current Prospective of Migraine Headache Treatment Asst. Prof. Dr. Yavuz Y\u00dcCEL Asst. Dr. Mohamed Sheikh HASSAN CHAPTER 6 Preventing Effects of Moss Extract (Homalothecium Sericeum (Hedw.) Schimp.) and Quercetin on Pancreatic Tissue in Diabetic Rats TONGUC YAYINTAS, O.* OZTURK, S. IRKIN, Latife C. DEMIR, N. CHAPTER 7 Biomarkers From A Clinical And Application Point of View Merve Gulsen BAL ALBAYRAK, PhD CHAPTER 8 Ant\u0131m\u0131crob\u0131al and Antibiofilm Activities of Trigonella monspel\u0131aca L. Assist. Prof. \u015e. Selma URAS G\u00dcNG\u00d6R, Ph.D. CHAPTER 9 Natural Source Drug Molecules Targeting Alzheimer\u2019s Disease Assist. Prof. Nigar KANTARCI \u00c7AR\u015eIBA\u015eI CHAPTER 10 Long Non-Coding Rnas in Human Breast Cancer Assoc. Prof. Ay\u015fe Feyda NURSAL, Ph.D. CHAPTER 11 Covid-19 Infection and Pregnancy Dr. Enes KARAMAN, M.D. Dr. Erol KARAKA\u015e, M.D. CHAPTER 12 Pregnancy and Cancer Dr. Erol KARAKA\u015e, M.D. Dr. Enes KARAMAN, M.D. CHAPTER 13 The Roles of Current Peptide and Protein-Based Hormones in the Development and Follow-Up of Diabetic Retinopathy Mehmet Kaan KAYA Sermal ARSLAN Suleyman AYDIN CHAPTER 14 Ocular Beh\u00e7et&#8217;s Disease and Current Laboratory Markers of Inflammation Sermal ARSLAN Mehmet Kaan KAYA Suleyman AYDIN   Common Diabetic Complications and Endocrinal and Plastic Surgical Approaches to These Complications Kader UGUR Erhan Cahit OZCAN Suleyman AYDIN CHAPTER 16 A Brief Histor\u0131cal Journey With An Up-To-Date Perspect\u0131ve On Cataract Pathophysiology and Surgery Mehmet Kaan KAYA Sermal ARSLAN Suleyman AYDIN CHAPTER 17 The Relationship Between Exercise and Gut M\u0131crobiota in Humans Assistant Professor, Ozgenur YILMAZ Research Assistant, Ozan GUR CHAPTER 18 Measurement Tools Used in Dental Implant Assessment Ass. Prof. Tu\u011fba \u015eAH\u0130N CHAPTER 19 Development of Revised Dysmenorrhea Impact Scale Short Form (Disr) Asst. Prof. Dr. \u00c7i\u011fdem G\u00dcN KAKA\u015e\u00c7I Prof. Nurdan DEMIRCI, Ph.D CHAPTER 20 The Use of Clinical Pathway in Nursing Education and Practice RN, Ph.D. Res. Asst, Dilek ERDEN   Skin Tattoos From The Perspective Of Midwifery Nazan TUNA ORAN PhD Elif NACARO\u011eLU Msc CHAPTER 22 Modeling the Mortality Prediction of Patients With Stemi Undergoing Primary Pci Using Data Mining Prof. Mithat ZEYDAN, Ph.D. Dr. G\u00fclhan TO\u011eA CHAPTER 23 Linear Iga Dermatosis and Dermatitis Herpetiformis Dr. Fatih KILI\u00c7 Assist. Prof Dr. Selami Aykut TEMIZ CHAPTER 24 Musculoskeletal Disorders After Traumatic Brai-in Injury Dr. Sedef ERSOY CHAPTER 24 Cancer and MicroRNA: An Overview of Human and Canine Mammary Tumors \u00d6\u011fretim G\u00f6r. Melih Sercan USTAO\u011eLU Prof. Serb\u00fclent Y\u0130\u011e\u0130T, Ph.D.<\/p>\n","protected":false},"excerpt":{"rendered":"<p>CONTENTS CHAPTER 1 Examining the Level of Knowledge About Apitherapy and its Uses Dr. \u0130brahim Hakk\u0131 \u00c7A\u011eIRAN Prof. G\u00fcl\u00e7in SA\u011eDI\u00c7O\u011eLU CELEP CHAPTER 2 Suicide Among Doctors<span class=\"excerpt-hellip\"> [\u2026]<\/span><\/p>\n","protected":false},"featured_media":0,"template":"","meta":{"_monsterinsights_skip_tracking":false,"_monsterinsights_sitenote_active":false,"_monsterinsights_sitenote_note":"","_monsterinsights_sitenote_category":0},"product_brand":[],"product_cat":[12573,12566],"product_tag":[],"class_list":{"0":"post-750371","1":"product","2":"type-product","3":"status-publish","5":"product_cat-akademik-kitaplar","6":"product_cat-egitim","7":"pa_cilt-ciltsiz","8":"pa_tur-kitap","9":"pa_yayinevi-platanus-publishing","10":"pa_yazar-kolektif","12":"first","13":"instock","14":"sale","15":"shipping-taxable","16":"purchasable","17":"product-type-simple"},"_links":{"self":[{"href":"https:\/\/roveyayinevi.com.tr\/index.php\/wp-json\/wp\/v2\/product\/750371","targetHints":{"allow":["GET"]}}],"collection":[{"href":"https:\/\/roveyayinevi.com.tr\/index.php\/wp-json\/wp\/v2\/product"}],"about":[{"href":"https:\/\/roveyayinevi.com.tr\/index.php\/wp-json\/wp\/v2\/types\/product"}],"wp:attachment":[{"href":"https:\/\/roveyayinevi.com.tr\/index.php\/wp-json\/wp\/v2\/media?parent=750371"}],"wp:term":[{"taxonomy":"product_brand","embeddable":true,"href":"https:\/\/roveyayinevi.com.tr\/index.php\/wp-json\/wp\/v2\/product_brand?post=750371"},{"taxonomy":"product_cat","embeddable":true,"href":"https:\/\/roveyayinevi.com.tr\/index.php\/wp-json\/wp\/v2\/product_cat?post=750371"},{"taxonomy":"product_tag","embeddable":true,"href":"https:\/\/roveyayinevi.com.tr\/index.php\/wp-json\/wp\/v2\/product_tag?post=750371"}],"curies":[{"name":"wp","href":"https:\/\/api.w.org\/{rel}","templated":true}]}}