{"id":750370,"date":"2025-08-28T04:19:11","date_gmt":"2025-08-28T01:19:11","guid":{"rendered":"https:\/\/roveyayinevi.com.tr\/index.php\/urun\/international-research-in-engineering-sciences\/"},"modified":"2026-04-16T03:03:39","modified_gmt":"2026-04-16T00:03:39","slug":"international-research-in-engineering-sciences","status":"publish","type":"product","link":"https:\/\/roveyayinevi.com.tr\/index.php\/urun\/international-research-in-engineering-sciences\/","title":{"rendered":"International Research in Engineering Sciences"},"content":{"rendered":"<p>CONTENTS CHAPTER 1 Equivalent Circuit Models of Battery Technologies as Electrochemical Energy Storage Methods: A Review Study on, Electrical Equivalent Circuit Models of Li-Ion Batteries Dr. Taner \u00c7ARKIT CHAPTER 2 Heuristic Intelligence Approach to Routing Planning of Uavs Networks Asst. Prof. Dr. Sercan YAL\u00c7IN CHAPTER 3 Monitoring Water Surfaces By Remote Sensing: The Case of Manyas Kusgolu, Ulubat, And Iznik Lakes in T\u00fcrkiye Dr. Osman Salih YILMAZ CHAPTER 4 Heterogeneous Fleet Vehicle Routing Problems and the Metaheuristic Approaches Asst. Prof. Melis ALPASLAN TAKAN CHAPTER 5 Approaches With Artificial Intelligence (Ai) Algorithms to Smart System Works Lecturer Ali \u00c7ET\u0130NKAYA CHAPTER 6 Recovery Applications of Waste Foundry Sand Asst. Prof. Merve SOGANC\u0130OGLU KALEM CHAPTER 7 A Comprehensive Outlook On the Influences of Heat Treatment On the Mechanical, Friction, and Wear Properties of the Additively Manufactured Plastics Assist. Prof. Dr. \u00c7A\u011eIN BOLAT   Experimental Study on Biocompatibility Properties of Photo-Resin 3d Printer Materials Dr. B\u00fcnyamin \u00c7\u0130\u00c7EK CHAPTER 9 The Spectrum Sensing Techniques and Methods Fikriye ATAMAN CHAPTER 10 Investigation of Physicochemical Parameters Affecting the Crosslinking of Epdm Rubber Chemist \u015eule \u00c7\u0130\u00c7EK Prof. Ali KARA, Ph.D CHAPTER 11 Investigation of Intumescent Flame Retardant Coatings On Structural Steels Dr. Zafer KAHRAMAN CHAPTER 12 Modelling and Analysis of Wall Brackets Part Obtained Via Material Extrusion Technique Research Assistant Faik YILAN Research Assistant \u0130brahim Baki \u015eAH\u0130N Assoc. Prof Levent URTEK\u0130N CHAPTER 13 Treatment of Bio-Medical Waste Dr. Aysun ALTIKAT CHAPTER 14 Performance Improvement With Optimization of Machine Learning Methods For Sleep Stage Classification From Eeg Signals Dr. Erdem TUNCER Prof.Dr. Emine Do\u011fru BOLAT   Df Based Cooperative Uavs Communication With Co-Channel Interference Asst. Prof. Dr. Muhammet Ali KARABULUT Asst. Prof. Dr. A. F. M. Shahen SHAH CHAPTER 16 Detection and Identification of Microstructural Features in Microtomography Data of Single Foam Struts Using A Convolutional Neural Network Ali Can KAYA Elif SAL\u0130HO\u011eLU CHAPTER 17 Good Laboratory Practices: Differences According To New Version of Iso\/Iec 17025, Applications and Regulations in Food Analysis G\u00fclen YE\u015e\u0130L\u00d6REN AKAL CHAPTER 18 Anomaly Detection Using Labview-Based Machine Learning Algorithms Dr. Mahmut D\u0130R\u0130K CHAPTER 19 Eia Framework in Turkey and A Critical Review of Eia Decisions For the Construction Sector Prof. G\u00fcray SALIHO\u011eLU, Ph.D Mohamed Amin OUFQUIR CHAPTER 20 An Overview Of Pyruvate Biosensors Prof. \u015eeyda KORKUT URU Assoc. Prof. Dr. M. Samet KILI\u00c7 \u0130layda D\u0130KKULAK   Modeling of Air Pollution Dr. Mine Tulin ZATEROGLU CHAPTER 22 Porous Geopolymer Adsorbents For Removal Of Heavy Metals and Dyes: A Recent Overview Asst. Prof. Dr. \u0130lker ACAR CHAPTER 23 Fire Performance Evaluation of A Residential Building: Structural Analaysis And Response Dr. Burak Kaan \u00c7IRPICI Mr. Abdulsamet AKTURK CHAPTER 24 Boron Nitride Nanotubes, Their Synthesis Methods and Biological Applications \u0130rem ULUI\u015eIK YILMAZ, PhD. Atike \u0130NCE YARDIMCI, PhD. CHAPTER 25 New Hardware Solutions For Big Data: Mvl Octal Multiplier Design and Implementation Mehmet ALBAYRAK Wissam ALJANABI Nesrin TUTA\u015e <\/p>\n","protected":false},"excerpt":{"rendered":"<p>CONTENTS CHAPTER 1 Equivalent Circuit Models of Battery Technologies as Electrochemical Energy Storage Methods: A Review Study on, Electrical Equivalent Circuit Models of Li-Ion Batteries Dr.<span class=\"excerpt-hellip\"> [\u2026]<\/span><\/p>\n","protected":false},"featured_media":0,"template":"","meta":{"_monsterinsights_skip_tracking":false,"_monsterinsights_sitenote_active":false,"_monsterinsights_sitenote_note":"","_monsterinsights_sitenote_category":0},"product_brand":[],"product_cat":[13005,18664],"product_tag":[],"class_list":{"0":"post-750370","1":"product","2":"type-product","3":"status-publish","5":"product_cat-bilim-muhendislik","6":"product_cat-muhendislik","7":"pa_cilt-ciltsiz","8":"pa_tur-kitap","9":"pa_yayinevi-platanus-publishing","10":"pa_yazar-kolektif","12":"first","13":"instock","14":"sale","15":"shipping-taxable","16":"purchasable","17":"product-type-simple"},"_links":{"self":[{"href":"https:\/\/roveyayinevi.com.tr\/index.php\/wp-json\/wp\/v2\/product\/750370","targetHints":{"allow":["GET"]}}],"collection":[{"href":"https:\/\/roveyayinevi.com.tr\/index.php\/wp-json\/wp\/v2\/product"}],"about":[{"href":"https:\/\/roveyayinevi.com.tr\/index.php\/wp-json\/wp\/v2\/types\/product"}],"wp:attachment":[{"href":"https:\/\/roveyayinevi.com.tr\/index.php\/wp-json\/wp\/v2\/media?parent=750370"}],"wp:term":[{"taxonomy":"product_brand","embeddable":true,"href":"https:\/\/roveyayinevi.com.tr\/index.php\/wp-json\/wp\/v2\/product_brand?post=750370"},{"taxonomy":"product_cat","embeddable":true,"href":"https:\/\/roveyayinevi.com.tr\/index.php\/wp-json\/wp\/v2\/product_cat?post=750370"},{"taxonomy":"product_tag","embeddable":true,"href":"https:\/\/roveyayinevi.com.tr\/index.php\/wp-json\/wp\/v2\/product_tag?post=750370"}],"curies":[{"name":"wp","href":"https:\/\/api.w.org\/{rel}","templated":true}]}}