{"id":750366,"date":"2025-08-28T04:19:08","date_gmt":"2025-08-28T01:19:08","guid":{"rendered":"https:\/\/roveyayinevi.com.tr\/index.php\/urun\/international-research-in-architecture-planning-and-design\/"},"modified":"2026-04-16T03:03:39","modified_gmt":"2026-04-16T00:03:39","slug":"international-research-in-architecture-planning-and-design","status":"publish","type":"product","link":"https:\/\/roveyayinevi.com.tr\/index.php\/urun\/international-research-in-architecture-planning-and-design\/","title":{"rendered":"International Research in Architecture, Planning and Design"},"content":{"rendered":"<p>CONTENTS CHAPTER 1 A Study Of Healthy Residence In The Framework Of User Needs And Sustainability Mekiye ARSLAN Asst. Prof. Dr. Dilek YASAR CHAPTER 2 Plan and Stage Typology in Design of Concert, Opera and Theatre Hall Dr. C\u00fcneyd D\u0130R\u0130 Derin Hilal B\u0130LMEZ Assoc Prof. Dr.\u00dcmit ARPACIO\u011eLU CHAPTER 3 Questioning the Design Method of Capsule Living Spaces With Artificial Intelligence Assistant Professor Dr.Tu\u011f\u00e7e \u00c7EL\u0130K CHAPTER 4 Assessing the Contextual Compatibility of A Street Facade in Yenimahalle, Ankara Associate Prof. Filiz KARAKU\u015e Juman HASAN CHAPTER 5 Ecological Assessment Of Wetlands: The Case Study of Marmara Basin Dr. Tu\u011fba \u00dcST\u00dcN TOPAL Prof. Elif Ebru \u015e\u0130\u015eMAN, Ph.D   Sustainability of Life in Mass Houses &#8211; Interior Spaces: Cases of Famagusta Alasya Park And Gossip Zaimler Mass Housing Estates Assist. Prof. Dr.Kamil G\u00dcLEY Assist. Prof. Dr. Ahenk YILGIN DAMGACI<\/p>\n","protected":false},"excerpt":{"rendered":"<p>CONTENTS CHAPTER 1 A Study Of Healthy Residence In The Framework Of User Needs And Sustainability Mekiye ARSLAN Asst. Prof. Dr. Dilek YASAR CHAPTER 2 Plan<span class=\"excerpt-hellip\"> [\u2026]<\/span><\/p>\n","protected":false},"featured_media":0,"template":"","meta":{"_monsterinsights_skip_tracking":false,"_monsterinsights_sitenote_active":false,"_monsterinsights_sitenote_note":"","_monsterinsights_sitenote_category":0},"product_brand":[],"product_cat":[12573,12566],"product_tag":[],"class_list":{"0":"post-750366","1":"product","2":"type-product","3":"status-publish","5":"product_cat-akademik-kitaplar","6":"product_cat-egitim","7":"pa_cilt-ciltsiz","8":"pa_tur-kitap","9":"pa_yayinevi-platanus-publishing","10":"pa_yazar-kolektif","12":"first","13":"instock","14":"sale","15":"shipping-taxable","16":"purchasable","17":"product-type-simple"},"_links":{"self":[{"href":"https:\/\/roveyayinevi.com.tr\/index.php\/wp-json\/wp\/v2\/product\/750366","targetHints":{"allow":["GET"]}}],"collection":[{"href":"https:\/\/roveyayinevi.com.tr\/index.php\/wp-json\/wp\/v2\/product"}],"about":[{"href":"https:\/\/roveyayinevi.com.tr\/index.php\/wp-json\/wp\/v2\/types\/product"}],"wp:attachment":[{"href":"https:\/\/roveyayinevi.com.tr\/index.php\/wp-json\/wp\/v2\/media?parent=750366"}],"wp:term":[{"taxonomy":"product_brand","embeddable":true,"href":"https:\/\/roveyayinevi.com.tr\/index.php\/wp-json\/wp\/v2\/product_brand?post=750366"},{"taxonomy":"product_cat","embeddable":true,"href":"https:\/\/roveyayinevi.com.tr\/index.php\/wp-json\/wp\/v2\/product_cat?post=750366"},{"taxonomy":"product_tag","embeddable":true,"href":"https:\/\/roveyayinevi.com.tr\/index.php\/wp-json\/wp\/v2\/product_tag?post=750366"}],"curies":[{"name":"wp","href":"https:\/\/api.w.org\/{rel}","templated":true}]}}