{"id":750355,"date":"2025-08-28T04:18:55","date_gmt":"2025-08-28T01:18:55","guid":{"rendered":"https:\/\/roveyayinevi.com.tr\/index.php\/urun\/acil-tip-alaninda-uluslararasi-arastirmalar\/"},"modified":"2026-04-16T03:03:38","modified_gmt":"2026-04-16T00:03:38","slug":"acil-tip-alaninda-uluslararasi-arastirmalar","status":"publish","type":"product","link":"https:\/\/roveyayinevi.com.tr\/index.php\/urun\/acil-tip-alaninda-uluslararasi-arastirmalar\/","title":{"rendered":"Acil T\u0131p Alan\u0131nda Uluslararas\u0131 Ara\u015ft\u0131rmalar"},"content":{"rendered":"<p>\u0130\u00c7\u0130NDEK\u0130LER B\u00f6l\u00fcm 1 Trakeostomi Prof. Dr. Yekta Altemur Karamustafao\u011flu B\u00f6l\u00fcm 2 Temel Ya\u015fam Deste\u011fi R. Nil KIR\u015eAN B\u00f6l\u00fcm 3 Acil Hem\u015firelerinin Adli Vakalarda Delil Koruma Yakla\u015fimlar\u0131 ve Yasal Sorumluluklar\u0131 \u00d6\u011fr. G\u00f6r. Tu\u011fba DUZCU B\u00f6l\u00fcm 4 Crush Sendromu ve Acil Bak\u0131m \u00d6\u011fr. G\u00f6r. Dr. Tu\u011fba DUZCU B\u00f6l\u00fcm 5 Afet T\u0131bb\u0131 Acil T\u0131p Uzman\u0131 Dr. Fatih Cemal TEK\u0130N B\u00f6l\u00fcm 6 Acil T\u0131p Servislerinde Sa\u011fl\u0131kta \u015eiddet Olgusunun Di\u011fer Sa\u011fl\u0131k Hizmetlerine G\u00f6re De\u011ferlendirilmesi <\/p>\n","protected":false},"excerpt":{"rendered":"<p>\u0130\u00c7\u0130NDEK\u0130LER B\u00f6l\u00fcm 1 Trakeostomi Prof. Dr. Yekta Altemur Karamustafao\u011flu B\u00f6l\u00fcm 2 Temel Ya\u015fam Deste\u011fi R. Nil KIR\u015eAN B\u00f6l\u00fcm 3 Acil Hem\u015firelerinin Adli Vakalarda Delil Koruma Yakla\u015fimlar\u0131<span class=\"excerpt-hellip\"> [\u2026]<\/span><\/p>\n","protected":false},"featured_media":0,"template":"","meta":{"_monsterinsights_skip_tracking":false,"_monsterinsights_sitenote_active":false,"_monsterinsights_sitenote_note":"","_monsterinsights_sitenote_category":0},"product_brand":[],"product_cat":[13366,13365],"product_tag":[],"class_list":{"0":"post-750355","1":"product","2":"type-product","3":"status-publish","5":"product_cat-diger-saglik","6":"product_cat-saglik","7":"pa_cilt-ciltsiz","8":"pa_tur-kitap","9":"pa_yayinevi-platanus-publishing","10":"pa_yazar-kolektif","12":"first","13":"instock","14":"sale","15":"shipping-taxable","16":"purchasable","17":"product-type-simple"},"_links":{"self":[{"href":"https:\/\/roveyayinevi.com.tr\/index.php\/wp-json\/wp\/v2\/product\/750355","targetHints":{"allow":["GET"]}}],"collection":[{"href":"https:\/\/roveyayinevi.com.tr\/index.php\/wp-json\/wp\/v2\/product"}],"about":[{"href":"https:\/\/roveyayinevi.com.tr\/index.php\/wp-json\/wp\/v2\/types\/product"}],"wp:attachment":[{"href":"https:\/\/roveyayinevi.com.tr\/index.php\/wp-json\/wp\/v2\/media?parent=750355"}],"wp:term":[{"taxonomy":"product_brand","embeddable":true,"href":"https:\/\/roveyayinevi.com.tr\/index.php\/wp-json\/wp\/v2\/product_brand?post=750355"},{"taxonomy":"product_cat","embeddable":true,"href":"https:\/\/roveyayinevi.com.tr\/index.php\/wp-json\/wp\/v2\/product_cat?post=750355"},{"taxonomy":"product_tag","embeddable":true,"href":"https:\/\/roveyayinevi.com.tr\/index.php\/wp-json\/wp\/v2\/product_tag?post=750355"}],"curies":[{"name":"wp","href":"https:\/\/api.w.org\/{rel}","templated":true}]}}