{"id":750341,"date":"2025-08-28T04:18:37","date_gmt":"2025-08-28T01:18:37","guid":{"rendered":"https:\/\/roveyayinevi.com.tr\/index.php\/urun\/sembolizm-2\/"},"modified":"2026-04-16T03:03:38","modified_gmt":"2026-04-16T00:03:38","slug":"sembolizm-2","status":"publish","type":"product","link":"https:\/\/roveyayinevi.com.tr\/index.php\/urun\/sembolizm-2\/","title":{"rendered":"Sembolizm"},"content":{"rendered":"<p>Sembolizm ile do\u011frudan bilgi aras\u0131nda m\u00fchim bir fark vard\u0131r. Do\u011frudan deneyim yan\u0131lmazd\u0131r. Deneyimledi\u011finiz \u015feyi deneyimlersiniz. Ancak sembolizm, sembolizmin bizi varsaymaya y\u00f6nlendirdi\u011fi d\u00fcnyada bir \u00f6rne\u011fi olmayan, yaln\u0131zca kavramlardan ibaret olan \u015feylere ili\u015fkin eylemlere, hislere, duygulara ve inan\u00e7lara neden olabilece\u011fi anlam\u0131nda bir hayli yan\u0131lt\u0131c\u0131d\u0131r. \u2026 Bu \u00e7al\u0131\u015fman\u0131n esas iddias\u0131, insan sembolizminin k\u00f6klerinin, d\u0131\u015fsal d\u00fcnyan\u0131n dolays\u0131z alg\u0131laman\u0131n iki ayr\u0131 t\u00fcr\u00fc aras\u0131ndaki sembolik etkile\u015fimi oldu\u011fudur. Bu sayede, d\u0131\u015f d\u00fcnyayla ilgili bilgimizin birbirleriyle yak\u0131ndan ba\u011flant\u0131l\u0131 fakat farkl\u0131 olan iki kayna\u011f\u0131 vard\u0131r. Bu t\u00fcrler birbirlerini tekrar etmezler ve ger\u00e7ek bir bilgi \u00e7e\u015fitlili\u011fi s\u00f6z konusudur. Birinin belirsiz oldu\u011fu yerde di\u011feri kesin ve birinin \u00f6nemli oldu\u011fu yerde di\u011feri s\u0131radand\u0131r. <\/p>\n","protected":false},"excerpt":{"rendered":"<p>Sembolizm ile do\u011frudan bilgi aras\u0131nda m\u00fchim bir fark vard\u0131r. Do\u011frudan deneyim yan\u0131lmazd\u0131r. Deneyimledi\u011finiz \u015feyi deneyimlersiniz. Ancak sembolizm, sembolizmin bizi varsaymaya y\u00f6nlendirdi\u011fi d\u00fcnyada bir \u00f6rne\u011fi olmayan, yaln\u0131zca<span class=\"excerpt-hellip\"> [\u2026]<\/span><\/p>\n","protected":false},"featured_media":0,"template":"","meta":{"_monsterinsights_skip_tracking":false,"_monsterinsights_sitenote_active":false,"_monsterinsights_sitenote_note":"","_monsterinsights_sitenote_category":0},"product_brand":[],"product_cat":[16038,12388],"product_tag":[],"class_list":{"0":"post-750341","1":"product","2":"type-product","3":"status-publish","5":"product_cat-arastirma-inceleme-referans-felsefe","6":"product_cat-felsefe","7":"pa_cilt-ciltsiz","8":"pa_tur-kitap","9":"pa_yayinevi-say-yayinlari","10":"pa_yazar-alfred-north-whitehead","12":"first","13":"instock","14":"sale","15":"shipping-taxable","16":"purchasable","17":"product-type-simple"},"_links":{"self":[{"href":"https:\/\/roveyayinevi.com.tr\/index.php\/wp-json\/wp\/v2\/product\/750341","targetHints":{"allow":["GET"]}}],"collection":[{"href":"https:\/\/roveyayinevi.com.tr\/index.php\/wp-json\/wp\/v2\/product"}],"about":[{"href":"https:\/\/roveyayinevi.com.tr\/index.php\/wp-json\/wp\/v2\/types\/product"}],"wp:attachment":[{"href":"https:\/\/roveyayinevi.com.tr\/index.php\/wp-json\/wp\/v2\/media?parent=750341"}],"wp:term":[{"taxonomy":"product_brand","embeddable":true,"href":"https:\/\/roveyayinevi.com.tr\/index.php\/wp-json\/wp\/v2\/product_brand?post=750341"},{"taxonomy":"product_cat","embeddable":true,"href":"https:\/\/roveyayinevi.com.tr\/index.php\/wp-json\/wp\/v2\/product_cat?post=750341"},{"taxonomy":"product_tag","embeddable":true,"href":"https:\/\/roveyayinevi.com.tr\/index.php\/wp-json\/wp\/v2\/product_tag?post=750341"}],"curies":[{"name":"wp","href":"https:\/\/api.w.org\/{rel}","templated":true}]}}