{"id":750330,"date":"2025-08-28T04:18:21","date_gmt":"2025-08-28T01:18:21","guid":{"rendered":"https:\/\/roveyayinevi.com.tr\/index.php\/urun\/resim-elisleri-ve-sanat-egitimi\/"},"modified":"2026-04-16T03:03:38","modified_gmt":"2026-04-16T00:03:38","slug":"resim-elisleri-ve-sanat-egitimi","status":"publish","type":"product","link":"https:\/\/roveyayinevi.com.tr\/index.php\/urun\/resim-elisleri-ve-sanat-egitimi\/","title":{"rendered":"Resim-Eli\u015fleri ve Sanat E\u011fitimi"},"content":{"rendered":"<p>\u201cG\u00fczel sanatlarda ba\u015far\u0131, b\u00fct\u00fcn devrimlerin ba\u015far\u0131ld\u0131\u011f\u0131n\u0131n en kesin delilidir. Bunda ba\u015far\u0131l\u0131 olamayan toplumlara ne yaz\u0131kt\u0131r! Onlar, b\u00fct\u00fcn ba\u015far\u0131lar\u0131na kar\u015f\u0131n uygarl\u0131k alan\u0131nda y\u00fcksek insanl\u0131k s\u0131fat\u0131yla tan\u0131nmaktan daima mahrum kalacaklard\u0131r\u201d G\u00fczel sanatlar ve \u00f6zellikle resim, Cumhuriyet \u00f6ncesi karanl\u0131\u011f\u0131n\u0131n ba\u015fl\u0131ca kurbanlar\u0131 aras\u0131ndayd\u0131. Atat\u00fcrk\u2019\u00fcn ba\u015flatt\u0131\u011f\u0131 seferberlikle sanat\u0131n her alan\u0131nda b\u00fcy\u00fck at\u0131l\u0131mlar ya\u015fanm\u0131\u015f, T\u00fcrk Devrimi\u2019nin ba\u015far\u0131s\u0131 di\u011fer alanlarda da per\u00e7inlenmi\u015ftir. Dil devrimi hen\u00fcz emekleme a\u015famas\u0131ndayken, 1932 y\u0131l\u0131nda Gazi Orta \u00d6\u011fretmen Okulu \u0130\u015f Dersleri \u00d6\u011fretmeni \u0130smail Hakk\u0131 Bey (Tongu\u00e7), resimdeki \u00e7a\u011fda\u015f geli\u015fmelere ili\u015fkin metinleri ar\u0131 bir T\u00fcrk\u00e7eyle \u00e7evirerek ve g\u00f6rsellerle zenginle\u015ftirerek ilk, orta ve \u00f6\u011fretmen okullar\u0131 i\u00e7in bir ders kitab\u0131 haline getirmi\u015ftir. I\u015f\u0131k Kansu\u2019nun g\u00fcn\u00fcm\u00fcz T\u00fcrk\u00e7esine yal\u0131nla\u015ft\u0131rd\u0131\u011f\u0131 bu \u00f6nemli eserin t\u0131pk\u0131bas\u0131m\u0131n\u0131 okuyucular\u0131m\u0131zla bulu\u015fturman\u0131n k\u0131vanc\u0131n\u0131 ya\u015f\u0131yoruz. <\/p>\n","protected":false},"excerpt":{"rendered":"<p>\u201cG\u00fczel sanatlarda ba\u015far\u0131, b\u00fct\u00fcn devrimlerin ba\u015far\u0131ld\u0131\u011f\u0131n\u0131n en kesin delilidir. Bunda ba\u015far\u0131l\u0131 olamayan toplumlara ne yaz\u0131kt\u0131r! Onlar, b\u00fct\u00fcn ba\u015far\u0131lar\u0131na kar\u015f\u0131n uygarl\u0131k alan\u0131nda y\u00fcksek insanl\u0131k s\u0131fat\u0131yla tan\u0131nmaktan daima<span class=\"excerpt-hellip\"> [\u2026]<\/span><\/p>\n","protected":false},"featured_media":0,"template":"","meta":{"_monsterinsights_skip_tracking":false,"_monsterinsights_sitenote_active":false,"_monsterinsights_sitenote_note":"","_monsterinsights_sitenote_category":0},"product_brand":[],"product_cat":[32165,15563],"product_tag":[],"class_list":{"0":"post-750330","1":"product","2":"type-product","3":"status-publish","5":"product_cat-el-sanatlari","6":"product_cat-hobi","7":"pa_cilt-ciltsiz","8":"pa_tur-kitap","9":"pa_yayinevi-cumhuriyet-kitaplari","10":"pa_yazar-ismail-hakki-tonguc","12":"first","13":"instock","14":"sale","15":"shipping-taxable","16":"purchasable","17":"product-type-simple"},"_links":{"self":[{"href":"https:\/\/roveyayinevi.com.tr\/index.php\/wp-json\/wp\/v2\/product\/750330","targetHints":{"allow":["GET"]}}],"collection":[{"href":"https:\/\/roveyayinevi.com.tr\/index.php\/wp-json\/wp\/v2\/product"}],"about":[{"href":"https:\/\/roveyayinevi.com.tr\/index.php\/wp-json\/wp\/v2\/types\/product"}],"wp:attachment":[{"href":"https:\/\/roveyayinevi.com.tr\/index.php\/wp-json\/wp\/v2\/media?parent=750330"}],"wp:term":[{"taxonomy":"product_brand","embeddable":true,"href":"https:\/\/roveyayinevi.com.tr\/index.php\/wp-json\/wp\/v2\/product_brand?post=750330"},{"taxonomy":"product_cat","embeddable":true,"href":"https:\/\/roveyayinevi.com.tr\/index.php\/wp-json\/wp\/v2\/product_cat?post=750330"},{"taxonomy":"product_tag","embeddable":true,"href":"https:\/\/roveyayinevi.com.tr\/index.php\/wp-json\/wp\/v2\/product_tag?post=750330"}],"curies":[{"name":"wp","href":"https:\/\/api.w.org\/{rel}","templated":true}]}}