{"id":750326,"date":"2025-08-28T04:18:14","date_gmt":"2025-08-28T01:18:14","guid":{"rendered":"https:\/\/roveyayinevi.com.tr\/index.php\/urun\/anasuni-uzay-gemisi\/"},"modified":"2026-04-16T03:03:38","modified_gmt":"2026-04-16T00:03:38","slug":"anasuni-uzay-gemisi","status":"publish","type":"product","link":"https:\/\/roveyayinevi.com.tr\/index.php\/urun\/anasuni-uzay-gemisi\/","title":{"rendered":"Anasuni Uzay Gemisi"},"content":{"rendered":"<p>Bacaklar\u0131 sadece Corona Australis tak\u0131my\u0131ld\u0131z\u0131n\u0131n gezegenlerinde bulunan albino bir yarat\u0131ktan, ayaklar\u0131 ise D\u00fcnya gezegenindeki bir ceylandan geliyordu. \u015eu ana kadar 75 do\u011fum yapmas\u0131na ra\u011fmen v\u00fccudu 100. ya\u015f\u0131nda gibiydi. Sa\u00e7lar\u0131 u\u00e7an bir kanatl\u0131dan, g\u00f6zleri bir avc\u0131dan, dudaklar\u0131 ise yine D\u00fcnya gezegeninden k\u0131rm\u0131z\u0131 dudakl\u0131 bir yarasa bal\u0131\u011f\u0131ndan klonlanm\u0131\u015ft\u0131. \u00dcst\u00fcnde bedenini s\u0131k\u0131ca saran, \u015fu pahal\u0131 siyah yeni deri elbiselerden vard\u0131 ve g\u00f6\u011f\u00fcs dekoltesi Ba\u015fkan Kuarnek\u2019i ba\u015fka d\u00fcnyalara ve eski an\u0131lara g\u00f6t\u00fcrmeye yetmi\u015fti. Profes\u00f6r Uhrea aya\u011fa kalk\u0131p \u201cSay\u0131n ba\u015fkan\u0131m\u2026\u201d diye s\u00f6ze ba\u015flad\u0131. Ba\u015fkan Kuarnek \u201cAh bu bu\u011fulu sesi nereden hangi gezegenden klonlad\u0131 acaba\u201d diye d\u00fc\u015f\u00fcnd\u00fc. \u201cTANRININ G\u00d6Z\u00dc\u201d \u00f6yk\u00fcs\u00fcnden \u201cD\u00fcnyan\u0131n hangi hayvanat bah\u00e7esinde t\u0131p fak\u00fcltesi var. Sence bu goriller oradan m\u0131 mezun? Unuttun galiba! Hani kayboldu\u011fumuz ilk g\u00fcn nehrin kenar\u0131nda \u00fc\u00e7 metre boyunda bir s\u00fcr\u00fc timsah g\u00f6rm\u00fc\u015ft\u00fck ya! Hatta 1-2 tanesi kuyruklar\u0131n\u0131n \u00fcst\u00fcne kalkarak pe\u015fimizden ko\u015fmu\u015ftu ya! Ona ne diyeceksin?!\u201d diyerek cevap verdi. Kenan \u201cHakikaten lan! K\u0131z\u0131l\u0131rmak nehrinde timsah ne arar? O neydi \u00f6yle! Korkudan alt\u0131m\u0131za edecektik neredeyse. \u015eimdi daha iyi hat\u0131rlad\u0131m.\u201d \u201c\u00c7UKUR\u201d \u00f6yk\u00fcs\u00fcnden <\/p>\n","protected":false},"excerpt":{"rendered":"<p>Bacaklar\u0131 sadece Corona Australis tak\u0131my\u0131ld\u0131z\u0131n\u0131n gezegenlerinde bulunan albino bir yarat\u0131ktan, ayaklar\u0131 ise D\u00fcnya gezegenindeki bir ceylandan geliyordu. \u015eu ana kadar 75 do\u011fum yapmas\u0131na ra\u011fmen v\u00fccudu 100.<span class=\"excerpt-hellip\"> [\u2026]<\/span><\/p>\n","protected":false},"featured_media":0,"template":"","meta":{"_monsterinsights_skip_tracking":false,"_monsterinsights_sitenote_active":false,"_monsterinsights_sitenote_note":"","_monsterinsights_sitenote_category":0},"product_brand":[],"product_cat":[12540,12291],"product_tag":[],"class_list":{"0":"post-750326","1":"product","2":"type-product","3":"status-publish","5":"product_cat-bilim-kurgu","6":"product_cat-edebiyat","7":"pa_cilt-ciltsiz","8":"pa_tur-kitap","9":"pa_yayinevi-eksik-parca-yayinlari","10":"pa_yazar-attila-erturk-ozan-erturk","12":"first","13":"instock","14":"sale","15":"shipping-taxable","16":"purchasable","17":"product-type-simple"},"_links":{"self":[{"href":"https:\/\/roveyayinevi.com.tr\/index.php\/wp-json\/wp\/v2\/product\/750326","targetHints":{"allow":["GET"]}}],"collection":[{"href":"https:\/\/roveyayinevi.com.tr\/index.php\/wp-json\/wp\/v2\/product"}],"about":[{"href":"https:\/\/roveyayinevi.com.tr\/index.php\/wp-json\/wp\/v2\/types\/product"}],"wp:attachment":[{"href":"https:\/\/roveyayinevi.com.tr\/index.php\/wp-json\/wp\/v2\/media?parent=750326"}],"wp:term":[{"taxonomy":"product_brand","embeddable":true,"href":"https:\/\/roveyayinevi.com.tr\/index.php\/wp-json\/wp\/v2\/product_brand?post=750326"},{"taxonomy":"product_cat","embeddable":true,"href":"https:\/\/roveyayinevi.com.tr\/index.php\/wp-json\/wp\/v2\/product_cat?post=750326"},{"taxonomy":"product_tag","embeddable":true,"href":"https:\/\/roveyayinevi.com.tr\/index.php\/wp-json\/wp\/v2\/product_tag?post=750326"}],"curies":[{"name":"wp","href":"https:\/\/api.w.org\/{rel}","templated":true}]}}