{"id":750319,"date":"2025-08-28T04:18:00","date_gmt":"2025-08-28T01:18:00","guid":{"rendered":"https:\/\/roveyayinevi.com.tr\/index.php\/urun\/akilbaz-karanligin-ac-cocuklari\/"},"modified":"2026-04-16T03:03:38","modified_gmt":"2026-04-16T00:03:38","slug":"akilbaz-karanligin-ac-cocuklari","status":"publish","type":"product","link":"https:\/\/roveyayinevi.com.tr\/index.php\/urun\/akilbaz-karanligin-ac-cocuklari\/","title":{"rendered":"Ak\u0131lbaz &#8211; Karanl\u0131\u011f\u0131n A\u00e7 \u00c7ocuklar\u0131"},"content":{"rendered":"<p>Hilde kasabas\u0131n\u0131n sokaklar\u0131nda paranormal hik\u00e2yeleriyle me\u015fhur sarho\u015f bir adam; Sezgiler Bilim \u00dcniversitesi&#8217;nin gizli ge\u00e7itlerini ve gizemli olaylar\u0131n\u0131 anlat\u0131yordu. Baz\u0131lar\u0131 onun hik\u00e2yelerine inand\u0131lar, baz\u0131lar\u0131ysa sadece \u015fehir efsanesi olarak g\u00f6rd\u00fcler. Ancak hi\u00e7 kimse bu paranormal hik\u00e2yelerin asl\u0131nda bir su\u00e7 \u00e7etesiyle ba\u011flant\u0131l\u0131 olabilece\u011fini beklemiyordu.   Gizem, gerilim, karanl\u0131ktan do\u011fan bir a\u015fk ve her an rengi de\u011fi\u015fen ger\u00e7ekler&#8230; G\u00f6steri ba\u015flad\u0131\u011f\u0131 andan itibaren \u00e7\u0131t \u00e7\u0131kmayacak. Gerilmi\u015f ipin \u00fczerinde y\u00fcr\u00fcyen cambazdan daha tehlikelisi. Gerilmi\u015f kaderin \u00fczerinde y\u00fcr\u00fcyen bir Ak\u0131lbaz.   &#8220;Seni bu batakl\u0131kta tan\u0131mak istemezdim sevgilim. Hele ki o batakl\u0131\u011f\u0131n \u00fczerinde kurulu d\u00fczeni sa\u011flayan adam olarak kar\u015f\u0131na \u00e7\u0131kmay\u0131 hi\u00e7 istemezdim.&#8221; <\/p>\n","protected":false},"excerpt":{"rendered":"<p>Hilde kasabas\u0131n\u0131n sokaklar\u0131nda paranormal hik\u00e2yeleriyle me\u015fhur sarho\u015f bir adam; Sezgiler Bilim \u00dcniversitesi&#8217;nin gizli ge\u00e7itlerini ve gizemli olaylar\u0131n\u0131 anlat\u0131yordu. Baz\u0131lar\u0131 onun hik\u00e2yelerine inand\u0131lar, baz\u0131lar\u0131ysa sadece \u015fehir efsanesi<span class=\"excerpt-hellip\"> [\u2026]<\/span><\/p>\n","protected":false},"featured_media":0,"template":"","meta":{"_monsterinsights_skip_tracking":false,"_monsterinsights_sitenote_active":false,"_monsterinsights_sitenote_note":"","_monsterinsights_sitenote_category":0},"product_brand":[],"product_cat":[12803,12291],"product_tag":[],"class_list":{"0":"post-750319","1":"product","2":"type-product","3":"status-publish","5":"product_cat-aksiyon-macera","6":"product_cat-edebiyat","7":"pa_cilt-ciltsiz","8":"pa_tur-kitap","9":"pa_yayinevi-dokuz-yayinlari","10":"pa_yazar-lefazen-bahar-karakus","12":"first","13":"instock","14":"sale","15":"shipping-taxable","16":"purchasable","17":"product-type-simple"},"_links":{"self":[{"href":"https:\/\/roveyayinevi.com.tr\/index.php\/wp-json\/wp\/v2\/product\/750319","targetHints":{"allow":["GET"]}}],"collection":[{"href":"https:\/\/roveyayinevi.com.tr\/index.php\/wp-json\/wp\/v2\/product"}],"about":[{"href":"https:\/\/roveyayinevi.com.tr\/index.php\/wp-json\/wp\/v2\/types\/product"}],"wp:attachment":[{"href":"https:\/\/roveyayinevi.com.tr\/index.php\/wp-json\/wp\/v2\/media?parent=750319"}],"wp:term":[{"taxonomy":"product_brand","embeddable":true,"href":"https:\/\/roveyayinevi.com.tr\/index.php\/wp-json\/wp\/v2\/product_brand?post=750319"},{"taxonomy":"product_cat","embeddable":true,"href":"https:\/\/roveyayinevi.com.tr\/index.php\/wp-json\/wp\/v2\/product_cat?post=750319"},{"taxonomy":"product_tag","embeddable":true,"href":"https:\/\/roveyayinevi.com.tr\/index.php\/wp-json\/wp\/v2\/product_tag?post=750319"}],"curies":[{"name":"wp","href":"https:\/\/api.w.org\/{rel}","templated":true}]}}