{"id":750311,"date":"2025-08-28T04:17:50","date_gmt":"2025-08-28T01:17:50","guid":{"rendered":"https:\/\/roveyayinevi.com.tr\/index.php\/urun\/dakikalar-icinde-milli-mucadele\/"},"modified":"2026-04-16T03:03:37","modified_gmt":"2026-04-16T00:03:37","slug":"dakikalar-icinde-milli-mucadele","status":"publish","type":"product","link":"https:\/\/roveyayinevi.com.tr\/index.php\/urun\/dakikalar-icinde-milli-mucadele\/","title":{"rendered":"Dakikalar \u0130\u00e7inde Milli M\u00fccadele"},"content":{"rendered":"<p>MONDROS\u2019TAN MUDANYA\u2019YA T\u00dcM Y\u00d6NLER\u0130YLE M\u0130LL\u00ce M\u00dcCADELE Mill\u00ee M\u00fccadele ne zaman ba\u015flad\u0131? Sadece Yunanl\u0131lara kar\u015f\u0131 m\u0131 sava\u015f\u0131ld\u0131? D\u00fc\u015fmana ilk kur\u015funu Hasan Tahsin mi atm\u0131\u015ft\u0131? Mill\u00ee M\u00fccadele ne zaman ve nas\u0131l bitti? \u0130stanbul ger\u00e7ekten tek kur\u015fun at\u0131lmadan m\u0131 terk edildi? Mustafa Kemal Pa\u015fa, Mill\u00ee M\u00fccadele\u2019ye ne zaman ba\u015flamay\u0131 d\u00fc\u015f\u00fcnd\u00fc? \u0130ngilizler, Frans\u0131zlar, Ruslar, \u0130talyanlar sava\u015f\u0131n neresindeydiler? Mondros M\u00fctarekesi, Band\u0131rma Vapuru, Sivas Kongresi, Misak-\u0131 Mill\u00ee, Malta S\u00fcrg\u00fcnleri, Sevr Antla\u015fmas\u0131, Kuvay-\u0131 Milliye, Hilafet Ordusu, Sakarya Meydan Muharebesi, B\u00fcy\u00fck Taarruz, Tekalif-i Milliye, Ankara Antla\u015fmas\u0131, \u0130lk Hedef Akdeniz!, \u0130zmir Yang\u0131n\u0131, \u00c7anak Krizi, Edirne\u2019de T\u00fcrk bayra\u011f\u0131, \u0130stanbul\u2019un kurtulu\u015fu, Mudanya M\u00fctarekesi ve Mill\u00ee M\u00fccadele\u2019ye dair merak etti\u011finiz her \u015fey\u2026 Dakikalar \u0130\u00e7inde Mill\u00ee M\u00fccadele Mondros M\u00fctarekesi\u2019nden ba\u015flayan ve Mudanya M\u00fctarekesi ile biten \u015fanl\u0131 m\u00fccadelenin her a\u015famas\u0131n\u0131 farkl\u0131 y\u00f6nleriyle ad\u0131m ad\u0131m, 200 kavram, olay ve ki\u015fi \u00fczerinden yine baz\u0131lar\u0131n\u0131 ilk defa g\u00f6rece\u011finiz 200 g\u00f6rsel ile anlatan ve k\u00fc\u00e7\u00fckten b\u00fcy\u00fc\u011fe herkesin zevkle okuyabilece\u011fi bir kitap\u2026 <\/p>\n","protected":false},"excerpt":{"rendered":"<p>MONDROS\u2019TAN MUDANYA\u2019YA T\u00dcM Y\u00d6NLER\u0130YLE M\u0130LL\u00ce M\u00dcCADELE Mill\u00ee M\u00fccadele ne zaman ba\u015flad\u0131? Sadece Yunanl\u0131lara kar\u015f\u0131 m\u0131 sava\u015f\u0131ld\u0131? D\u00fc\u015fmana ilk kur\u015funu Hasan Tahsin mi atm\u0131\u015ft\u0131? Mill\u00ee M\u00fccadele ne<span class=\"excerpt-hellip\"> [\u2026]<\/span><\/p>\n","protected":false},"featured_media":0,"template":"","meta":{"_monsterinsights_skip_tracking":false,"_monsterinsights_sitenote_active":false,"_monsterinsights_sitenote_note":"","_monsterinsights_sitenote_category":0},"product_brand":[],"product_cat":[12304],"product_tag":[],"class_list":{"0":"post-750311","1":"product","2":"type-product","3":"status-publish","5":"product_cat-tarih","6":"pa_cilt-ciltsiz","7":"pa_tur-kitap","8":"pa_yayinevi-kronik-kitap","9":"pa_yazar-selim-erdogan","11":"first","12":"instock","13":"sale","14":"shipping-taxable","15":"purchasable","16":"product-type-simple"},"_links":{"self":[{"href":"https:\/\/roveyayinevi.com.tr\/index.php\/wp-json\/wp\/v2\/product\/750311","targetHints":{"allow":["GET"]}}],"collection":[{"href":"https:\/\/roveyayinevi.com.tr\/index.php\/wp-json\/wp\/v2\/product"}],"about":[{"href":"https:\/\/roveyayinevi.com.tr\/index.php\/wp-json\/wp\/v2\/types\/product"}],"wp:attachment":[{"href":"https:\/\/roveyayinevi.com.tr\/index.php\/wp-json\/wp\/v2\/media?parent=750311"}],"wp:term":[{"taxonomy":"product_brand","embeddable":true,"href":"https:\/\/roveyayinevi.com.tr\/index.php\/wp-json\/wp\/v2\/product_brand?post=750311"},{"taxonomy":"product_cat","embeddable":true,"href":"https:\/\/roveyayinevi.com.tr\/index.php\/wp-json\/wp\/v2\/product_cat?post=750311"},{"taxonomy":"product_tag","embeddable":true,"href":"https:\/\/roveyayinevi.com.tr\/index.php\/wp-json\/wp\/v2\/product_tag?post=750311"}],"curies":[{"name":"wp","href":"https:\/\/api.w.org\/{rel}","templated":true}]}}