{"id":750309,"date":"2025-08-28T04:17:48","date_gmt":"2025-08-28T01:17:48","guid":{"rendered":"https:\/\/roveyayinevi.com.tr\/index.php\/urun\/kisa-dunya-tarihi-4\/"},"modified":"2026-04-16T03:03:37","modified_gmt":"2026-04-16T00:03:37","slug":"kisa-dunya-tarihi-4","status":"publish","type":"product","link":"https:\/\/roveyayinevi.com.tr\/index.php\/urun\/kisa-dunya-tarihi-4\/","title":{"rendered":"K\u0131sa D\u00fcnya Tarihi"},"content":{"rendered":"<p>B\u0130R SOLUKTA D\u00dcNYANIN VE UYGARLI\u011eIN TAR\u0130H\u0130\u2026   Yazd\u0131\u011f\u0131 yirmiden fazla kitap ve ald\u0131\u011f\u0131 \u00e7ok say\u0131da uluslararas\u0131 \u00f6d\u00fclle ad\u0131ndan s\u00f6z ettiren, D\u00fcnya Tarihi kitab\u0131 T\u00fcrk\u00e7enin yan\u0131 s\u0131ra pek \u00e7ok dile terc\u00fcme edilen usta tarih\u00e7i William H. McNeill, okurlar\u0131n\u0131n kar\u015f\u0131s\u0131na bu kez o\u011fluyla birlikte kaleme ald\u0131\u011f\u0131 K\u0131sa D\u00fcnya Tarihi\u2019yle \u00e7\u0131k\u0131yor.   \u0130nsanl\u0131k olarak daima ge\u00e7mi\u015fimizi merak ederiz. \u0130nsan t\u00fcr\u00fcn\u00fcn nas\u0131l ortaya \u00e7\u0131kt\u0131\u011f\u0131na, d\u00fcnyay\u0131 nas\u0131l etkiledi\u011fine ve d\u00fcnyan\u0131n insan\u0131 nas\u0131l etkiledi\u011fine dair sorular sorar\u0131z. Kimimiz bu sorular\u0131n \u00fczerinde pek durmazken, kimimiz ise ciddi ara\u015ft\u0131rmalar yapar, yo\u011fun \u015fekilde \u00e7al\u0131\u015f\u0131r ve cevaplar \u00fcretir. \u00dcnl\u00fc tarih\u00e7iler William H. McNeill ve John R. McNeill da bu sorulara ciddi ara\u015ft\u0131rmalarla cevap vermek isteyenlerden.   \u0130lk uygarl\u0131klar nas\u0131l, ne zaman ve nerede ortaya \u00e7\u0131kt\u0131lar? Yahudilik, H\u0131ristiyanl\u0131k, Budizm ve \u0130slam, do\u011fduklar\u0131 co\u011frafya ve \u00f6telerinde nas\u0131l birle\u015ftirici g\u00fc\u00e7 haline geldi? Neden tar\u0131m yedi kez, buhar makinesi ise bir kez icat edildi? Ticaretin ve etkile\u015fimin art\u0131\u015f\u0131 insanl\u0131\u011f\u0131 nas\u0131l geli\u015ftirdi? Baba-o\u011ful iki \u00f6nemli tarih\u00e7i, d\u00fcnyaya bat\u0131 odakl\u0131 bakmak yerine bu sorulara daha geni\u015f pencereden \u00f6zg\u00fcn cevaplar bularak okuru Japon Tak\u0131madalar\u0131\u2019ndan Meksika K\u00f6rfezi\u2019ne, Afrika savanalar\u0131ndan Sibirya\u2019n\u0131n donmu\u015f tundralar\u0131na e\u015fsiz bir yolculu\u011fa \u00e7\u0131kar\u0131yor. K\u0131sa D\u00fcnya Tarihi, G\u0131lgam\u0131\u015f gibi antik krallardan Napolyon gibi \u015fanl\u0131 imparatorlara, mucitlerden bilim adamlar\u0131na, Mezopotamya\u2019dan Roma\u2019ya, R\u00f6nesans\u2019tan Frans\u0131z Devrimi\u2019ne, Y\u00fcz Y\u0131l Sava\u015flar\u0131\u2019ndan \u0130kinci D\u00fcnya Sava\u015f\u0131\u2019na insanl\u0131\u011f\u0131n bug\u00fcne dek g\u00f6\u00e7lerle, sava\u015flarla, b\u00fcy\u00fck k\u0131y\u0131mlarla, ticaretle ve devrimlerle etkile\u015fime girdi\u011fi uygarl\u0131k noktalar\u0131na odaklan\u0131yor ve yo\u011fun bir okuma deneyimi sunuyor. \u00c7evresel veya k\u00fclt\u00fcrel her t\u00fcrl\u00fc kal\u0131ptan ka\u00e7\u0131nan K\u0131sa D\u00fcnya Tarihi, zengin, canl\u0131 ve s\u00fcr\u00fckleyici anlat\u0131m\u0131yla bizi d\u00fcnya ve insanl\u0131k tarihinde keyifli bir yolculu\u011fa \u00e7\u0131kar\u0131yor. K\u0131sa D\u00fcnya Tarihi, insanl\u0131\u011f\u0131n binlerce y\u0131ll\u0131k tarihini merak eden herkesin okumas\u0131 gereken bir kitap. <\/p>\n","protected":false},"excerpt":{"rendered":"<p>B\u0130R SOLUKTA D\u00dcNYANIN VE UYGARLI\u011eIN TAR\u0130H\u0130\u2026 Yazd\u0131\u011f\u0131 yirmiden fazla kitap ve ald\u0131\u011f\u0131 \u00e7ok say\u0131da uluslararas\u0131 \u00f6d\u00fclle ad\u0131ndan s\u00f6z ettiren, D\u00fcnya Tarihi kitab\u0131 T\u00fcrk\u00e7enin yan\u0131 s\u0131ra pek<span class=\"excerpt-hellip\"> [\u2026]<\/span><\/p>\n","protected":false},"featured_media":0,"template":"","meta":{"_monsterinsights_skip_tracking":false,"_monsterinsights_sitenote_active":false,"_monsterinsights_sitenote_note":"","_monsterinsights_sitenote_category":0},"product_brand":[],"product_cat":[12304],"product_tag":[],"class_list":{"0":"post-750309","1":"product","2":"type-product","3":"status-publish","5":"product_cat-tarih","6":"pa_cilt-ciltsiz","7":"pa_tur-kitap","8":"pa_yayinevi-kronik-kitap","9":"pa_yazar-william-h-mcneill","11":"first","12":"instock","13":"sale","14":"shipping-taxable","15":"purchasable","16":"product-type-simple"},"_links":{"self":[{"href":"https:\/\/roveyayinevi.com.tr\/index.php\/wp-json\/wp\/v2\/product\/750309","targetHints":{"allow":["GET"]}}],"collection":[{"href":"https:\/\/roveyayinevi.com.tr\/index.php\/wp-json\/wp\/v2\/product"}],"about":[{"href":"https:\/\/roveyayinevi.com.tr\/index.php\/wp-json\/wp\/v2\/types\/product"}],"wp:attachment":[{"href":"https:\/\/roveyayinevi.com.tr\/index.php\/wp-json\/wp\/v2\/media?parent=750309"}],"wp:term":[{"taxonomy":"product_brand","embeddable":true,"href":"https:\/\/roveyayinevi.com.tr\/index.php\/wp-json\/wp\/v2\/product_brand?post=750309"},{"taxonomy":"product_cat","embeddable":true,"href":"https:\/\/roveyayinevi.com.tr\/index.php\/wp-json\/wp\/v2\/product_cat?post=750309"},{"taxonomy":"product_tag","embeddable":true,"href":"https:\/\/roveyayinevi.com.tr\/index.php\/wp-json\/wp\/v2\/product_tag?post=750309"}],"curies":[{"name":"wp","href":"https:\/\/api.w.org\/{rel}","templated":true}]}}