{"id":750305,"date":"2025-08-28T04:17:43","date_gmt":"2025-08-28T01:17:43","guid":{"rendered":"https:\/\/roveyayinevi.com.tr\/index.php\/urun\/mogol-savas-sanati\/"},"modified":"2026-04-16T03:03:37","modified_gmt":"2026-04-16T00:03:37","slug":"mogol-savas-sanati","status":"publish","type":"product","link":"https:\/\/roveyayinevi.com.tr\/index.php\/urun\/mogol-savas-sanati\/","title":{"rendered":"Mo\u011fol Sava\u015f Sanat\u0131"},"content":{"rendered":"<p>D\u00dcNYA FAT\u0130H\u0130 MO\u011eOL ORDUSUNUN ASKER\u00ce TAKT\u0130K VE STRATEJ\u0130LER\u0130\u2026 On \u00fc\u00e7\u00fcnc\u00fc y\u00fczy\u0131lda Cengiz Han\u2019\u0131n Mo\u011fol \u0130mparatorlu\u011fu, Asya bozk\u0131rlar\u0131ndan Do\u011fu Avrupa\u2019ya uzanan s\u0131n\u0131rlar\u0131yla tarihteki di\u011fer t\u00fcm imparatorluklardan \u00e7ok daha fazla toprak fethetti. Peki, b\u00f6ylesi muazzam bir asker\u00ee ba\u015far\u0131y\u0131 nas\u0131l sergilediler? Mo\u011follara dair \u00e7ok say\u0131da kitap ve makale kaleme al\u0131p alana yeni bir soluk getiren Timothy May, Mo\u011fol Sava\u015f Sanat\u0131\u2019nda hem Do\u011fu hem de Bat\u0131\u2019n\u0131n birincil kaynaklar\u0131na dayanarak Mo\u011follar\u0131n sava\u015fa yakla\u015f\u0131m\u0131n\u0131 detayl\u0131 ve b\u00fcy\u00fcleyici \u015fekilde anlat\u0131yor. May, Mo\u011fol ordu yap\u0131s\u0131n\u0131, taktik ve stratejilerini, sava\u015f etkinli\u011fine katk\u0131da bulunan psikolojik ve k\u00fclt\u00fcrel fakt\u00f6rleri inceliyor. Cengiz Han\u2019\u0131n Mo\u011fol ulusunu birle\u015ftirme m\u00fccadelesiyle ba\u015flayan eser, Mo\u011fol sava\u015f makinesinin zaman i\u00e7erisindeki evrimini de maharetle tasvir ediyor. Yazar, Mo\u011fol taktikleri ve konar-g\u00f6\u00e7erlerin d\u00fcnya tarihindeki rol\u00fc, asker\u00ee terminolojinin geli\u015fimi ve farkl\u0131 medeniyetler aras\u0131ndaki etkile\u015fimler gibi konulara da de\u011finerek Mo\u011fol ordusunun d\u00fcnyaya etkisine daha geni\u015f bir pencereden bak\u0131yor. May, Mo\u011fol sava\u015f sanat\u0131n\u0131 anlaman\u0131n yaln\u0131zca Mo\u011fol \u0130mparatorlu\u011fu\u2019nu de\u011fil, ayn\u0131 zamanda Orta \u00c7a\u011f sava\u015f ve diplomasi d\u00fcnyas\u0131n\u0131 kavramak i\u00e7in de kilit \u00f6nem arz etti\u011fini belirtiyor. Timothy May\u2019in usta kalemi ve Mustafa Uyar\u2019\u0131n yetkin \u00e7evirisiyle Mo\u011fol ordusunun asker al\u0131m\u0131ndan e\u011fitimlerine, talimlerinden te\u00e7hizat\u0131na, sevk ve idaresinden ikmal sistemlerine kadar b\u00fct\u00fcn yap\u0131s\u0131na h\u00e2kim olacaks\u0131n\u0131z. Mo\u011fol Sava\u015f Sanat\u0131, okuyucuyu t\u0131knaz Mo\u011fol at\u0131na bindirerek tarihin en azametli ve \u00fcrk\u00fct\u00fcc\u00fc ordusunun tan\u0131\u011f\u0131, hatta bir par\u00e7as\u0131 haline getiriyor. Mo\u011fol Sava\u015f Sanat\u0131, asker\u00ee tarih, d\u00fcnya tarihi ve strateji sanat\u0131yla ilgilenen herkesin okumas\u0131 gereken bir kitap. <\/p>\n","protected":false},"excerpt":{"rendered":"<p>D\u00dcNYA FAT\u0130H\u0130 MO\u011eOL ORDUSUNUN ASKER\u00ce TAKT\u0130K VE STRATEJ\u0130LER\u0130\u2026 On \u00fc\u00e7\u00fcnc\u00fc y\u00fczy\u0131lda Cengiz Han\u2019\u0131n Mo\u011fol \u0130mparatorlu\u011fu, Asya bozk\u0131rlar\u0131ndan Do\u011fu Avrupa\u2019ya uzanan s\u0131n\u0131rlar\u0131yla tarihteki di\u011fer t\u00fcm imparatorluklardan \u00e7ok<span class=\"excerpt-hellip\"> [\u2026]<\/span><\/p>\n","protected":false},"featured_media":0,"template":"","meta":{"_monsterinsights_skip_tracking":false,"_monsterinsights_sitenote_active":false,"_monsterinsights_sitenote_note":"","_monsterinsights_sitenote_category":0},"product_brand":[],"product_cat":[12304],"product_tag":[],"class_list":{"0":"post-750305","1":"product","2":"type-product","3":"status-publish","5":"product_cat-tarih","6":"pa_cilt-ciltsiz","7":"pa_tur-kitap","8":"pa_yayinevi-kronik-kitap","9":"pa_yazar-timothy-may","11":"first","12":"instock","13":"sale","14":"shipping-taxable","15":"purchasable","16":"product-type-simple"},"_links":{"self":[{"href":"https:\/\/roveyayinevi.com.tr\/index.php\/wp-json\/wp\/v2\/product\/750305","targetHints":{"allow":["GET"]}}],"collection":[{"href":"https:\/\/roveyayinevi.com.tr\/index.php\/wp-json\/wp\/v2\/product"}],"about":[{"href":"https:\/\/roveyayinevi.com.tr\/index.php\/wp-json\/wp\/v2\/types\/product"}],"wp:attachment":[{"href":"https:\/\/roveyayinevi.com.tr\/index.php\/wp-json\/wp\/v2\/media?parent=750305"}],"wp:term":[{"taxonomy":"product_brand","embeddable":true,"href":"https:\/\/roveyayinevi.com.tr\/index.php\/wp-json\/wp\/v2\/product_brand?post=750305"},{"taxonomy":"product_cat","embeddable":true,"href":"https:\/\/roveyayinevi.com.tr\/index.php\/wp-json\/wp\/v2\/product_cat?post=750305"},{"taxonomy":"product_tag","embeddable":true,"href":"https:\/\/roveyayinevi.com.tr\/index.php\/wp-json\/wp\/v2\/product_tag?post=750305"}],"curies":[{"name":"wp","href":"https:\/\/api.w.org\/{rel}","templated":true}]}}