{"id":750287,"date":"2025-08-28T04:17:15","date_gmt":"2025-08-28T01:17:15","guid":{"rendered":"https:\/\/roveyayinevi.com.tr\/index.php\/urun\/kayip-kutuphaneler\/"},"modified":"2026-04-16T03:03:37","modified_gmt":"2026-04-16T00:03:37","slug":"kayip-kutuphaneler","status":"publish","type":"product","link":"https:\/\/roveyayinevi.com.tr\/index.php\/urun\/kayip-kutuphaneler\/","title":{"rendered":"Kay\u0131p K\u00fct\u00fcphaneler"},"content":{"rendered":"<p>Bu \u00f6nc\u00fc derleme, antik \u00e7a\u011flardan g\u00fcn\u00fcm\u00fcze b\u00fcy\u00fck kitap koleksiyonlar\u0131n\u0131n yok olu\u015funu incelerken, k\u00fct\u00fcphane kay\u0131plar\u0131n\u0131n yol a\u00e7t\u0131\u011f\u0131 entelekt\u00fcel, siyasi ve k\u00fclt\u00fcrel sonu\u00e7lar\u0131 ara\u015ft\u0131r\u0131yor. Mezopotamya ve \u0130skenderiye\u2019nin kaybolan \u00fcnl\u00fc k\u00fct\u00fcphanelerinden manast\u0131r ve kraliyet koleksiyonlar\u0131n\u0131n da\u011f\u0131t\u0131lmas\u0131na, Nazilerin Yahudi k\u00fct\u00fcphanelerini yok etmesine ve yak\u0131n zamanda sald\u0131r\u0131 ve i\u015fgalin hedefindeki Tibet, Bosna ve Irak\u2019ta kitaplar\u0131n ya\u011fmalanmas\u0131 ve yak\u0131lmas\u0131na kadar k\u00fct\u00fcphane tarihindeki en b\u00fcy\u00fck felaketlerin ilk kez kar\u015f\u0131la\u015ft\u0131rmal\u0131 olarak tart\u0131\u015f\u0131ld\u0131\u011f\u0131 Kay\u0131p K\u00fct\u00fcphaneler: \u0130lk \u00c7a\u011fdan Bugu\u0308ne Bu\u0308yu\u0308k Kitap Koleksiyonlar\u0131n\u0131n Yok Olu\u015fu\u2019nda, bir\u00e7ok \u00f6nemli k\u00fct\u00fcphane zayiat\u0131n\u0131n ve k\u00fclt\u00fcrel y\u0131k\u0131m\u0131n yeniden de\u011ferlendirildi\u011fi on d\u00f6rt \u00f6zg\u00fcn makale yer al\u0131yor. \u201cK\u00fct\u00fcphanelerin birka\u00e7 bin y\u0131ld\u0131r oynad\u0131\u011f\u0131 karma\u015f\u0131k rol\u00fcn etrafl\u0131ca d\u00fc\u015f\u00fcn\u00fclmesi i\u00e7in bu \u00e7al\u0131\u015fman\u0131n ortaya koydu\u011fu tepki \u00f6fkenin de \u00f6tesine ge\u00e7iyor&#8230;\u201d \u2014The Times Literary Supplement \u201cKitaplara ve k\u00fct\u00fcphanelere ilgi duyan her okur, merak uyand\u0131racak ve bilgilendirecek pek \u00e7ok \u015feyi bu kitapta bulacakt\u0131r fakat dahas\u0131 da var: Kitap, k\u00fct\u00fcphanelerin kayb\u0131 ve yok edilmesinin anlam\u0131 \u00fczerine d\u00fc\u015f\u00fcnmek i\u00e7in okura \u00e7ok fazla alan sunuyor. Her bir b\u00f6l\u00fcm\u00fcn bile aktard\u0131\u011f\u0131 bir\u00e7ok ilgi \u00e7ekici tema var. Kitap ve k\u00fct\u00fcphane k\u00fclt\u00fcr\u00fcn\u00fcn ve tarihinin t\u00fcm y\u00f6nleriyle ele al\u0131nd\u0131\u011f\u0131 bu \u00e7al\u0131\u015fma, ilgililere y\u00fcrekten bir tavsiye niteli\u011finde.\u201d \u2014Paul Sturges, K\u00fct\u00fcphane Tarih\u00e7isi <\/p>\n","protected":false},"excerpt":{"rendered":"<p>Bu \u00f6nc\u00fc derleme, antik \u00e7a\u011flardan g\u00fcn\u00fcm\u00fcze b\u00fcy\u00fck kitap koleksiyonlar\u0131n\u0131n yok olu\u015funu incelerken, k\u00fct\u00fcphane kay\u0131plar\u0131n\u0131n yol a\u00e7t\u0131\u011f\u0131 entelekt\u00fcel, siyasi ve k\u00fclt\u00fcrel sonu\u00e7lar\u0131 ara\u015ft\u0131r\u0131yor. Mezopotamya ve \u0130skenderiye\u2019nin kaybolan<span class=\"excerpt-hellip\"> [\u2026]<\/span><\/p>\n","protected":false},"featured_media":0,"template":"","meta":{"_monsterinsights_skip_tracking":false,"_monsterinsights_sitenote_active":false,"_monsterinsights_sitenote_note":"","_monsterinsights_sitenote_category":0},"product_brand":[],"product_cat":[13072,12291],"product_tag":[],"class_list":{"0":"post-750287","1":"product","2":"type-product","3":"status-publish","5":"product_cat-arastirma-inceleme-referans","6":"product_cat-edebiyat","7":"pa_cilt-ciltsiz","8":"pa_tur-kitap","9":"pa_yayinevi-ketebe-yayinlari","10":"pa_yazar-kolektif","12":"first","13":"instock","14":"sale","15":"shipping-taxable","16":"purchasable","17":"product-type-simple"},"_links":{"self":[{"href":"https:\/\/roveyayinevi.com.tr\/index.php\/wp-json\/wp\/v2\/product\/750287","targetHints":{"allow":["GET"]}}],"collection":[{"href":"https:\/\/roveyayinevi.com.tr\/index.php\/wp-json\/wp\/v2\/product"}],"about":[{"href":"https:\/\/roveyayinevi.com.tr\/index.php\/wp-json\/wp\/v2\/types\/product"}],"wp:attachment":[{"href":"https:\/\/roveyayinevi.com.tr\/index.php\/wp-json\/wp\/v2\/media?parent=750287"}],"wp:term":[{"taxonomy":"product_brand","embeddable":true,"href":"https:\/\/roveyayinevi.com.tr\/index.php\/wp-json\/wp\/v2\/product_brand?post=750287"},{"taxonomy":"product_cat","embeddable":true,"href":"https:\/\/roveyayinevi.com.tr\/index.php\/wp-json\/wp\/v2\/product_cat?post=750287"},{"taxonomy":"product_tag","embeddable":true,"href":"https:\/\/roveyayinevi.com.tr\/index.php\/wp-json\/wp\/v2\/product_tag?post=750287"}],"curies":[{"name":"wp","href":"https:\/\/api.w.org\/{rel}","templated":true}]}}