{"id":750286,"date":"2025-08-28T04:17:13","date_gmt":"2025-08-28T01:17:13","guid":{"rendered":"https:\/\/roveyayinevi.com.tr\/index.php\/urun\/po-tapatapa-macerasi-2\/"},"modified":"2026-04-16T03:03:37","modified_gmt":"2026-04-16T00:03:37","slug":"po-tapatapa-macerasi-2","status":"publish","type":"product","link":"https:\/\/roveyayinevi.com.tr\/index.php\/urun\/po-tapatapa-macerasi-2\/","title":{"rendered":"Po: TapaTapa Maceras\u0131"},"content":{"rendered":"<p>Ahmet \u015eerif \u0130zg\u00f6ren\u2019den co\u015fkulu, \u015fenlikli bir macera daha. Po: TapaTapa Maceras\u0131 adl\u0131 roman\u0131m\u0131z\u0131n yerinde duramayan sayfalar\u0131, bu kez de \u00e7izgi roman tutkunu minikler i\u00e7in dile geliyor. Hayat P\u0131nar\u0131 A\u011fac\u0131\u2019nda kelebek olmu\u015f iyilikler, reng\u00e2renk kanatlar\u0131yla macera seven okurlara konsun diye\u2026   ***   B\u00fcy\u00fcl\u00fc Orman\u2019\u0131n giri\u015finde son bir defa el ele tutu\u015ftular. \u201cNe olursa olsun birbirimizden ayr\u0131lmak yok\u201d dedi bilge g\u00f6bekpamuk\u00e7u\u011fu. \u201cOrmanda umut ve korku bir arada bulunur. Korkarsan\u0131z korkular \u00fczerinize gelir, umutlar\u0131n\u0131z\u0131 d\u00fc\u015f\u00fcn\u00fcrseniz onlarla dolars\u0131n\u0131z. Orman\u0131n bir taraf\u0131 karanl\u0131k, bir taraf\u0131 ayd\u0131nl\u0131kt\u0131r. Hep ayd\u0131nl\u0131k tarafa bak\u0131n, karanl\u0131k tarafa bakanlar\u0131n kalpleri korkuyla dolar.\u201d TapaTapa eskisi gibi ne\u015feli ve ayd\u0131nl\u0131k de\u011fil. Haris k\u00f6t\u00fcl\u00fcklerinin dozunu art\u0131rd\u0131. K\u00fc\u00e7\u00fck pifapuflar zor durumda, onlar\u0131n yoklu\u011funda Ya\u015fam Sevinci G\u00fcne\u015fi soldu solacak. Anlayaca\u011f\u0131n\u0131z, Po ve Simin i\u00e7in kollar\u0131 s\u0131vama zaman\u0131. Bu macerada ya\u015fam sevinci, cesaret, bilgi ve iyilik i\u00e7in TapaTapa sakinleriyle el ele verecekler. Ahmet \u015eerif \u0130zg\u00f6ren\u2019in hayal g\u00fcc\u00fc ve La\u00e7in Ak\u00e7ay\u2019\u0131n \u00e7izimleri de onlara e\u015flik edecek. <\/p>\n","protected":false},"excerpt":{"rendered":"<p>Ahmet \u015eerif \u0130zg\u00f6ren\u2019den co\u015fkulu, \u015fenlikli bir macera daha. Po: TapaTapa Maceras\u0131 adl\u0131 roman\u0131m\u0131z\u0131n yerinde duramayan sayfalar\u0131, bu kez de \u00e7izgi roman tutkunu minikler i\u00e7in dile geliyor.<span class=\"excerpt-hellip\"> [\u2026]<\/span><\/p>\n","protected":false},"featured_media":0,"template":"","meta":{"_monsterinsights_skip_tracking":false,"_monsterinsights_sitenote_active":false,"_monsterinsights_sitenote_note":"","_monsterinsights_sitenote_category":0},"product_brand":[],"product_cat":[12689,12274],"product_tag":[],"class_list":{"0":"post-750286","1":"product","2":"type-product","3":"status-publish","5":"product_cat-cizgi-roman-cocuk-ve-genclik-kitaplari","6":"product_cat-cocuk-ve-genclik-kitaplari","7":"pa_cilt-ciltsiz","8":"pa_tur-kitap","9":"pa_yayinevi-elma-cocuk","10":"pa_yazar-ahmet-serif-izgoren","12":"first","13":"instock","14":"sale","15":"shipping-taxable","16":"purchasable","17":"product-type-simple"},"_links":{"self":[{"href":"https:\/\/roveyayinevi.com.tr\/index.php\/wp-json\/wp\/v2\/product\/750286","targetHints":{"allow":["GET"]}}],"collection":[{"href":"https:\/\/roveyayinevi.com.tr\/index.php\/wp-json\/wp\/v2\/product"}],"about":[{"href":"https:\/\/roveyayinevi.com.tr\/index.php\/wp-json\/wp\/v2\/types\/product"}],"wp:attachment":[{"href":"https:\/\/roveyayinevi.com.tr\/index.php\/wp-json\/wp\/v2\/media?parent=750286"}],"wp:term":[{"taxonomy":"product_brand","embeddable":true,"href":"https:\/\/roveyayinevi.com.tr\/index.php\/wp-json\/wp\/v2\/product_brand?post=750286"},{"taxonomy":"product_cat","embeddable":true,"href":"https:\/\/roveyayinevi.com.tr\/index.php\/wp-json\/wp\/v2\/product_cat?post=750286"},{"taxonomy":"product_tag","embeddable":true,"href":"https:\/\/roveyayinevi.com.tr\/index.php\/wp-json\/wp\/v2\/product_tag?post=750286"}],"curies":[{"name":"wp","href":"https:\/\/api.w.org\/{rel}","templated":true}]}}