{"id":750265,"date":"2025-08-28T04:16:38","date_gmt":"2025-08-28T01:16:38","guid":{"rendered":"https:\/\/roveyayinevi.com.tr\/index.php\/urun\/cagdas-etik-tartismalari\/"},"modified":"2026-04-16T03:03:36","modified_gmt":"2026-04-16T00:03:36","slug":"cagdas-etik-tartismalari","status":"publish","type":"product","link":"https:\/\/roveyayinevi.com.tr\/index.php\/urun\/cagdas-etik-tartismalari\/","title":{"rendered":"\u00c7a\u011fda\u015f Etik Tart\u0131\u015fmalar\u0131"},"content":{"rendered":"<p>\u00c7a\u011fda\u015f Felsefe Tart\u0131\u015fmalar\u0131 dizisi, okuru g\u00fcncel felsefeyle tan\u0131\u015ft\u0131rmay\u0131 ve akademik \u00e7al\u0131\u015fmalarda \u00e7er\u00e7eve sunacak bir ba\u015fvuru kayna\u011f\u0131 olmay\u0131 ama\u00e7l\u0131yor. Dizideki her bir kitap, ilgili alan\u0131n g\u00fcncel sorunlar\u0131n\u0131 tan\u0131tmas\u0131n\u0131n yan\u0131 s\u0131ra belirli bir konu ba\u011flam\u0131nda yazar\u0131n\u0131n kendine \u00f6zg\u00fc problemati\u011fini da ortaya koyuyor. Bu bak\u0131mdan dizi, b\u00fct\u00fcnl\u00fckl\u00fc bir bak\u0131\u015f sunan \u00f6zg\u00fcn eserlerden olu\u015fuyor. Akademik \u00e7al\u0131\u015fmalar\u0131n\u0131 etik alan\u0131nda yo\u011funla\u015ft\u0131ran Murad Omay, dizinin ilk kitab\u0131 \u00c7a\u011fda\u015f Etik Tart\u0131\u015fmalar\u0131\u2019nda, 20. y\u00fczy\u0131ldan g\u00fcn\u00fcm\u00fcze dek Bat\u0131 felsefesinde, etik alan\u0131nda ortaya \u00e7\u0131kan temel tart\u0131\u015fmalar\u0131 ve filozoflar\u0131n geli\u015ftirdi\u011fi g\u00f6r\u00fc\u015fleri ana hatlar\u0131yla inceliyor. Yazar, de\u011fer teorisi; normatif etik; uygulamal\u0131 etik ve metaeti\u011fin sorunlar\u0131n\u0131 ele al\u0131rken, temel kavramlar\u0131 tarih ve ba\u011flamlar\u0131yla a\u00e7\u0131kl\u0131\u011fa kavu\u015fturuyor. Eser, \u00e7a\u011fda\u015f eti\u011fin sorunlar\u0131n\u0131 T\u00fcrk\u00e7e d\u00fc\u015f\u00fcnmek isteyenler i\u00e7in \u00f6nemli bir imk\u00e2n sa\u011fl\u0131yor. <\/p>\n","protected":false},"excerpt":{"rendered":"<p>\u00c7a\u011fda\u015f Felsefe Tart\u0131\u015fmalar\u0131 dizisi, okuru g\u00fcncel felsefeyle tan\u0131\u015ft\u0131rmay\u0131 ve akademik \u00e7al\u0131\u015fmalarda \u00e7er\u00e7eve sunacak bir ba\u015fvuru kayna\u011f\u0131 olmay\u0131 ama\u00e7l\u0131yor. Dizideki her bir kitap, ilgili alan\u0131n g\u00fcncel sorunlar\u0131n\u0131<span class=\"excerpt-hellip\"> [\u2026]<\/span><\/p>\n","protected":false},"featured_media":0,"template":"","meta":{"_monsterinsights_skip_tracking":false,"_monsterinsights_sitenote_active":false,"_monsterinsights_sitenote_note":"","_monsterinsights_sitenote_category":0},"product_brand":[],"product_cat":[12388],"product_tag":[],"class_list":{"0":"post-750265","1":"product","2":"type-product","3":"status-publish","5":"product_cat-felsefe","6":"pa_cilt-ciltsiz","7":"pa_tur-kitap","8":"pa_yayinevi-vakifbank-kultur-yayinlari","9":"pa_yazar-murad-omay","11":"first","12":"instock","13":"sale","14":"shipping-taxable","15":"purchasable","16":"product-type-simple"},"_links":{"self":[{"href":"https:\/\/roveyayinevi.com.tr\/index.php\/wp-json\/wp\/v2\/product\/750265","targetHints":{"allow":["GET"]}}],"collection":[{"href":"https:\/\/roveyayinevi.com.tr\/index.php\/wp-json\/wp\/v2\/product"}],"about":[{"href":"https:\/\/roveyayinevi.com.tr\/index.php\/wp-json\/wp\/v2\/types\/product"}],"wp:attachment":[{"href":"https:\/\/roveyayinevi.com.tr\/index.php\/wp-json\/wp\/v2\/media?parent=750265"}],"wp:term":[{"taxonomy":"product_brand","embeddable":true,"href":"https:\/\/roveyayinevi.com.tr\/index.php\/wp-json\/wp\/v2\/product_brand?post=750265"},{"taxonomy":"product_cat","embeddable":true,"href":"https:\/\/roveyayinevi.com.tr\/index.php\/wp-json\/wp\/v2\/product_cat?post=750265"},{"taxonomy":"product_tag","embeddable":true,"href":"https:\/\/roveyayinevi.com.tr\/index.php\/wp-json\/wp\/v2\/product_tag?post=750265"}],"curies":[{"name":"wp","href":"https:\/\/api.w.org\/{rel}","templated":true}]}}