{"id":750250,"date":"2025-08-28T04:16:15","date_gmt":"2025-08-28T01:16:15","guid":{"rendered":"https:\/\/roveyayinevi.com.tr\/index.php\/urun\/sufi-tarotu\/"},"modified":"2026-04-16T03:03:36","modified_gmt":"2026-04-16T00:03:36","slug":"sufi-tarotu","status":"publish","type":"product","link":"https:\/\/roveyayinevi.com.tr\/index.php\/urun\/sufi-tarotu\/","title":{"rendered":"Sufi Tarotu"},"content":{"rendered":"<p>78 Kartl\u0131k Deste ve Rehber Kitap.   Hem tarotun hem de Sufizmin if\u015fa etmeye \u00e7al\u0131\u015ft\u0131\u011f\u0131 s\u0131rlar ayn\u0131d\u0131r. Sufiler i\u00e7in tu\u0308m bilgi \u00f6nce kendini bilmeye ba\u011fl\u0131d\u0131r. Sufizm \u201ckalbin yolu\u201d olarak da adland\u0131r\u0131l\u0131r \u00e7u\u0308nku\u0308 bu gelenek, bilin\u00e7li bir \u015fekilde i\u00e7sel olarak hareket etme, kalbin aynas\u0131n\u0131 parlatma ve b\u00f6ylece \u0130lahi Olan\u2019\u0131 yans\u0131tma su\u0308recidir. Benzer \u015fekilde, tarot da Bu\u0308yu\u0308k ve Ku\u0308\u00e7u\u0308k Arkanalar\u0131n ard\u0131ndaki mistik ger\u00e7eklerin \u00f6zu\u0308ne inmekle ilgilidir. Bu rehber kitap, her kart\u0131 Sufizm merce\u011finden yarat\u0131c\u0131 bir \u015fekilde yeniden ele al\u0131p yorumlamakta ve bunu yaparken de bu gelenekteki kadim mistik \u00f6\u011fretilerin, uygulamalar\u0131n ve \u015fifa tekniklerinin gu\u0308cu\u0308nu\u0308 payla\u015fmaktad\u0131r. <\/p>\n","protected":false},"excerpt":{"rendered":"<p>78 Kartl\u0131k Deste ve Rehber Kitap. Hem tarotun hem de Sufizmin if\u015fa etmeye \u00e7al\u0131\u015ft\u0131\u011f\u0131 s\u0131rlar ayn\u0131d\u0131r. Sufiler i\u00e7in tu\u0308m bilgi \u00f6nce kendini bilmeye ba\u011fl\u0131d\u0131r. Sufizm \u201ckalbin<span class=\"excerpt-hellip\"> [\u2026]<\/span><\/p>\n","protected":false},"featured_media":0,"template":"","meta":{"_monsterinsights_skip_tracking":false,"_monsterinsights_sitenote_active":false,"_monsterinsights_sitenote_note":"","_monsterinsights_sitenote_category":0},"product_brand":[],"product_cat":[19840,12364],"product_tag":[],"class_list":{"0":"post-750250","1":"product","2":"type-product","3":"status-publish","5":"product_cat-astroloji","6":"product_cat-genel-konular","7":"pa_cilt-ciltsiz","8":"pa_tur-kitap","9":"pa_yayinevi-butik-yayinlari","10":"pa_yazar-ayeda-husain","12":"first","13":"instock","14":"sale","15":"shipping-taxable","16":"purchasable","17":"product-type-simple"},"_links":{"self":[{"href":"https:\/\/roveyayinevi.com.tr\/index.php\/wp-json\/wp\/v2\/product\/750250","targetHints":{"allow":["GET"]}}],"collection":[{"href":"https:\/\/roveyayinevi.com.tr\/index.php\/wp-json\/wp\/v2\/product"}],"about":[{"href":"https:\/\/roveyayinevi.com.tr\/index.php\/wp-json\/wp\/v2\/types\/product"}],"wp:attachment":[{"href":"https:\/\/roveyayinevi.com.tr\/index.php\/wp-json\/wp\/v2\/media?parent=750250"}],"wp:term":[{"taxonomy":"product_brand","embeddable":true,"href":"https:\/\/roveyayinevi.com.tr\/index.php\/wp-json\/wp\/v2\/product_brand?post=750250"},{"taxonomy":"product_cat","embeddable":true,"href":"https:\/\/roveyayinevi.com.tr\/index.php\/wp-json\/wp\/v2\/product_cat?post=750250"},{"taxonomy":"product_tag","embeddable":true,"href":"https:\/\/roveyayinevi.com.tr\/index.php\/wp-json\/wp\/v2\/product_tag?post=750250"}],"curies":[{"name":"wp","href":"https:\/\/api.w.org\/{rel}","templated":true}]}}