{"id":750248,"date":"2025-08-28T04:16:12","date_gmt":"2025-08-28T01:16:12","guid":{"rendered":"https:\/\/roveyayinevi.com.tr\/index.php\/urun\/hayatim-avvakum\/"},"modified":"2026-04-16T03:03:36","modified_gmt":"2026-04-16T00:03:36","slug":"hayatim-avvakum","status":"publish","type":"product","link":"https:\/\/roveyayinevi.com.tr\/index.php\/urun\/hayatim-avvakum\/","title":{"rendered":"Hayat\u0131m (Avvakum)"},"content":{"rendered":"<p>Avvakum Petrovi\u00e7 Petrov (1620-1682): Protopop (Ba\u015fpapaz) Avvakum, Patrik Nikon\u2019un Rus kilisesinde yapt\u0131\u011f\u0131 reformlar\u0131 reddeden Eski \u0130nananlar\u0131n \u00f6nderlerindendi. Avvakum, Mezen\u2019e, sonra Pustozyorsk\u2019a s\u00fcr\u00fclm\u00fc\u015f, \u00f6nce sa\u00e7lar\u0131 kesilerek ruhban s\u0131n\u0131f\u0131ndan at\u0131lm\u0131\u015f, sonunda yak\u0131larak \u00f6ld\u00fcr\u00fclm\u00fc\u015ft\u00fcr. Nikonculara kar\u015f\u0131 m\u00fccadelesi s\u0131ras\u0131nda \u00e7ektiklerini, dini inan\u0131\u015f\u0131n\u0131n temellerini anlatt\u0131\u011f\u0131 Hayat\u0131m Rus edebiyat\u0131ndaki ilk otobiyografidir. Son derece yal\u0131n ve ger\u00e7ek\u00e7i, yer yer olduk\u00e7a kaba dili ve capcanl\u0131 ifadeleriyle yazar\u0131 Avvakum\u2019u kararl\u0131l\u0131\u011f\u0131, ba\u011f\u0131\u015flay\u0131c\u0131l\u0131\u011f\u0131 ve tevekk\u00fcl\u00fc kadar kibri, inat\u00e7\u0131l\u0131\u011f\u0131 ve \u00f6fkesiyle, k\u0131sacas\u0131 t\u00fcm \u00e7eli\u015fkileriyle tam bir insan olarak sergiler. Hayat\u0131m, Rus edebiyat\u0131 tarihinde bilhassa dil kullan\u0131m\u0131yla modernli\u011fe ge\u00e7i\u015fte \u00e7ok \u00f6nemli bir yere sahiptir. <\/p>\n","protected":false},"excerpt":{"rendered":"<p>Avvakum Petrovi\u00e7 Petrov (1620-1682): Protopop (Ba\u015fpapaz) Avvakum, Patrik Nikon\u2019un Rus kilisesinde yapt\u0131\u011f\u0131 reformlar\u0131 reddeden Eski \u0130nananlar\u0131n \u00f6nderlerindendi. Avvakum, Mezen\u2019e, sonra Pustozyorsk\u2019a s\u00fcr\u00fclm\u00fc\u015f, \u00f6nce sa\u00e7lar\u0131 kesilerek ruhban<span class=\"excerpt-hellip\"> [\u2026]<\/span><\/p>\n","protected":false},"featured_media":0,"template":"","meta":{"_monsterinsights_skip_tracking":false,"_monsterinsights_sitenote_active":false,"_monsterinsights_sitenote_note":"","_monsterinsights_sitenote_category":0},"product_brand":[],"product_cat":[14009,12291],"product_tag":[],"class_list":{"0":"post-750248","1":"product","2":"type-product","3":"status-publish","5":"product_cat-biyografi-otobiyografi-edebiyat","6":"product_cat-edebiyat","7":"pa_cilt-ciltsiz","8":"pa_tur-kitap","9":"pa_yayinevi-is-bankasi-kultur-yayinlari","10":"pa_yazar-avvakum-petrovic-petrov","12":"first","13":"instock","14":"sale","15":"shipping-taxable","16":"purchasable","17":"product-type-simple"},"_links":{"self":[{"href":"https:\/\/roveyayinevi.com.tr\/index.php\/wp-json\/wp\/v2\/product\/750248","targetHints":{"allow":["GET"]}}],"collection":[{"href":"https:\/\/roveyayinevi.com.tr\/index.php\/wp-json\/wp\/v2\/product"}],"about":[{"href":"https:\/\/roveyayinevi.com.tr\/index.php\/wp-json\/wp\/v2\/types\/product"}],"wp:attachment":[{"href":"https:\/\/roveyayinevi.com.tr\/index.php\/wp-json\/wp\/v2\/media?parent=750248"}],"wp:term":[{"taxonomy":"product_brand","embeddable":true,"href":"https:\/\/roveyayinevi.com.tr\/index.php\/wp-json\/wp\/v2\/product_brand?post=750248"},{"taxonomy":"product_cat","embeddable":true,"href":"https:\/\/roveyayinevi.com.tr\/index.php\/wp-json\/wp\/v2\/product_cat?post=750248"},{"taxonomy":"product_tag","embeddable":true,"href":"https:\/\/roveyayinevi.com.tr\/index.php\/wp-json\/wp\/v2\/product_tag?post=750248"}],"curies":[{"name":"wp","href":"https:\/\/api.w.org\/{rel}","templated":true}]}}