{"id":750230,"date":"2025-08-28T04:15:42","date_gmt":"2025-08-28T01:15:42","guid":{"rendered":"https:\/\/roveyayinevi.com.tr\/index.php\/urun\/kutsal-mazlumluktan-makyavelist-despotizme\/"},"modified":"2026-04-16T03:03:36","modified_gmt":"2026-04-16T00:03:36","slug":"kutsal-mazlumluktan-makyavelist-despotizme","status":"publish","type":"product","link":"https:\/\/roveyayinevi.com.tr\/index.php\/urun\/kutsal-mazlumluktan-makyavelist-despotizme\/","title":{"rendered":"Kutsal Mazlumluk&#8217;tan Makyavelist Despotizm&#8217;e"},"content":{"rendered":"<p>\u201cDevletin kamusall\u0131g\u0306\u0131n\u0131, akl\u0131n\u0131 ve evrensellig\u0306ini yitirdig\u0306i, bir liderin s\u0327ahsi ve zu\u0308mrevi bedeninin bir uzant\u0131s\u0131 haline do\u0308nu\u0308s\u0327tu\u0308g\u0306u\u0308 bu yap\u0131da, postmodern sultanl\u0131k kavram\u0131 ile, bir yandan \u2018modern o\u0308ncesi do\u0308nemin paternalist devlet geleneklerini\u2019 terk eden, dig\u0306er yandan da postmodern otoriter popu\u0308list siyasetin karizmatik liderlik modelini birles\u0327tiren bir sentezi kastediyoruz. Cumhurbas\u0327kanl\u0131g\u0306\u0131 Hu\u0308ku\u0308met Sistemi\u2019nin \u2018Lider-Parti-Devlet\u2019 u\u0308c\u0327lemesini tamamlayan ve \u2018devletin s\u0327ahsiles\u0327mesi\u2019 ile \u2018s\u0327ahs\u0131n devletles\u0327mesi\u2019 su\u0308rec\u0327lerini o\u0308rtu\u0308s\u0327tu\u0308ren bir despotik sentezi kastediyoruz.\u201d \u201cKutsal Mazlumluk\u201dtan \u201cMakyavelist Despotizm\u201de kitab\u0131nda Fethi Ac\u0327\u0131kel, AKP iktidar\u0131n\u0131n politik ve ideolojik mekanizmas\u0131n\u0131 so\u0308ku\u0308yor. AKP neden \u201cmakul bir muhafazaka\u0302r demokrasi geleneg\u0306i\u201d yaratamad\u0131? Devletin kurumsall\u0131k krizi, demokrasi krizi, d\u0131s\u0327 ac\u0327\u0131k ve d\u0131s\u0327 borc\u0327 krizi, diplomasi krizi ve deg\u0306erler krizinden olus\u0327an ag\u0306\u0131r bes\u0327li kriz, nas\u0131l meydana geldi? Merkezc\u0327evre paradigmas\u0131ndaki problem ne? \u201cYukar\u0131dan modernles\u0327me\u201d siyasetlerini eles\u0327tirmekte kullan\u0131lan \u201csosyal mu\u0308hendislik\u201d kavram\u0131n\u0131 hat\u0131rlatan \u201cmuhafazaka\u0302r mu\u0308hendislik\u201d nedir? I\u0307sla\u0302mc\u0131l\u0131g\u0306\u0131n liberalizmle, popu\u0308lizmle, ulusalc\u0131l\u0131kla eklemlenmeleri nas\u0131l sonuc\u0327lar verdi? \u201cOtoriterlig\u0306in psikopatolojisi\u201d bu\u0308tu\u0308n yaz\u0131larda uc\u0327 veriyor: Mazlumluk psikolojisi, eziklik so\u0308ylemleri, iktidar fetis\u0327izmi, intikamc\u0131 tazmin eg\u0306ilimleri ve melankolik o\u0308fke&#8230; Sosyal teorinin farkl\u0131 dallar\u0131n\u0131n birikiminden yararlanan yaz\u0131lar, genis\u0327 bir analitik kavram seti sunuyor. Siyasal kabilecilik ve muhafazaka\u0302rl\u0131g\u0306\u0131 anti-demokratik bir as\u0327\u0131r\u0131l\u0131k siyasetine do\u0308nu\u0308s\u0327tu\u0308ren post-muhafazaka\u0302rl\u0131k, kitapta verimli bir s\u0327ekilde is\u0327lenen bu kavramlar aras\u0131ndad\u0131r.<\/p>\n","protected":false},"excerpt":{"rendered":"<p>\u201cDevletin kamusall\u0131g\u0306\u0131n\u0131, akl\u0131n\u0131 ve evrensellig\u0306ini yitirdig\u0306i, bir liderin s\u0327ahsi ve zu\u0308mrevi bedeninin bir uzant\u0131s\u0131 haline do\u0308nu\u0308s\u0327tu\u0308g\u0306u\u0308 bu yap\u0131da, postmodern sultanl\u0131k kavram\u0131 ile, bir yandan \u2018modern o\u0308ncesi<span class=\"excerpt-hellip\"> [\u2026]<\/span><\/p>\n","protected":false},"featured_media":0,"template":"","meta":{"_monsterinsights_skip_tracking":false,"_monsterinsights_sitenote_active":false,"_monsterinsights_sitenote_note":"","_monsterinsights_sitenote_category":0},"product_brand":[],"product_cat":[12337,14543],"product_tag":[],"class_list":{"0":"post-750230","1":"product","2":"type-product","3":"status-publish","5":"product_cat-politika-siyaset","6":"product_cat-turkiye-siyaseti-ve-politikasi","7":"pa_cilt-ciltsiz","8":"pa_tur-kitap","9":"pa_yayinevi-iletisim-yayinlari","10":"pa_yazar-fethi-acikel","12":"first","13":"instock","14":"sale","15":"shipping-taxable","16":"purchasable","17":"product-type-simple"},"_links":{"self":[{"href":"https:\/\/roveyayinevi.com.tr\/index.php\/wp-json\/wp\/v2\/product\/750230","targetHints":{"allow":["GET"]}}],"collection":[{"href":"https:\/\/roveyayinevi.com.tr\/index.php\/wp-json\/wp\/v2\/product"}],"about":[{"href":"https:\/\/roveyayinevi.com.tr\/index.php\/wp-json\/wp\/v2\/types\/product"}],"wp:attachment":[{"href":"https:\/\/roveyayinevi.com.tr\/index.php\/wp-json\/wp\/v2\/media?parent=750230"}],"wp:term":[{"taxonomy":"product_brand","embeddable":true,"href":"https:\/\/roveyayinevi.com.tr\/index.php\/wp-json\/wp\/v2\/product_brand?post=750230"},{"taxonomy":"product_cat","embeddable":true,"href":"https:\/\/roveyayinevi.com.tr\/index.php\/wp-json\/wp\/v2\/product_cat?post=750230"},{"taxonomy":"product_tag","embeddable":true,"href":"https:\/\/roveyayinevi.com.tr\/index.php\/wp-json\/wp\/v2\/product_tag?post=750230"}],"curies":[{"name":"wp","href":"https:\/\/api.w.org\/{rel}","templated":true}]}}