{"id":750223,"date":"2025-08-28T04:15:03","date_gmt":"2025-08-28T01:15:03","guid":{"rendered":"https:\/\/roveyayinevi.com.tr\/index.php\/urun\/birinci-dunya-savasinda-osmanli-seferberligi\/"},"modified":"2026-04-16T03:03:35","modified_gmt":"2026-04-16T00:03:35","slug":"birinci-dunya-savasinda-osmanli-seferberligi","status":"publish","type":"product","link":"https:\/\/roveyayinevi.com.tr\/index.php\/urun\/birinci-dunya-savasinda-osmanli-seferberligi\/","title":{"rendered":"Birinci Du\u0308nya Sava\u015f\u0131&#8217;nda Osmanl\u0131 Seferberli\u011fi"},"content":{"rendered":"<p>Mehmet Bes\u0327ikc\u0327i, Osmanl\u0131 ordusunun Birinci Du\u0308nya Savas\u0327\u0131\u2019n\u0131n gerektirdig\u0306i yog\u0306un insan gu\u0308cu\u0308 seferberlig\u0306ini nas\u0131l yu\u0308ru\u0308ttu\u0308g\u0306u\u0308nu\u0308, kapsaml\u0131 ars\u0327iv taramas\u0131n\u0131 zengin bir su\u0308reli yay\u0131n ve an\u0131-hat\u0131rat literatu\u0308ru\u0308yle harmanlayarak aras\u0327t\u0131r\u0131yor. Seferberlik kos\u0327ullar\u0131n\u0131n devlet-toplum ilis\u0327kilerini yeniden s\u0327ekillendirici bir etki yapt\u0131g\u0306\u0131n\u0131 savunan Bes\u0327ikc\u0327i, bu su\u0308rec\u0327te Osmanl\u0131 devleti bir yandan daha merkezi\u0302, otoriter ve milliyetc\u0327i bir eg\u0306ilime girerken, dig\u0306er yandan toplumun seferberlik politikalar\u0131na kars\u0327\u0131 tepkiler verebileceg\u0306i bir alan\u0131n da ac\u0327\u0131ld\u0131g\u0306\u0131n\u0131 go\u0308steriyor. Zorunlu askerlik sisteminin savas\u0327 y\u0131llar\u0131ndaki sanc\u0131l\u0131 ama pragmatik is\u0327leyis\u0327i,yurt cephesine nu\u0308fuz etmenin artan o\u0308nemi ve y\u0131prat\u0131c\u0131 cephe kos\u0327ullar\u0131nda derinles\u0327en firar meselesi kitapta masaya yat\u0131r\u0131l\u0131yor. Go\u0308zden gec\u0327irilmis\u0327 yeni bask\u0131s\u0131yla Birinci Du\u0308nya Savas\u0327\u0131\u2019nda Osmanl\u0131 Seferberlig\u0306i, yaln\u0131zca savas\u0327\u0131n askeri\u0302 ve sosyal tarihi literatu\u0308ru\u0308ne deg\u0306il, ayn\u0131 zamanda devlet-toplum ilis\u0327kileri, siyasal mobilizasyon ve milliyetc\u0327ilik ac\u0327\u0131s\u0131ndan Osmanl\u0131\u2019dan Cumhuriyet\u2019e gec\u0327is\u0327 su\u0308reci tart\u0131s\u0327malar\u0131na dao\u0308nemli bir katk\u0131. \u201cToplumsal akto\u0308rler Osmanl\u0131 seferberlik tecru\u0308besi esnas\u0131nda devlete kars\u0327\u0131 tamamen edilgen ve pasif [deg\u0306ildi]; devletin seferber edici politikalar\u0131n\u0131n hedefi olan insanlar faildi ve kendilerini etkileyen politikalar\u0131 yeniden s\u0327ekillendirebilen tepkiler u\u0308retiyorlard\u0131. Bu tepkiler, giderek ko\u0308tu\u0308les\u0327en savas\u0327 kos\u0327ullar\u0131nda toplumsal akto\u0308rlerin kendi beklentileri ve o\u0308nceliklerinin devletinkilerle ne kadar o\u0308rtu\u0308s\u0327u\u0308p o\u0308rtu\u0308s\u0327medig\u0306ine go\u0308re go\u0308nu\u0308llu\u0308 destek s\u0327eklinde tezahu\u0308r edebildig\u0306i gibi, seferberlik uygulamalar\u0131na ac\u0327\u0131kc\u0327a direnc\u0327 go\u0308sterme s\u0327eklinde de olabiliyordu.\u201d MEHMET BES\u0327I\u0307KC<\/p>\n","protected":false},"excerpt":{"rendered":"<p>Mehmet Bes\u0327ikc\u0327i, Osmanl\u0131 ordusunun Birinci Du\u0308nya Savas\u0327\u0131\u2019n\u0131n gerektirdig\u0306i yog\u0306un insan gu\u0308cu\u0308 seferberlig\u0306ini nas\u0131l yu\u0308ru\u0308ttu\u0308g\u0306u\u0308nu\u0308, kapsaml\u0131 ars\u0327iv taramas\u0131n\u0131 zengin bir su\u0308reli yay\u0131n ve an\u0131-hat\u0131rat literatu\u0308ru\u0308yle harmanlayarak aras\u0327t\u0131r\u0131yor.<span class=\"excerpt-hellip\"> [\u2026]<\/span><\/p>\n","protected":false},"featured_media":0,"template":"","meta":{"_monsterinsights_skip_tracking":false,"_monsterinsights_sitenote_active":false,"_monsterinsights_sitenote_note":"","_monsterinsights_sitenote_category":0},"product_brand":[],"product_cat":[13517,12304],"product_tag":[],"class_list":{"0":"post-750223","1":"product","2":"type-product","3":"status-publish","5":"product_cat-osmanli-tarihi","6":"product_cat-tarih","7":"pa_cilt-ciltsiz","8":"pa_tur-kitap","9":"pa_yayinevi-iletisim-yayinlari","10":"pa_yazar-mehmet-besikci","12":"first","13":"instock","14":"sale","15":"shipping-taxable","16":"purchasable","17":"product-type-simple"},"_links":{"self":[{"href":"https:\/\/roveyayinevi.com.tr\/index.php\/wp-json\/wp\/v2\/product\/750223","targetHints":{"allow":["GET"]}}],"collection":[{"href":"https:\/\/roveyayinevi.com.tr\/index.php\/wp-json\/wp\/v2\/product"}],"about":[{"href":"https:\/\/roveyayinevi.com.tr\/index.php\/wp-json\/wp\/v2\/types\/product"}],"wp:attachment":[{"href":"https:\/\/roveyayinevi.com.tr\/index.php\/wp-json\/wp\/v2\/media?parent=750223"}],"wp:term":[{"taxonomy":"product_brand","embeddable":true,"href":"https:\/\/roveyayinevi.com.tr\/index.php\/wp-json\/wp\/v2\/product_brand?post=750223"},{"taxonomy":"product_cat","embeddable":true,"href":"https:\/\/roveyayinevi.com.tr\/index.php\/wp-json\/wp\/v2\/product_cat?post=750223"},{"taxonomy":"product_tag","embeddable":true,"href":"https:\/\/roveyayinevi.com.tr\/index.php\/wp-json\/wp\/v2\/product_tag?post=750223"}],"curies":[{"name":"wp","href":"https:\/\/api.w.org\/{rel}","templated":true}]}}

Birinci Dünya Savaşı&#8217;nda Osmanlı Seferberliği

<p>Mehmet Beşikçi, Osmanlı ordusunun Birinci Dünya Savaşı’nın gerektirdiği yoğun insan gücü seferberliğini nasıl yürüttüğünü, kapsamlı arşiv taramasını zengin bir süreli yayın ve anı-hatırat literatürüyle harmanlayarak araştırıyor. Seferberlik koşullarının devlet-toplum ilişkilerini yeniden şekillendirici bir etki yaptığını savunan Beşikçi, bu süreçte Osmanlı devleti bir yandan daha merkezî, otoriter ve milliyetçi bir eğilime girerken, diğer yandan toplumun seferberlik politikalarına karşı tepkiler verebileceği bir alanın da açıldığını gösteriyor. Zorunlu askerlik sisteminin savaş yıllarındaki sancılı ama pragmatik işleyişi,yurt cephesine nüfuz etmenin artan önemi ve yıpratıcı cephe koşullarında derinleşen firar meselesi kitapta masaya yatırılıyor. Gözden geçirilmiş yeni baskısıyla Birinci Dünya Savaşı’nda Osmanlı Seferberliği, yalnızca savaşın askerî ve sosyal tarihi literatürüne değil, aynı zamanda devlet-toplum ilişkileri, siyasal mobilizasyon ve milliyetçilik açısından Osmanlı’dan Cumhuriyet’e geçiş süreci tartışmalarına daönemli bir katkı. “Toplumsal aktörler Osmanlı seferberlik tecrübesi esnasında devlete karşı tamamen edilgen ve pasif [değildi]; devletin seferber edici politikalarının hedefi olan insanlar faildi ve kendilerini etkileyen politikaları yeniden şekillendirebilen tepkiler üretiyorlardı. Bu tepkiler, giderek kötüleşen savaş koşullarında toplumsal aktörlerin kendi beklentileri ve önceliklerinin devletinkilerle ne kadar örtüşüp örtüşmediğine göre gönüllü destek şeklinde tezahür edebildiği gibi, seferberlik uygulamalarına açıkça direnç gösterme şeklinde de olabiliyordu.” MEHMET BEŞİKC</p>

<p>Mehmet Beşikçi, Osmanlı ordusunun Birinci Dünya Savaşı’nın gerektirdiği yoğun insan gücü seferberliğini nasıl yürüttüğünü, kapsamlı arşiv taramasını zengin bir süreli yayın ve anı-hatırat literatürüyle harmanlayarak araştırıyor.<span class="excerpt-hellip"> […]</span></p>
