{"id":750211,"date":"2025-08-28T04:14:46","date_gmt":"2025-08-28T01:14:46","guid":{"rendered":"https:\/\/roveyayinevi.com.tr\/index.php\/urun\/bencilligin-erdemi\/"},"modified":"2025-11-21T09:07:52","modified_gmt":"2025-11-21T06:07:52","slug":"bencilligin-erdemi","status":"publish","type":"product","link":"https:\/\/roveyayinevi.com.tr\/index.php\/urun\/bencilligin-erdemi\/","title":{"rendered":"Bencilli\u011fin Erdemi"},"content":{"rendered":"<p>Ayn Rand\u2019\u0131n tart\u0131\u015fma yaratan felsefesi Objektivizm\u2019in ahlaki ilkelerini ortaya koyan bir deneme koleksiyonu.Bencillik bir erdem midir? Ayn Rand kitab\u0131n\u0131n ismini se\u00e7erken b\u00f6yle provokatif bir \u015fey olmas\u0131n\u0131 \u00f6zellikle istemi\u015fti \u00e7\u00fcnk\u00fc bencilli\u011fin \u015feytani bir \u015fey gibi g\u00f6sterilmesine kar\u015f\u0131 sava\u015f a\u00e7m\u0131\u015ft\u0131. \u015e\u00f6yle der kitab\u0131n\u0131n ba\u015f\u0131nda: Pop\u00fcler kullan\u0131m\u0131yla \u201cbencillik\u201d k\u00f6t\u00fcl\u00fckle e\u015f anlaml\u0131d\u0131r; bu kelime insan\u0131n zihninde, emeline ula\u015fmak i\u00e7in bir y\u0131\u011f\u0131n cesedi \u00e7i\u011fnemeye haz\u0131r olan, hi\u00e7bir canl\u0131 varl\u0131\u011fa de\u011fer vermeyen, kaprislerinin etkisiyle herhangi bir an\u0131n verece\u011fi hazz\u0131n pe\u015finde olan eli kanl\u0131 bir zalim imaj\u0131 uyand\u0131rmaktad\u0131r. Oysa \u201cbencillik\u201d kelimesinin tam anlam\u0131 ve s\u00f6zl\u00fckteki tan\u0131m\u0131, ki\u015finin kendi \u00e7\u0131karlar\u0131yla ilgilenmesidir. Bu kavram herhangi bir ahlaki de\u011ferlendirme i\u00e7ermez, ki\u015finin kendi \u00e7\u0131karlar\u0131yla ilgilenmesinin iyi veya k\u00f6t\u00fc oldu\u011funu s\u00f6ylemez; insan\u0131n ger\u00e7ek \u00e7\u0131karlar\u0131n\u0131n ne oldu\u011funu da bize s\u00f6ylemez. Bu t\u00fcr sorulara cevap vermek eti\u011fin g\u00f6revidir.Rand bu kitab\u0131nda \u00f6ncelikle insan\u0131n neden ahlaka ihtiya\u00e7 duydu\u011fu sorusuyla ba\u015fl\u0131yor ve bencilli\u011fin erdemine dayanan yeni etik kurallar\u0131 belirleyen bir cevaba ula\u015f\u0131yor.<\/p>\n","protected":false},"excerpt":{"rendered":"<p>Ayn Rand\u2019\u0131n tart\u0131\u015fma yaratan felsefesi Objektivizm\u2019in ahlaki ilkelerini ortaya koyan bir deneme koleksiyonu.Bencillik bir erdem midir? Ayn Rand kitab\u0131n\u0131n ismini se\u00e7erken b\u00f6yle provokatif bir \u015fey olmas\u0131n\u0131<span class=\"excerpt-hellip\"> [\u2026]<\/span><\/p>\n","protected":false},"featured_media":0,"template":"","meta":{"_monsterinsights_skip_tracking":false,"_monsterinsights_sitenote_active":false,"_monsterinsights_sitenote_note":"","_monsterinsights_sitenote_category":0},"product_brand":[],"product_cat":[12388],"product_tag":[],"class_list":{"0":"post-750211","1":"product","2":"type-product","3":"status-publish","5":"product_cat-felsefe","6":"pa_cilt-ciltsiz","7":"pa_tur-kitap","8":"pa_yayinevi-pegasus-yayinlari","9":"pa_yazar-ayn-rand","11":"first","12":"instock","13":"sale","14":"shipping-taxable","15":"purchasable","16":"product-type-simple"},"_links":{"self":[{"href":"https:\/\/roveyayinevi.com.tr\/index.php\/wp-json\/wp\/v2\/product\/750211","targetHints":{"allow":["GET"]}}],"collection":[{"href":"https:\/\/roveyayinevi.com.tr\/index.php\/wp-json\/wp\/v2\/product"}],"about":[{"href":"https:\/\/roveyayinevi.com.tr\/index.php\/wp-json\/wp\/v2\/types\/product"}],"wp:attachment":[{"href":"https:\/\/roveyayinevi.com.tr\/index.php\/wp-json\/wp\/v2\/media?parent=750211"}],"wp:term":[{"taxonomy":"product_brand","embeddable":true,"href":"https:\/\/roveyayinevi.com.tr\/index.php\/wp-json\/wp\/v2\/product_brand?post=750211"},{"taxonomy":"product_cat","embeddable":true,"href":"https:\/\/roveyayinevi.com.tr\/index.php\/wp-json\/wp\/v2\/product_cat?post=750211"},{"taxonomy":"product_tag","embeddable":true,"href":"https:\/\/roveyayinevi.com.tr\/index.php\/wp-json\/wp\/v2\/product_tag?post=750211"}],"curies":[{"name":"wp","href":"https:\/\/api.w.org\/{rel}","templated":true}]}}