{"id":750197,"date":"2025-08-28T04:14:24","date_gmt":"2025-08-28T01:14:24","guid":{"rendered":"https:\/\/roveyayinevi.com.tr\/index.php\/urun\/albert-einstein-bilim-insanlarinin-izinde\/"},"modified":"2026-04-13T03:09:21","modified_gmt":"2026-04-13T00:09:21","slug":"albert-einstein-bilim-insanlarinin-izinde","status":"publish","type":"product","link":"https:\/\/roveyayinevi.com.tr\/index.php\/urun\/albert-einstein-bilim-insanlarinin-izinde\/","title":{"rendered":"Albert Einstein &#8211; Bilim \u0130nsanlar\u0131n\u0131n \u0130zinde"},"content":{"rendered":"<p>Bilim \u0130nsanlar\u0131n\u0131n \u0130zinde serisinin &#8220;Albert Einstein&#8221; isimli bu ikinci kitab\u0131yla maceraya at\u0131lmaya haz\u0131r m\u0131s\u0131n?Duru, Mete ve Tanju seni zamanda yolculuk yapmaya davet ediyor! As\u0131m \u00d6\u011fretmen&#8217;in zaman makinesiyle ge\u00e7mi\u015fe giden \u00e7ocuklar, k\u00f6t\u00fc niyetli zaman yolcular\u0131 Ate\u015f ve Poyraz&#8217;\u0131 engellemek zorunda. Albert Einstein&#8217;\u0131n yan\u0131na giden \u00fc\u00e7 arkada\u015f, \u0130zafiyet Teorisinden Einstein&#8217;\u0131n \u00e7al\u0131\u015fma bi\u00e7imine kadar pek \u00e7ok \u015feyi \u00f6\u011frenecek ve Ate\u015f ile Poyraz&#8217;a kar\u015f\u0131 onu uyaracaklar.<\/p>\n","protected":false},"excerpt":{"rendered":"<p>Bilim \u0130nsanlar\u0131n\u0131n \u0130zinde serisinin &#8220;Albert Einstein&#8221; isimli bu ikinci kitab\u0131yla maceraya at\u0131lmaya haz\u0131r m\u0131s\u0131n?Duru, Mete ve Tanju seni zamanda yolculuk yapmaya davet ediyor! As\u0131m \u00d6\u011fretmen&#8217;in zaman<span class=\"excerpt-hellip\"> [\u2026]<\/span><\/p>\n","protected":false},"featured_media":0,"template":"","meta":{"_monsterinsights_skip_tracking":false,"_monsterinsights_sitenote_active":false,"_monsterinsights_sitenote_note":"","_monsterinsights_sitenote_category":0},"product_brand":[],"product_cat":[12274,12284],"product_tag":[],"class_list":{"0":"post-750197","1":"product","2":"type-product","3":"status-publish","5":"product_cat-cocuk-ve-genclik-kitaplari","6":"product_cat-hikayeler","7":"pa_cilt-ciltsiz","8":"pa_tur-kitap","9":"pa_yayinevi-timas-cocuk","10":"pa_yazar-mustafa-orakci","12":"first","13":"instock","14":"sale","15":"shipping-taxable","16":"purchasable","17":"product-type-simple"},"_links":{"self":[{"href":"https:\/\/roveyayinevi.com.tr\/index.php\/wp-json\/wp\/v2\/product\/750197","targetHints":{"allow":["GET"]}}],"collection":[{"href":"https:\/\/roveyayinevi.com.tr\/index.php\/wp-json\/wp\/v2\/product"}],"about":[{"href":"https:\/\/roveyayinevi.com.tr\/index.php\/wp-json\/wp\/v2\/types\/product"}],"wp:attachment":[{"href":"https:\/\/roveyayinevi.com.tr\/index.php\/wp-json\/wp\/v2\/media?parent=750197"}],"wp:term":[{"taxonomy":"product_brand","embeddable":true,"href":"https:\/\/roveyayinevi.com.tr\/index.php\/wp-json\/wp\/v2\/product_brand?post=750197"},{"taxonomy":"product_cat","embeddable":true,"href":"https:\/\/roveyayinevi.com.tr\/index.php\/wp-json\/wp\/v2\/product_cat?post=750197"},{"taxonomy":"product_tag","embeddable":true,"href":"https:\/\/roveyayinevi.com.tr\/index.php\/wp-json\/wp\/v2\/product_tag?post=750197"}],"curies":[{"name":"wp","href":"https:\/\/api.w.org\/{rel}","templated":true}]}}