{"id":750196,"date":"2025-08-28T04:14:22","date_gmt":"2025-08-28T01:14:22","guid":{"rendered":"https:\/\/roveyayinevi.com.tr\/index.php\/urun\/ada-lovelace-bilim-insanlarinin-izinde\/"},"modified":"2026-04-16T03:03:35","modified_gmt":"2026-04-16T00:03:35","slug":"ada-lovelace-bilim-insanlarinin-izinde","status":"publish","type":"product","link":"https:\/\/roveyayinevi.com.tr\/index.php\/urun\/ada-lovelace-bilim-insanlarinin-izinde\/","title":{"rendered":"Ada Lovelace &#8211; Bilim \u0130nsanlar\u0131n\u0131n \u0130zinde"},"content":{"rendered":"<p>Bilim \u0130nsanlar\u0131n\u0131n \u0130zinde serisinin &#8220;Ada Lovelace&#8221; isimli bu \u00fc\u00e7\u00fcnc\u00fc kitab\u0131yla maceraya at\u0131lmaya haz\u0131r m\u0131s\u0131n?Duru, Mete ve Tanju seni zamanda yolculuk yapmaya davet ediyor! As\u0131m \u00d6\u011fretmen&#8217;in zaman makinesiyle ge\u00e7mi\u015fe giden \u00e7ocuklar, k\u00f6t\u00fc niyetli zaman yolcular\u0131 Ate\u015f ve Poyraz&#8217;\u0131 engellemek zorunda. Bu sefer Ada Lovelace\u2019in yan\u0131na giden \u00fc\u00e7 arkada\u015f, fark makinesinin ne oldu\u011fundan bilgisayar kodlaman\u0131n temellerine kadar pek \u00e7ok \u015fey \u00f6\u011frenecek ve Ada Lovleace\u2019le birlikte Ate\u015f ve Poyraz\u2019\u0131n planlar\u0131n\u0131 bozmaya \u00e7al\u0131\u015facaklar.<\/p>\n","protected":false},"excerpt":{"rendered":"<p>Bilim \u0130nsanlar\u0131n\u0131n \u0130zinde serisinin &#8220;Ada Lovelace&#8221; isimli bu \u00fc\u00e7\u00fcnc\u00fc kitab\u0131yla maceraya at\u0131lmaya haz\u0131r m\u0131s\u0131n?Duru, Mete ve Tanju seni zamanda yolculuk yapmaya davet ediyor! As\u0131m \u00d6\u011fretmen&#8217;in zaman<span class=\"excerpt-hellip\"> [\u2026]<\/span><\/p>\n","protected":false},"featured_media":0,"template":"","meta":{"_monsterinsights_skip_tracking":false,"_monsterinsights_sitenote_active":false,"_monsterinsights_sitenote_note":"","_monsterinsights_sitenote_category":0},"product_brand":[],"product_cat":[12274,12284],"product_tag":[],"class_list":{"0":"post-750196","1":"product","2":"type-product","3":"status-publish","5":"product_cat-cocuk-ve-genclik-kitaplari","6":"product_cat-hikayeler","7":"pa_cilt-ciltsiz","8":"pa_tur-kitap","9":"pa_yayinevi-timas-cocuk","10":"pa_yazar-mustafa-orakci","12":"first","13":"instock","14":"sale","15":"shipping-taxable","16":"purchasable","17":"product-type-simple"},"_links":{"self":[{"href":"https:\/\/roveyayinevi.com.tr\/index.php\/wp-json\/wp\/v2\/product\/750196","targetHints":{"allow":["GET"]}}],"collection":[{"href":"https:\/\/roveyayinevi.com.tr\/index.php\/wp-json\/wp\/v2\/product"}],"about":[{"href":"https:\/\/roveyayinevi.com.tr\/index.php\/wp-json\/wp\/v2\/types\/product"}],"wp:attachment":[{"href":"https:\/\/roveyayinevi.com.tr\/index.php\/wp-json\/wp\/v2\/media?parent=750196"}],"wp:term":[{"taxonomy":"product_brand","embeddable":true,"href":"https:\/\/roveyayinevi.com.tr\/index.php\/wp-json\/wp\/v2\/product_brand?post=750196"},{"taxonomy":"product_cat","embeddable":true,"href":"https:\/\/roveyayinevi.com.tr\/index.php\/wp-json\/wp\/v2\/product_cat?post=750196"},{"taxonomy":"product_tag","embeddable":true,"href":"https:\/\/roveyayinevi.com.tr\/index.php\/wp-json\/wp\/v2\/product_tag?post=750196"}],"curies":[{"name":"wp","href":"https:\/\/api.w.org\/{rel}","templated":true}]}}