{"id":750187,"date":"2025-08-28T04:14:09","date_gmt":"2025-08-28T01:14:09","guid":{"rendered":"https:\/\/roveyayinevi.com.tr\/index.php\/urun\/derin-huzun\/"},"modified":"2026-04-16T03:03:35","modified_gmt":"2026-04-16T00:03:35","slug":"derin-huzun","status":"publish","type":"product","link":"https:\/\/roveyayinevi.com.tr\/index.php\/urun\/derin-huzun\/","title":{"rendered":"Derin H\u00fcz\u00fcn"},"content":{"rendered":"<p>4 Nisan 1953, sabaha kar\u015f\u0131 02.15Nara Burnu &#8211; \u00c7anakkale Bo\u011faz\u0131 Deniz sakindi, hava r\u00fczg\u00e2rs\u0131z\u2026 Fakat Bo\u011faz\u2019da her \u015fey bir anda tersine d\u00f6nd\u00fc. \u0130ki gemi gecenin karanl\u0131\u011f\u0131nda \u00e7arp\u0131\u015ft\u0131 ve hayatlar sonsuza kadar de\u011fi\u015fti.TCG Dumlup\u0131nar denizalt\u0131s\u0131, Ege Denizi\u2019ndeki Blue Sea tatbikat\u0131ndan d\u00f6n\u00fcyordu. \u0130sve\u00e7 \u015filebi Naboland da \u0130stanbul\u2019dan demir alm\u0131\u015f, eve d\u00f6n\u00fc\u015f yolculu\u011funa ba\u015flam\u0131\u015ft\u0131. Nara Burnu\u2019nun zorlu d\u00f6n\u00fc\u015f\u00fcne do\u011fru ilerleyen iki gemi, birbirine olduk\u00e7a yakla\u015ft\u0131. Dumlup\u0131nar\u2019\u0131n g\u00f6zc\u00fcs\u00fc \u201c\u00f6nlerinde bir gemi oldu\u011funu\u201d bildirirken ayn\u0131 anda Naboland\u2019\u0131n g\u00f6zc\u00fcs\u00fc de Dumlup\u0131nar\u2019\u0131n \u0131\u015f\u0131klar\u0131n\u0131 fark etti; ancak art\u0131k \u00e7ok ge\u00e7ti. Kuvvetli ak\u0131nt\u0131lar\u0131n ve dar noktalar\u0131n etkisiyle korkun\u00e7 kaza ger\u00e7ekle\u015fti.Bu trajik olay, yaln\u0131zca Dumlup\u0131nar\u2019\u0131n de\u011fil, bir\u00e7ok ailenin kaderini etkiledi. S\u0131radan bir yolculuk geride ac\u0131 dolu hik\u00e2yeler b\u0131rakt\u0131.B\u00fclent \u00c7apl\u0131, y\u0131llar \u00f6nce ya\u015fanan ve T\u00fcrkiye\u2019yi yasa bo\u011fan facian\u0131n detayl\u0131 bir incelemesini sunarken olay\u0131n tan\u0131klar\u0131na yer veriyor. Bu etkileyici kitap, halen Bo\u011faz\u2019\u0131n derinliklerinde olan Dumlup\u0131nar\u2019\u0131n anlat\u0131lmayan hik\u00e2yesini g\u00fcn\u0131\u015f\u0131\u011f\u0131na \u00e7\u0131kar\u0131yor.<\/p>\n","protected":false},"excerpt":{"rendered":"<p>4 Nisan 1953, sabaha kar\u015f\u0131 02.15Nara Burnu &#8211; \u00c7anakkale Bo\u011faz\u0131 Deniz sakindi, hava r\u00fczg\u00e2rs\u0131z\u2026 Fakat Bo\u011faz\u2019da her \u015fey bir anda tersine d\u00f6nd\u00fc. \u0130ki gemi gecenin karanl\u0131\u011f\u0131nda<span class=\"excerpt-hellip\"> [\u2026]<\/span><\/p>\n","protected":false},"featured_media":0,"template":"","meta":{"_monsterinsights_skip_tracking":false,"_monsterinsights_sitenote_active":false,"_monsterinsights_sitenote_note":"","_monsterinsights_sitenote_category":0},"product_brand":[],"product_cat":[12304,13493],"product_tag":[],"class_list":{"0":"post-750187","1":"product","2":"type-product","3":"status-publish","5":"product_cat-tarih","6":"product_cat-turkiye-ve-cumhuriyet-tarihi","7":"pa_cilt-ciltsiz","8":"pa_tur-kitap","9":"pa_yayinevi-nemesis-kitap","10":"pa_yazar-bulent-capli","12":"first","13":"instock","14":"sale","15":"shipping-taxable","16":"purchasable","17":"product-type-simple"},"_links":{"self":[{"href":"https:\/\/roveyayinevi.com.tr\/index.php\/wp-json\/wp\/v2\/product\/750187","targetHints":{"allow":["GET"]}}],"collection":[{"href":"https:\/\/roveyayinevi.com.tr\/index.php\/wp-json\/wp\/v2\/product"}],"about":[{"href":"https:\/\/roveyayinevi.com.tr\/index.php\/wp-json\/wp\/v2\/types\/product"}],"wp:attachment":[{"href":"https:\/\/roveyayinevi.com.tr\/index.php\/wp-json\/wp\/v2\/media?parent=750187"}],"wp:term":[{"taxonomy":"product_brand","embeddable":true,"href":"https:\/\/roveyayinevi.com.tr\/index.php\/wp-json\/wp\/v2\/product_brand?post=750187"},{"taxonomy":"product_cat","embeddable":true,"href":"https:\/\/roveyayinevi.com.tr\/index.php\/wp-json\/wp\/v2\/product_cat?post=750187"},{"taxonomy":"product_tag","embeddable":true,"href":"https:\/\/roveyayinevi.com.tr\/index.php\/wp-json\/wp\/v2\/product_tag?post=750187"}],"curies":[{"name":"wp","href":"https:\/\/api.w.org\/{rel}","templated":true}]}}