{"id":750183,"date":"2025-08-28T04:14:05","date_gmt":"2025-08-28T01:14:05","guid":{"rendered":"https:\/\/roveyayinevi.com.tr\/index.php\/urun\/sultanin-nehirleri\/"},"modified":"2026-04-16T03:03:35","modified_gmt":"2026-04-16T00:03:35","slug":"sultanin-nehirleri","status":"publish","type":"product","link":"https:\/\/roveyayinevi.com.tr\/index.php\/urun\/sultanin-nehirleri\/","title":{"rendered":"Sultan&#8217;\u0131n Nehirleri"},"content":{"rendered":"<p>2022 Ottoman and Turkish Studies Association (OTSA) Kitap \u00d6d\u00fcl\u00fcAmerikan \u00c7evre Tarihi Derne\u011fi, George Perkins Marsh \u00d6d\u00fcl\u00fc Finalisti\u201cHusain tek bir zamana ve tek bir yere odaklansa da, uzun vadeli ve b\u00fcy\u00fck \u00f6l\u00e7ekli sorular\u0131 ele almay\u0131 ba\u015farm\u0131\u015f. Onun bu m\u00fckemmel \u00e7al\u0131\u015fmas\u0131 di\u011fer akademisyenler i\u00e7in yeni yollar a\u00e7\u0131yor ve bir model olu\u015fturuyor.\u201d  &#8211; Re\u015fat Kasaba\u201c\u00d6zg\u00fcn ve derinlemesine ara\u015ft\u0131r\u0131lm\u0131\u015f olan Sultan&#8217;\u0131n Nehirleri, hem Osmanl\u0131 Irak&#8217;\u0131n\u0131n \u00f6nemli bir yeni tarihidir hem de Orta Do\u011fu \u00e7evre tarihine \u00f6nemli bir katk\u0131d\u0131r. Ekolojik, sosyal ve politik bak\u0131\u015f a\u00e7\u0131lar\u0131n\u0131 birle\u015ftirerek, Osmanl\u0131 y\u00f6netiminin do\u011fas\u0131 ve d\u00f6n\u00fc\u015f\u00fcm\u00fc hakk\u0131nda hayati bilgiler sunuyor.\u201d  &#8211; Sam WhiteDicle ve F\u0131rat nehirleri, Orta Do\u011fu\u2019nun tam ortas\u0131ndan akarak Mezopotamya\u2019da birle\u015fir. Bu iki nehrin d\u00fcnya tarihinde uzun ve \u00e7alkant\u0131l\u0131 bir siyasi ge\u00e7mi\u015fi vard\u0131r. Dicle ve F\u0131rat nehirleri, 16. y\u00fczy\u0131lda g\u00fcc\u00fcn\u00fcn ve zenginli\u011finin zirvesinde olan Osmanl\u0131 \u0130mparatorlu\u011fu\u2019nun kontrol\u00fc alt\u0131na girdi. Kanuni Sultan S\u00fcleyman&#8217;\u0131n \u00f6nderli\u011finde iki nehir da\u011fdan okyanusa kadar Osmanl\u0131\u2019n\u0131n oldu. B\u00f6lge tek bir hanedana ba\u011fl\u0131, tek bir merkezden talimat alan, ortak dine mensup ve ortak dili konu\u015fan Ba\u011fdat Pa\u015fal\u0131\u011f\u0131 taraf\u0131ndan idare edildi.Osmanl\u0131 y\u00f6netimi, Dicle ve F\u0131rat\u2019tan faydalanan b\u00fct\u00fcn unsurlar aras\u0131nda kurumsal bir i\u015f birli\u011fi kurdu. Nehirler Osmanl\u0131 Devleti i\u00e7in denizcilik, g\u0131da, g\u00fcvenlik, ta\u015f\u0131mac\u0131l\u0131k ve ekonomi kayna\u011f\u0131 olurken; devletin \u00fcretim fazlas\u0131 kaynaklar\u0131 da b\u00f6lgeyi ihya etti. Dicle-F\u0131rat havzas\u0131 ile ba\u015fkent \u0130stanbul aras\u0131ndaki bu i\u015f b\u00f6l\u00fcm\u00fc sayesinde Osmanl\u0131 \u0130mparatorlu\u011fu, do\u011fuda Safevi s\u0131n\u0131r\u0131na yak\u0131n topraklar\u0131nda siyasi varl\u0131\u011f\u0131n\u0131 g\u00fc\u00e7lendirdi.Sultan\u2019\u0131n Nehirleri d\u00fcnya tarihi a\u00e7\u0131s\u0131ndan \u00f6nemi ink\u00e2r edilemeyen Dicle ve F\u0131rat\u2019\u0131 merkeze alarak geni\u015f ve mukayeseli bir tarih anlat\u0131s\u0131 vadediyor. Faisal H. Husain bu eserinde Erken Modern d\u00fcnyadaki devlet-toplum, metropol-\u00e7evre, ve tabiat-k\u00fclt\u00fcr aras\u0131ndaki yak\u0131n ili\u015fkileri t\u00fcm katmanlar\u0131yla g\u00f6zler \u00f6n\u00fcne seriyor.<\/p>\n","protected":false},"excerpt":{"rendered":"<p>2022 Ottoman and Turkish Studies Association (OTSA) Kitap \u00d6d\u00fcl\u00fcAmerikan \u00c7evre Tarihi Derne\u011fi, George Perkins Marsh \u00d6d\u00fcl\u00fc Finalisti\u201cHusain tek bir zamana ve tek bir yere odaklansa da,<span class=\"excerpt-hellip\"> [\u2026]<\/span><\/p>\n","protected":false},"featured_media":0,"template":"","meta":{"_monsterinsights_skip_tracking":false,"_monsterinsights_sitenote_active":false,"_monsterinsights_sitenote_note":"","_monsterinsights_sitenote_category":0},"product_brand":[],"product_cat":[13517,12304],"product_tag":[],"class_list":{"0":"post-750183","1":"product","2":"type-product","3":"status-publish","5":"product_cat-osmanli-tarihi","6":"product_cat-tarih","7":"pa_cilt-ciltsiz","8":"pa_tur-kitap","9":"pa_yayinevi-timas-yayinlari","10":"pa_yazar-faisal-h-husain","12":"first","13":"instock","14":"sale","15":"shipping-taxable","16":"purchasable","17":"product-type-simple"},"_links":{"self":[{"href":"https:\/\/roveyayinevi.com.tr\/index.php\/wp-json\/wp\/v2\/product\/750183","targetHints":{"allow":["GET"]}}],"collection":[{"href":"https:\/\/roveyayinevi.com.tr\/index.php\/wp-json\/wp\/v2\/product"}],"about":[{"href":"https:\/\/roveyayinevi.com.tr\/index.php\/wp-json\/wp\/v2\/types\/product"}],"wp:attachment":[{"href":"https:\/\/roveyayinevi.com.tr\/index.php\/wp-json\/wp\/v2\/media?parent=750183"}],"wp:term":[{"taxonomy":"product_brand","embeddable":true,"href":"https:\/\/roveyayinevi.com.tr\/index.php\/wp-json\/wp\/v2\/product_brand?post=750183"},{"taxonomy":"product_cat","embeddable":true,"href":"https:\/\/roveyayinevi.com.tr\/index.php\/wp-json\/wp\/v2\/product_cat?post=750183"},{"taxonomy":"product_tag","embeddable":true,"href":"https:\/\/roveyayinevi.com.tr\/index.php\/wp-json\/wp\/v2\/product_tag?post=750183"}],"curies":[{"name":"wp","href":"https:\/\/api.w.org\/{rel}","templated":true}]}}