{"id":750163,"date":"2025-08-28T04:13:38","date_gmt":"2025-08-28T01:13:38","guid":{"rendered":"https:\/\/roveyayinevi.com.tr\/index.php\/urun\/pandoranin-kupu\/"},"modified":"2026-04-16T03:03:34","modified_gmt":"2026-04-16T00:03:34","slug":"pandoranin-kupu","status":"publish","type":"product","link":"https:\/\/roveyayinevi.com.tr\/index.php\/urun\/pandoranin-kupu\/","title":{"rendered":"Pandora\u2019n\u0131n K\u00fcp\u00fc"},"content":{"rendered":"<p>\u201cYunan mitlerini neden kad\u0131nlar\u0131 merkeze alarak yeniden anlat\u0131yoruz ki?\u201d   Tarihi kazananlar\u0131n yazd\u0131\u011f\u0131 s\u00f6ylenir, anla\u015f\u0131lan mitoloji i\u00e7in de durum pek farkl\u0131 de\u011fil. Kabul g\u00f6rm\u00fc\u015f anlat\u0131ya bak\u0131l\u0131rsa mitolojik kahramanlar hemen her daim erkek ve daima hakl\u0131lar. D\u00fcnyam\u0131zdaki t\u00fcm k\u00f6t\u00fcl\u00fcklerin k\u00f6keninde de s\u00f6z dinlemez bir kad\u0131n bulunuyor: Pandora.   Gelgelelim i\u015f Pandora\u2019yla bitmiyor. Pop\u00fcler mitolojik anlat\u0131lar\u0131n hepsinde g\u00f6lgelere itilmi\u015f, arzulanan fakat tehlikeli ve k\u00f6t\u00fc niyetli karakterlere s\u0131\u011fd\u0131r\u0131lmaya \u00e7al\u0131\u015f\u0131lan bir kad\u0131n imgesi mevcut. Helene, Medusa, \u0130okaste, Medeia\u2026   Ve Pandora kocas\u0131n\u0131n s\u00f6z\u00fcn\u00fc dinlemeyip k\u00fcp\u00fcn kapa\u011f\u0131n\u0131 a\u00e7arak k\u0131tl\u0131ktan sava\u015fa, zul\u00fcmden vebaya ne kadar k\u00f6t\u00fcl\u00fck varsa insanl\u0131\u011f\u0131n ba\u015f\u0131na bela etti. Bize anlat\u0131lan bu.   \u0130okaste\u2019nin \u00c7ocuklar\u0131 eseriyle tan\u0131nan yazar Natalie Haynes, Pandora\u2019n\u0131n K\u00fcp\u00fc\u2019nde bu kabukla\u015fm\u0131\u015f kal\u0131b\u0131n nas\u0131l farkl\u0131 formlara b\u00fcr\u00fcnd\u00fc\u011f\u00fc ve b\u00fcr\u00fcnebilece\u011fi \u00fczerine ayr\u0131nt\u0131l\u0131, ak\u0131c\u0131 bir sorgulamaya giri\u015fiyor, perspektifi bu kad\u0131nlar \u00fczerinden ba\u015ftan kurmay\u0131 deniyor.   \u201c\u00c7\u00fcnk\u00fc kad\u0131nlar da ayn\u0131 ad\u0131 batas\u0131ca hik\u00e2yenin i\u00e7inde. Neden hik\u00e2yeyi onlardan da duymak istemeyelim?\u201d   \u201cHer zaman o kadar nazik olmayan bu kad\u0131nlar\u0131n hayatlar\u0131na keyifli bir bak\u0131\u015f.\u201d \u2013Margaret Atwood   \u201cNatalie Haynes hem zeki hem de bilgili bir rehber. Klasik mitleri modern d\u00fcnyaya beceriyle uyarl\u0131yor.\u201d \u2013Kate Atkinson   \u201cYunan mitolojisi hakk\u0131nda yaz\u0131lm\u0131\u015f en e\u011flenceli kitap.\u201d \u2013Mark Haddon <\/p>\n","protected":false},"excerpt":{"rendered":"<p>\u201cYunan mitlerini neden kad\u0131nlar\u0131 merkeze alarak yeniden anlat\u0131yoruz ki?\u201d Tarihi kazananlar\u0131n yazd\u0131\u011f\u0131 s\u00f6ylenir, anla\u015f\u0131lan mitoloji i\u00e7in de durum pek farkl\u0131 de\u011fil. Kabul g\u00f6rm\u00fc\u015f anlat\u0131ya bak\u0131l\u0131rsa mitolojik<span class=\"excerpt-hellip\"> [\u2026]<\/span><\/p>\n","protected":false},"featured_media":0,"template":"","meta":{"_monsterinsights_skip_tracking":false,"_monsterinsights_sitenote_active":false,"_monsterinsights_sitenote_note":"","_monsterinsights_sitenote_category":0},"product_brand":[],"product_cat":[12718,12858],"product_tag":[],"class_list":{"0":"post-750163","1":"product","2":"type-product","3":"status-publish","5":"product_cat-din","6":"product_cat-mitolojiler","7":"pa_cilt-ciltsiz","8":"pa_tur-kitap","9":"pa_yayinevi-ithaki-yayinlari","10":"pa_yazar-natalie-haynes","12":"first","13":"instock","14":"sale","15":"shipping-taxable","16":"purchasable","17":"product-type-simple"},"_links":{"self":[{"href":"https:\/\/roveyayinevi.com.tr\/index.php\/wp-json\/wp\/v2\/product\/750163","targetHints":{"allow":["GET"]}}],"collection":[{"href":"https:\/\/roveyayinevi.com.tr\/index.php\/wp-json\/wp\/v2\/product"}],"about":[{"href":"https:\/\/roveyayinevi.com.tr\/index.php\/wp-json\/wp\/v2\/types\/product"}],"wp:attachment":[{"href":"https:\/\/roveyayinevi.com.tr\/index.php\/wp-json\/wp\/v2\/media?parent=750163"}],"wp:term":[{"taxonomy":"product_brand","embeddable":true,"href":"https:\/\/roveyayinevi.com.tr\/index.php\/wp-json\/wp\/v2\/product_brand?post=750163"},{"taxonomy":"product_cat","embeddable":true,"href":"https:\/\/roveyayinevi.com.tr\/index.php\/wp-json\/wp\/v2\/product_cat?post=750163"},{"taxonomy":"product_tag","embeddable":true,"href":"https:\/\/roveyayinevi.com.tr\/index.php\/wp-json\/wp\/v2\/product_tag?post=750163"}],"curies":[{"name":"wp","href":"https:\/\/api.w.org\/{rel}","templated":true}]}}