{"id":750150,"date":"2025-08-28T04:13:19","date_gmt":"2025-08-28T01:13:19","guid":{"rendered":"https:\/\/roveyayinevi.com.tr\/index.php\/urun\/100-kadim-ogreti\/"},"modified":"2026-04-16T03:03:34","modified_gmt":"2026-04-16T00:03:34","slug":"100-kadim-ogreti","status":"publish","type":"product","link":"https:\/\/roveyayinevi.com.tr\/index.php\/urun\/100-kadim-ogreti\/","title":{"rendered":"100 Kadim \u00d6\u011freti"},"content":{"rendered":"<p>Senin ve B\u00fct\u00fcn\u00fcn y\u00fcksek hayr\u0131na\u2026   Bilsen ki,  G\u00f6r\u00fcnenin ard\u0131ndaki hakikat t\u00fcm ya\u015fam ilmeklerini \u00f6rer, Yapt\u0131\u011f\u0131n ve yapmad\u0131\u011f\u0131n her eylem ba\u015fka bir kader dokur, Ancak b\u00fct\u00fcn\u00fcn hayr\u0131na olan senin de hayr\u0131na olur, Ve yaratt\u0131\u011f\u0131n r\u00fcyan\u0131n her ad\u0131m\u0131nda kendi pay\u0131n var, Kendini ya\u015famay\u0131 hat\u0131rlad\u0131\u011f\u0131nda hayat da seni hat\u0131rlar, Mucize asl\u0131nda bir nefes kadar yak\u0131n\u0131nda,   S\u00f6yle bana, nas\u0131l bir hayat ya\u015fard\u0131n?  Bu kitapta, 100 temel ya\u015fam \u00f6\u011fretisi bulacaks\u0131n. Zamans\u0131z zamanlardan gelen kadim bilgelikler ve kutsal metinlerden ilham alm\u0131\u015f y\u00fcz alt\u0131n anahtar. Her \u00f6\u011freti, bilincine ve bilin\u00e7d\u0131\u015f\u0131na n\u00fcfuz ederek, hayat\u0131n sana nas\u0131l yans\u0131d\u0131\u011f\u0131n\u0131 g\u00f6sterecek.  Kadim \u00f6\u011fretilere, kutsal metinlere, bilimsel ara\u015ft\u0131rmalara, ruhsal, psikolojik ve mistik metinlere ula\u015facak ve yeni hayat\u0131n\u0131 nas\u0131l yarataca\u011f\u0131n\u0131 \u00f6\u011freneceksin. Meditasyonlar ve fark\u0131ndal\u0131k \u00e7al\u0131\u015fmalar\u0131yla \u00f6\u011frendiklerini nas\u0131l kal\u0131c\u0131 hale getirece\u011fini anlayacaks\u0131n. Bu y\u00f6ntemler hayat yolculu\u011funda sana yolda\u015f ve \u015fifa olacak. \u015eifa ayn\u0131 zamanda senin kadar b\u00fct\u00fcn\u00fcn de hayr\u0131nad\u0131r. Bu kadim \u00f6\u011fretileri sevgi ve \u015fefkatle hayat\u0131na katt\u0131\u011f\u0131n, mucizenin fark\u0131na vard\u0131\u011f\u0131n, b\u00fct\u00fcnle \u015fifaland\u0131\u011f\u0131n bir gelecek in\u015fa edeceksin. Biliyorum, ne zamand\u0131r buna haz\u0131rd\u0131n. Hep bunu i\u00e7ten i\u00e7e dilemi\u015ftin. \u015eimdi zaman geldi. 100 \u00d6\u011fretiyi oku, \u00f6z\u00fcmse, kalpten ya\u015fa ve di\u011ferlerine anlat!  <\/p>\n","protected":false},"excerpt":{"rendered":"<p>Senin ve B\u00fct\u00fcn\u00fcn y\u00fcksek hayr\u0131na\u2026 Bilsen ki, G\u00f6r\u00fcnenin ard\u0131ndaki hakikat t\u00fcm ya\u015fam ilmeklerini \u00f6rer, Yapt\u0131\u011f\u0131n ve yapmad\u0131\u011f\u0131n her eylem ba\u015fka bir kader dokur, Ancak b\u00fct\u00fcn\u00fcn hayr\u0131na<span class=\"excerpt-hellip\"> [\u2026]<\/span><\/p>\n","protected":false},"featured_media":0,"template":"","meta":{"_monsterinsights_skip_tracking":false,"_monsterinsights_sitenote_active":false,"_monsterinsights_sitenote_note":"","_monsterinsights_sitenote_category":0},"product_brand":[],"product_cat":[12364,12376],"product_tag":[],"class_list":{"0":"post-750150","1":"product","2":"type-product","3":"status-publish","5":"product_cat-genel-konular","6":"product_cat-kisisel-gelisim","7":"pa_cilt-ciltsiz","8":"pa_tur-kitap","9":"pa_yayinevi-dogan-novus","10":"pa_yazar-arda-bafra","12":"first","13":"instock","14":"sale","15":"shipping-taxable","16":"purchasable","17":"product-type-simple"},"_links":{"self":[{"href":"https:\/\/roveyayinevi.com.tr\/index.php\/wp-json\/wp\/v2\/product\/750150","targetHints":{"allow":["GET"]}}],"collection":[{"href":"https:\/\/roveyayinevi.com.tr\/index.php\/wp-json\/wp\/v2\/product"}],"about":[{"href":"https:\/\/roveyayinevi.com.tr\/index.php\/wp-json\/wp\/v2\/types\/product"}],"wp:attachment":[{"href":"https:\/\/roveyayinevi.com.tr\/index.php\/wp-json\/wp\/v2\/media?parent=750150"}],"wp:term":[{"taxonomy":"product_brand","embeddable":true,"href":"https:\/\/roveyayinevi.com.tr\/index.php\/wp-json\/wp\/v2\/product_brand?post=750150"},{"taxonomy":"product_cat","embeddable":true,"href":"https:\/\/roveyayinevi.com.tr\/index.php\/wp-json\/wp\/v2\/product_cat?post=750150"},{"taxonomy":"product_tag","embeddable":true,"href":"https:\/\/roveyayinevi.com.tr\/index.php\/wp-json\/wp\/v2\/product_tag?post=750150"}],"curies":[{"name":"wp","href":"https:\/\/api.w.org\/{rel}","templated":true}]}}