{"id":750146,"date":"2025-08-28T04:13:14","date_gmt":"2025-08-28T01:13:14","guid":{"rendered":"https:\/\/roveyayinevi.com.tr\/index.php\/urun\/liberal-dusunce-dergisi-sayi-109-kis-2023\/"},"modified":"2026-04-16T03:03:34","modified_gmt":"2026-04-16T00:03:34","slug":"liberal-dusunce-dergisi-sayi-109-kis-2023","status":"publish","type":"product","link":"https:\/\/roveyayinevi.com.tr\/index.php\/urun\/liberal-dusunce-dergisi-sayi-109-kis-2023\/","title":{"rendered":"Liberal D\u00fc\u015f\u00fcnce Dergisi Say\u0131: 109 K\u0131\u015f 2023"},"content":{"rendered":"<p>MAKALELER \/ ARTICLESFriedrich August von Hayek\u2019in Bireycilik Perspektifinde \u00d6zg\u00fcrl\u00fck ve Sorumluluk Kavram\u0131The Concepts of Freedom and Responsibility in the Individualist Perspective of Friedrich August von HayekSedat Binici \u0130nsan Haklar\u0131n\u0131n Evrenselli\u011fi ve K\u00fclt\u00fcrel G\u00f6relili\u011fi Tart\u0131\u015fmas\u0131nda \u00d6z\/\u00c7ekirdek-\u00c7evre Haklar Kavramsalla\u015ft\u0131rmas\u0131:Siyasal D\u00fc\u015f\u00fcnceler \u00c7er\u00e7evesinden Ele\u015ftirel Bir \u0130ncelemeThe Conceptualisation of Core-Peripheral Rights in the Debates over Universality and Cultural Relativism of Human Rights:A Critical Examination through Political ThoughtYavuz Selim Alkan L\u00e2ikli\u011fin Lehindeki Arg\u00fcmanlar Ne Kadar L\u00e2iktir? Sek\u00fcler Paradigman\u0131n Kurucu Unsurlar\u0131 \u00dczerine Retrospektif Bir Okuma DenemesiHow Secular Are the Arguments in Favor of Secularism? A Retrospective Reading Essay on the Constitutive Elements of the Secular ParadigmH\u00fcseyin Bal &amp; Mustafa Bal Ekonomik Geli\u015fme ve EkolojiEconomic Development and Ecology\u00d6zg\u00fcr Kanbir Critical Perspectives on Social Capital and Development: Theory and PracticeSosyal Sermaye ve Kalk\u0131nma \u00dczerine Ele\u015ftirel Yakla\u015f\u0131mlar: Teori ve PratikFatmanil D\u00f6ner M\u00fclkiyet Haklar\u0131 \u0130ktisad\u0131 \u00dczerine Bir Literat\u00fcr Taramas\u0131A Literature Review on Property Rights EconomicsAhmet Y\u0131lmaz Ata &amp; Dilek Tu\u011flu Dur COVID \u2013 19 Pandemisi D\u00f6neminde Kamu Diplomasisi ve Ulus Markalama: \u00c7in ve T\u00fcrkiye\u2019nin Maske DiplomasisiPublic Diplomacy and Nation Branding During the COVID-19 Pandemic: The Mask Diplomacy of China and TurkeySelahattin Ensar \u00d6zt\u00fcrk &amp; Zeyneb \u00c7a\u011fl\u0131yan \u0130\u00e7ener 2018 Milletvekili Genel ve Cumhurba\u015fkanl\u0131\u011f\u0131 Se\u00e7imlerinde Elit Kar\u015f\u0131t\u0131 Tutumlar ve Se\u00e7men Davran\u0131\u015f\u0131 \u0130li\u015fkisiOn the Relationship between Anti-Elitist Attitudes and Electoral Behavior in the 2018 Parliamentary and Presidential ElectionsMert Moral &amp; Yasemin Tosun &amp; \u015eeyma Top\u00e7u The Genesis of Theory and PracticeTeori ve Pratik \u0130li\u015fkisinin Geli\u015fimiAli Demir Evolution of Money from Stones to Digital Blocks: Transformation of ValueParan\u0131n Ta\u015flardan Dijital Bloklara Evrimi: De\u011ferin D\u00f6n\u00fc\u015f\u00fcm\u00fcOrhon Can Da\u011ftekin <\/p>\n","protected":false},"excerpt":{"rendered":"<p>MAKALELER \/ ARTICLESFriedrich August von Hayek\u2019in Bireycilik Perspektifinde \u00d6zg\u00fcrl\u00fck ve Sorumluluk Kavram\u0131The Concepts of Freedom and Responsibility in the Individualist Perspective of Friedrich August von HayekSedat<span class=\"excerpt-hellip\"> [\u2026]<\/span><\/p>\n","protected":false},"featured_media":0,"template":"","meta":{"_monsterinsights_skip_tracking":false,"_monsterinsights_sitenote_active":false,"_monsterinsights_sitenote_note":"","_monsterinsights_sitenote_category":0},"product_brand":[],"product_cat":[13527],"product_tag":[],"class_list":{"0":"post-750146","1":"product","2":"type-product","3":"status-publish","5":"product_cat-sureli-yayinlar","6":"pa_cilt-ciltsiz","7":"pa_tur-dergi","8":"pa_yayinevi-liberte-yayinlari","9":"pa_yazar-kolektif","11":"first","12":"instock","13":"sale","14":"shipping-taxable","15":"purchasable","16":"product-type-simple"},"_links":{"self":[{"href":"https:\/\/roveyayinevi.com.tr\/index.php\/wp-json\/wp\/v2\/product\/750146","targetHints":{"allow":["GET"]}}],"collection":[{"href":"https:\/\/roveyayinevi.com.tr\/index.php\/wp-json\/wp\/v2\/product"}],"about":[{"href":"https:\/\/roveyayinevi.com.tr\/index.php\/wp-json\/wp\/v2\/types\/product"}],"wp:attachment":[{"href":"https:\/\/roveyayinevi.com.tr\/index.php\/wp-json\/wp\/v2\/media?parent=750146"}],"wp:term":[{"taxonomy":"product_brand","embeddable":true,"href":"https:\/\/roveyayinevi.com.tr\/index.php\/wp-json\/wp\/v2\/product_brand?post=750146"},{"taxonomy":"product_cat","embeddable":true,"href":"https:\/\/roveyayinevi.com.tr\/index.php\/wp-json\/wp\/v2\/product_cat?post=750146"},{"taxonomy":"product_tag","embeddable":true,"href":"https:\/\/roveyayinevi.com.tr\/index.php\/wp-json\/wp\/v2\/product_tag?post=750146"}],"curies":[{"name":"wp","href":"https:\/\/api.w.org\/{rel}","templated":true}]}}