{"id":750133,"date":"2025-08-28T04:12:57","date_gmt":"2025-08-28T01:12:57","guid":{"rendered":"https:\/\/roveyayinevi.com.tr\/index.php\/urun\/demokrasi-yolunda-1947-arslankoy-hadisesi\/"},"modified":"2026-04-16T03:03:34","modified_gmt":"2026-04-16T00:03:34","slug":"demokrasi-yolunda-1947-arslankoy-hadisesi","status":"publish","type":"product","link":"https:\/\/roveyayinevi.com.tr\/index.php\/urun\/demokrasi-yolunda-1947-arslankoy-hadisesi\/","title":{"rendered":"Demokrasi Yolunda 1947 Arslank\u00f6y Hadisesi"},"content":{"rendered":"<p>Arslank\u00f6y, demokratik iradenin yans\u0131d\u0131\u011f\u0131 sand\u0131\u011fa ilk kez sahip \u00e7\u0131k\u0131lan ve bu yolda bedel \u00f6deyenlerin ya\u015fad\u0131\u011f\u0131 k\u00f6yd\u00fcr. 1946 y\u0131l\u0131nda \u00e7ok partili siyasi hayata ge\u00e7ilmesinden sonra 1947 y\u0131l\u0131nda yap\u0131lan k\u00f6y muhtarl\u0131\u011f\u0131 se\u00e7imlerinde, oy veren se\u00e7menlerin ve \u00f6zellikle kad\u0131nlar\u0131n se\u00e7im sand\u0131\u011f\u0131na ve oylar\u0131na sahip \u00e7\u0131kt\u0131\u011f\u0131k\u00f6yd\u00fcr. Muhtar se\u00e7imlerinde eski muhtardan memnun olmayan k\u00f6y se\u00e7menleri, yeni bir muhtar i\u00e7in iradelerini sand\u0131\u011fa yans\u0131tm\u0131\u015flard\u0131r. Ancak zaman\u0131n egemen g\u00fc\u00e7leri bask\u0131yla bu sonucu ge\u00e7ersiz k\u0131lma te\u015febb\u00fcs\u00fcnde bulunmu\u015ftur. Bask\u0131lara kar\u015f\u0131 k\u00f6yl\u00fcler ve \u00f6zellikle kad\u0131nlar, yarg\u0131lanmay\u0131, hapse girmeyi g\u00f6ze alarak destans\u0131 bir direni\u015f i\u00e7inde oy sand\u0131\u011f\u0131na sahip \u00e7\u0131km\u0131\u015ft\u0131r. Aslank\u00f6yl\u00fc kad\u0131nlar, \u201cRey bizim namusumuz; Namusumuzu vermeyiz\u201d diyerek, oylar\u0131 de\u011fi\u015ftirmek isteyenlere sand\u0131\u011f\u0131 vermemi\u015ftir. Bu direni\u015fleri kar\u015f\u0131l\u0131\u011f\u0131nda yarg\u0131lanm\u0131\u015flar ve hapis yatm\u0131\u015flard\u0131r. Bu ba\u011flamda Arslank\u00f6y Hadisesi, T\u00fcrkiye demokrasi tarihinde \u00f6nemli bir d\u00f6n\u00fcm noktas\u0131n\u0131 te\u015fkil etmektedir. <\/p>\n","protected":false},"excerpt":{"rendered":"<p>Arslank\u00f6y, demokratik iradenin yans\u0131d\u0131\u011f\u0131 sand\u0131\u011fa ilk kez sahip \u00e7\u0131k\u0131lan ve bu yolda bedel \u00f6deyenlerin ya\u015fad\u0131\u011f\u0131 k\u00f6yd\u00fcr. 1946 y\u0131l\u0131nda \u00e7ok partili siyasi hayata ge\u00e7ilmesinden sonra 1947 y\u0131l\u0131nda<span class=\"excerpt-hellip\"> [\u2026]<\/span><\/p>\n","protected":false},"featured_media":0,"template":"","meta":{"_monsterinsights_skip_tracking":false,"_monsterinsights_sitenote_active":false,"_monsterinsights_sitenote_note":"","_monsterinsights_sitenote_category":0},"product_brand":[],"product_cat":[20039,13488],"product_tag":[],"class_list":{"0":"post-750133","1":"product","2":"type-product","3":"status-publish","5":"product_cat-kultur-tarihi","6":"product_cat-toplum-ve-insan","7":"pa_cilt-ciltsiz","8":"pa_tur-kitap","9":"pa_yayinevi-tiav","10":"pa_yazar-ibrahim-cenet","12":"first","13":"instock","14":"sale","15":"shipping-taxable","16":"purchasable","17":"product-type-simple"},"_links":{"self":[{"href":"https:\/\/roveyayinevi.com.tr\/index.php\/wp-json\/wp\/v2\/product\/750133","targetHints":{"allow":["GET"]}}],"collection":[{"href":"https:\/\/roveyayinevi.com.tr\/index.php\/wp-json\/wp\/v2\/product"}],"about":[{"href":"https:\/\/roveyayinevi.com.tr\/index.php\/wp-json\/wp\/v2\/types\/product"}],"wp:attachment":[{"href":"https:\/\/roveyayinevi.com.tr\/index.php\/wp-json\/wp\/v2\/media?parent=750133"}],"wp:term":[{"taxonomy":"product_brand","embeddable":true,"href":"https:\/\/roveyayinevi.com.tr\/index.php\/wp-json\/wp\/v2\/product_brand?post=750133"},{"taxonomy":"product_cat","embeddable":true,"href":"https:\/\/roveyayinevi.com.tr\/index.php\/wp-json\/wp\/v2\/product_cat?post=750133"},{"taxonomy":"product_tag","embeddable":true,"href":"https:\/\/roveyayinevi.com.tr\/index.php\/wp-json\/wp\/v2\/product_tag?post=750133"}],"curies":[{"name":"wp","href":"https:\/\/api.w.org\/{rel}","templated":true}]}}