{"id":750128,"date":"2025-08-28T04:12:51","date_gmt":"2025-08-28T01:12:51","guid":{"rendered":"https:\/\/roveyayinevi.com.tr\/index.php\/urun\/sosyal-bilimleri-yeniden-yapilandirmak\/"},"modified":"2026-04-16T03:03:33","modified_gmt":"2026-04-16T00:03:33","slug":"sosyal-bilimleri-yeniden-yapilandirmak","status":"publish","type":"product","link":"https:\/\/roveyayinevi.com.tr\/index.php\/urun\/sosyal-bilimleri-yeniden-yapilandirmak\/","title":{"rendered":"Sosyal Bilimleri Yeniden Yap\u0131land\u0131rmak"},"content":{"rendered":"<p>Bu eserde, Bat\u0131\u2019da sosyal bilimler ile modernlik aras\u0131ndaki ba\u011flant\u0131ya, sosyal bilimlerin s\u0131k\u0131nt\u0131l\u0131 olan pozitivist karakterine, sosyal bilimler ile egemen s\u0131n\u0131flar aras\u0131ndaki yak\u0131n ili\u015fkiye, Bat\u0131 uygarl\u0131\u011f\u0131n\u0131n \u00e7\u0131karlar\u0131 do\u011frultusunda sosyal bilimlerin farkl\u0131 disiplinlere ayr\u0131\u015fmas\u0131na ve sosyal bilimlerin en sorunlu bir disiplini olarak sosyolojinin ideolojik boyutuna odaklan\u0131lm\u0131\u015ft\u0131r. Bu kitapta, sosyal bilimlerde uzmanla\u015fmadan kaynakl\u0131 b\u00f6l\u00fcnm\u00fc\u015fl\u00fck sorununa \u00e7\u00f6z\u00fcm \u00fcretirken disiplinler aras\u0131 y\u00f6nelimlere \u00f6nem veren, farkl\u0131 sosyal bilim disiplinlerinin i\u015fbirli\u011fi yapmas\u0131n\u0131 ve sosyal bilimlerin birle\u015fmesini g\u00fcndeme getiren teorik tart\u0131\u015fmalara yer verilmi\u015ftir. Bu metinde, sosyal ger\u00e7ekli\u011fi a\u00e7\u0131klama iddias\u0131nda olan uzmanla\u015fm\u0131\u015f sosyal bilimlerin hakik\u00ee i\u015flevlerini yerine getiremedi\u011fi ve zaman i\u00e7inde kendisinin problemli hale geldi\u011fi ileri s\u00fcr\u00fclm\u00fc\u015ft\u00fcr. Sosyal bilimlerin d\u00fcnyan\u0131n k\u00f6t\u00fc kaderini de\u011fi\u015ftirebilmesi ve d\u00fcnya sorunlar\u0131na do\u011fru \u00e7\u00f6z\u00fcmler \u00fcretebilmesi i\u00e7in bir an evvel birbirleriyle i\u00e7 i\u00e7e ge\u00e7mesi ve tek \u00e7at\u0131 alt\u0131nda toplanmas\u0131 gerekti\u011fi savunulmu\u015ftur. Sosyal bilimlerin \u00f6yk\u00fcs\u00fcn\u00fc, mant\u0131\u011f\u0131n\u0131 ve ne i\u015fe yarad\u0131\u011f\u0131n\u0131 merak edenlere\u2026 Sosyal bilimlerdeki uzmanla\u015fman\u0131n yol a\u00e7t\u0131\u011f\u0131 s\u0131k\u0131nt\u0131lar\u0131 g\u00f6rmek isteyenlere\u2026 Sosyal bilimler aras\u0131ndaki yapay s\u0131n\u0131rlar\u0131n yok edilmesinin gerekli oldu\u011funu d\u00fc\u015f\u00fcnenlere\u2026<\/p>\n","protected":false},"excerpt":{"rendered":"<p>Bu eserde, Bat\u0131\u2019da sosyal bilimler ile modernlik aras\u0131ndaki ba\u011flant\u0131ya, sosyal bilimlerin s\u0131k\u0131nt\u0131l\u0131 olan pozitivist karakterine, sosyal bilimler ile egemen s\u0131n\u0131flar aras\u0131ndaki yak\u0131n ili\u015fkiye, Bat\u0131 uygarl\u0131\u011f\u0131n\u0131n \u00e7\u0131karlar\u0131<span class=\"excerpt-hellip\"> [\u2026]<\/span><\/p>\n","protected":false},"featured_media":0,"template":"","meta":{"_monsterinsights_skip_tracking":false,"_monsterinsights_sitenote_active":false,"_monsterinsights_sitenote_note":"","_monsterinsights_sitenote_category":0},"product_brand":[],"product_cat":[12324],"product_tag":[],"class_list":{"0":"post-750128","1":"product","2":"type-product","3":"status-publish","5":"product_cat-sosyoloji","6":"pa_cilt-ciltsiz","7":"pa_tur-kitap","8":"pa_yayinevi-ani-yayincilik","9":"pa_yazar-sezgin-kizilcelik","11":"first","12":"instock","13":"sale","14":"shipping-taxable","15":"purchasable","16":"product-type-simple"},"_links":{"self":[{"href":"https:\/\/roveyayinevi.com.tr\/index.php\/wp-json\/wp\/v2\/product\/750128","targetHints":{"allow":["GET"]}}],"collection":[{"href":"https:\/\/roveyayinevi.com.tr\/index.php\/wp-json\/wp\/v2\/product"}],"about":[{"href":"https:\/\/roveyayinevi.com.tr\/index.php\/wp-json\/wp\/v2\/types\/product"}],"wp:attachment":[{"href":"https:\/\/roveyayinevi.com.tr\/index.php\/wp-json\/wp\/v2\/media?parent=750128"}],"wp:term":[{"taxonomy":"product_brand","embeddable":true,"href":"https:\/\/roveyayinevi.com.tr\/index.php\/wp-json\/wp\/v2\/product_brand?post=750128"},{"taxonomy":"product_cat","embeddable":true,"href":"https:\/\/roveyayinevi.com.tr\/index.php\/wp-json\/wp\/v2\/product_cat?post=750128"},{"taxonomy":"product_tag","embeddable":true,"href":"https:\/\/roveyayinevi.com.tr\/index.php\/wp-json\/wp\/v2\/product_tag?post=750128"}],"curies":[{"name":"wp","href":"https:\/\/api.w.org\/{rel}","templated":true}]}}