{"id":750115,"date":"2025-08-28T04:12:32","date_gmt":"2025-08-28T01:12:32","guid":{"rendered":"https:\/\/roveyayinevi.com.tr\/index.php\/urun\/narsisizm-2\/"},"modified":"2025-08-31T19:19:04","modified_gmt":"2025-08-31T16:19:04","slug":"narsisizm-2","status":"publish","type":"product","link":"https:\/\/roveyayinevi.com.tr\/index.php\/urun\/narsisizm-2\/","title":{"rendered":"Narsisizm"},"content":{"rendered":"<p>G\u00fcn\u00fcm\u00fczde t\u00fcketim k\u00fclt\u00fcr\u00fcn\u00fcn etkisiyle ki\u015fisel \u00e7\u0131karlar \u00f6ncelik kazand\u0131k\u00e7a \u201cben\u201d olgusu daha \u00f6n planda tutulmaya, dolay\u0131s\u0131yla da bireyin kendisine olan hayranl\u0131\u011f\u0131 artmaya ba\u015flad\u0131. Di\u011fer taraftan bireyselle\u015fmenin kimlik korumada \u00f6nemli oldu\u011fu varsay\u0131m\u0131n\u0131n s\u00fcrekli k\u00f6r\u00fcklenmesiyle sosyal destek ve kolektif bilin\u00e7 anlay\u0131\u015f\u0131 giderek zay\u0131flamaya ba\u015flad\u0131. Bu durum; toplumlar\u0131, ayn\u0131 mek\u00e2nda tek ba\u015flar\u0131na var olmalar\u0131 gerekti\u011fine inand\u0131r\u0131lan bireylerden olu\u015fan kitlelere d\u00f6n\u00fc\u015ft\u00fcrd\u00fc. \u201cToplum\u201d bilincinin yerini yo\u011fun bir \u015fekilde \u201cben\u2019\u2019 bilinci, \u201cbireysellik\u201d anlay\u0131\u015f\u0131n\u0131n yerini ise \u201cbencillik\u201d almaya ba\u015flad\u0131. H\u00e2kim k\u00fclt\u00fcr\u00fcn geleneksel ahl\u00e2k anlay\u0131\u015f\u0131n\u0131n, yerini ya\u015fam\u0131 zevkten ibaret g\u00f6ren bir zihniyete b\u0131rakm\u0131\u015f olmas\u0131 da narsistik ki\u015filik bozuklu\u011funun tetikleyici unsuru oldu. Bu \u00e7al\u0131\u015fma, \u00e7a\u011f\u0131n bir ki\u015filik bozuklu\u011fu sorunu olan narsisizmin ele al\u0131nd\u0131\u011f\u0131; narsist ki\u015filik \u00f6zellikleri, ba\u011f\u0131ml\u0131l\u0131k, narsistlerle ileti\u015fim gibi konular ba\u011flam\u0131nda \u201cBir narsisti nas\u0131l tan\u0131yabilirim?\u201d, \u201cNarsist de\u011fi\u015fir mi?\u201d, \u201cKendimi bir narsistten nas\u0131l koruyabilirim?\u201d gibi temel sorulara cevap arayan bir ba\u015fucu kitab\u0131 olarak haz\u0131rlanm\u0131\u015ft\u0131r. <\/p>\n","protected":false},"excerpt":{"rendered":"<p>G\u00fcn\u00fcm\u00fczde t\u00fcketim k\u00fclt\u00fcr\u00fcn\u00fcn etkisiyle ki\u015fisel \u00e7\u0131karlar \u00f6ncelik kazand\u0131k\u00e7a \u201cben\u201d olgusu daha \u00f6n planda tutulmaya, dolay\u0131s\u0131yla da bireyin kendisine olan hayranl\u0131\u011f\u0131 artmaya ba\u015flad\u0131. Di\u011fer taraftan bireyselle\u015fmenin kimlik<span class=\"excerpt-hellip\"> [\u2026]<\/span><\/p>\n","protected":false},"featured_media":0,"template":"","meta":{"_monsterinsights_skip_tracking":false,"_monsterinsights_sitenote_active":false,"_monsterinsights_sitenote_note":"","_monsterinsights_sitenote_category":0},"product_brand":[],"product_cat":[12358,12357],"product_tag":[],"class_list":{"0":"post-750115","1":"product","2":"type-product","3":"status-publish","5":"product_cat-genel-psikoloji","6":"product_cat-psikoloji","7":"pa_cilt-ciltsiz","8":"pa_tur-kitap","9":"pa_yayinevi-cinaralti-yayinlari","10":"pa_yazar-fatih-resit-civelekoglu","12":"first","13":"instock","14":"sale","15":"shipping-taxable","16":"purchasable","17":"product-type-simple"},"_links":{"self":[{"href":"https:\/\/roveyayinevi.com.tr\/index.php\/wp-json\/wp\/v2\/product\/750115","targetHints":{"allow":["GET"]}}],"collection":[{"href":"https:\/\/roveyayinevi.com.tr\/index.php\/wp-json\/wp\/v2\/product"}],"about":[{"href":"https:\/\/roveyayinevi.com.tr\/index.php\/wp-json\/wp\/v2\/types\/product"}],"wp:attachment":[{"href":"https:\/\/roveyayinevi.com.tr\/index.php\/wp-json\/wp\/v2\/media?parent=750115"}],"wp:term":[{"taxonomy":"product_brand","embeddable":true,"href":"https:\/\/roveyayinevi.com.tr\/index.php\/wp-json\/wp\/v2\/product_brand?post=750115"},{"taxonomy":"product_cat","embeddable":true,"href":"https:\/\/roveyayinevi.com.tr\/index.php\/wp-json\/wp\/v2\/product_cat?post=750115"},{"taxonomy":"product_tag","embeddable":true,"href":"https:\/\/roveyayinevi.com.tr\/index.php\/wp-json\/wp\/v2\/product_tag?post=750115"}],"curies":[{"name":"wp","href":"https:\/\/api.w.org\/{rel}","templated":true}]}}