{"id":750103,"date":"2025-08-28T04:12:13","date_gmt":"2025-08-28T01:12:13","guid":{"rendered":"https:\/\/roveyayinevi.com.tr\/index.php\/urun\/gecmisin-kimlikleri\/"},"modified":"2026-04-16T03:03:33","modified_gmt":"2026-04-16T00:03:33","slug":"gecmisin-kimlikleri","status":"publish","type":"product","link":"https:\/\/roveyayinevi.com.tr\/index.php\/urun\/gecmisin-kimlikleri\/","title":{"rendered":"Ge\u00e7mi\u015fin Kimlikleri"},"content":{"rendered":"<p>\u201cHayat i\u015fte\u2026\u201d. \u201cBir tarafta hayallerimiz, di\u011fer tarafta ger\u00e7eklerimiz. Her hayalin bir topra\u011f\u0131 vard\u0131r. Kendi topra\u011f\u0131ndan s\u00f6k\u00fcp ba\u015fka topra\u011fa ta\u015f\u0131maya kalkarsan, ye\u015fertemezsin, soldurursun onu. Ger\u00e7ekler \u00e7ok farkl\u0131 oysa. Her topra\u011fa ekilebiliyor. Uzun k\u0131sa, a\u011f\u0131r hafif, e\u011fri b\u00fc\u011fr\u00fc, ac\u0131 tatl\u0131 her yerden ger\u00e7ek f\u0131\u015fk\u0131r\u0131yor. Benim gibi hayallerini \u00f6ld\u00fcrenler ger\u00e7e\u011fe sar\u0131l\u0131yor. Ger\u00e7ekleri makyajlayarak ya\u015famaya ba\u015fl\u0131yor. Biliyor musun G\u00fcl\u00e7in?  Yery\u00fcz\u00fc, tun\u00e7la\u015ft\u0131r\u0131lm\u0131\u015f ruhlarla doldu art\u0131k. Malzeme bilimi dersinden hat\u0131rlars\u0131n. Tun\u00e7, asl\u0131nda bak\u0131rd\u0131r. Potalarda veya f\u0131r\u0131nlarda eritilen bak\u0131r\u0131n i\u00e7ine kalay kat\u0131l\u0131r, \u00fczeri k\u00f6m\u00fcr tozu ile kapat\u0131l\u0131r, b\u00f6ylece s\u00fcrt\u00fcnmeye kar\u015f\u0131 dayan\u0131kl\u0131 hale getirilir. G\u00fcn\u00fcm\u00fczde s\u00fcrt\u00fcnmeye dayan\u0131kl\u0131 di\u015fliler ve \u00e7arklar\u0131n yap\u0131m\u0131nda kullan\u0131l\u0131yor, makinecilerin konusuydu bu. Bize neden \u00f6\u011frettiler anlamad\u0131m. \u015eimdi anlayabiliyorum: Hepimiz, s\u00fcrt\u00fcnmeye kar\u015f\u0131 dayan\u0131kl\u0131 hale getirilmi\u015fiz. Ba\u015fka t\u00fcrl\u00fc ya\u015fama \u015fans\u0131m\u0131z yok.\u201d<\/p>\n","protected":false},"excerpt":{"rendered":"<p>\u201cHayat i\u015fte\u2026\u201d. \u201cBir tarafta hayallerimiz, di\u011fer tarafta ger\u00e7eklerimiz. Her hayalin bir topra\u011f\u0131 vard\u0131r. Kendi topra\u011f\u0131ndan s\u00f6k\u00fcp ba\u015fka topra\u011fa ta\u015f\u0131maya kalkarsan, ye\u015fertemezsin, soldurursun onu. Ger\u00e7ekler \u00e7ok farkl\u0131<span class=\"excerpt-hellip\"> [\u2026]<\/span><\/p>\n","protected":false},"featured_media":0,"template":"","meta":{"_monsterinsights_skip_tracking":false,"_monsterinsights_sitenote_active":false,"_monsterinsights_sitenote_note":"","_monsterinsights_sitenote_category":0},"product_brand":[],"product_cat":[12291,12711],"product_tag":[],"class_list":{"0":"post-750103","1":"product","2":"type-product","3":"status-publish","5":"product_cat-edebiyat","6":"product_cat-roman-oyku","7":"pa_cilt-ciltsiz","8":"pa_tur-kitap","9":"pa_yayinevi-herdem-kitap","10":"pa_yazar-galip-uyar","12":"first","13":"instock","14":"sale","15":"shipping-taxable","16":"purchasable","17":"product-type-simple"},"_links":{"self":[{"href":"https:\/\/roveyayinevi.com.tr\/index.php\/wp-json\/wp\/v2\/product\/750103","targetHints":{"allow":["GET"]}}],"collection":[{"href":"https:\/\/roveyayinevi.com.tr\/index.php\/wp-json\/wp\/v2\/product"}],"about":[{"href":"https:\/\/roveyayinevi.com.tr\/index.php\/wp-json\/wp\/v2\/types\/product"}],"wp:attachment":[{"href":"https:\/\/roveyayinevi.com.tr\/index.php\/wp-json\/wp\/v2\/media?parent=750103"}],"wp:term":[{"taxonomy":"product_brand","embeddable":true,"href":"https:\/\/roveyayinevi.com.tr\/index.php\/wp-json\/wp\/v2\/product_brand?post=750103"},{"taxonomy":"product_cat","embeddable":true,"href":"https:\/\/roveyayinevi.com.tr\/index.php\/wp-json\/wp\/v2\/product_cat?post=750103"},{"taxonomy":"product_tag","embeddable":true,"href":"https:\/\/roveyayinevi.com.tr\/index.php\/wp-json\/wp\/v2\/product_tag?post=750103"}],"curies":[{"name":"wp","href":"https:\/\/api.w.org\/{rel}","templated":true}]}}