{"id":750100,"date":"2025-08-28T04:12:09","date_gmt":"2025-08-28T01:12:09","guid":{"rendered":"https:\/\/roveyayinevi.com.tr\/index.php\/urun\/egitim-sistemine-yenilikci-bir-bakisla-okulu-tartismak\/"},"modified":"2026-04-16T03:03:33","modified_gmt":"2026-04-16T00:03:33","slug":"egitim-sistemine-yenilikci-bir-bakisla-okulu-tartismak","status":"publish","type":"product","link":"https:\/\/roveyayinevi.com.tr\/index.php\/urun\/egitim-sistemine-yenilikci-bir-bakisla-okulu-tartismak\/","title":{"rendered":"E\u011fitim Sistemine Yenilik\u00e7i Bir Bak\u0131\u015fla &#8211; Okulu Tart\u0131\u015fmak"},"content":{"rendered":"<p>\u00c7ocuk olduklar\u0131n\u0131 hayk\u0131rmak istiyorum okullarda. Onlar sadece \u00e7ocuk! \u00d6\u011frenci olabilmek i\u00e7in \u00e7ocukluklar\u0131n\u0131 evlerin- de b\u0131rak\u0131p gelmi\u015f \u00e7ocuklar! Bedenlerini s\u0131n\u0131flara sekiz saat boyunca hapsetti\u011fimiz, m\u00fcfredat ile hizaya soktu\u011fumuz, ne\u015felerini \u201cparmak kald\u0131rma\u201d ile randevulad\u0131\u011f\u0131m\u0131z, \u00e7abucak yeti\u015fkin olabilsinler diye kurallarla bask\u0131lad\u0131\u011f\u0131m\u0131z, bir s\u00fcr\u00fc konuyu ezberletip, sonra da merak etmiyor diye hay\u0131f land\u0131\u011f\u0131m\u0131z; standart testlerle s\u0131nay\u0131p s\u0131ralad\u0131\u011f\u0131m\u0131z, ba\u015far\u0131l\u0131 veya ba\u015far\u0131s\u0131z diye s\u0131n\u0131flad\u0131\u011f\u0131m\u0131z, asl\u0131nda kocaman y\u00fcrek lere sahip g\u00f6zlerinin i\u00e7i \u00e7ok g\u00fczel g\u00fclen \u00e7ocuklar onlar! Yar\u0131\u015f at\u0131 gibi her g\u00fcn rakiplerini elemek i\u00e7in saatlerce \u00e7al\u0131\u015fmak zorunda olan ba\u015far\u0131l\u0131 \u00e7ocuklar onlar! S\u0131rf oyun oynamay\u0131 daha \u00e7ok seviyor diye derse ge\u00e7 kalan, hayalinde ger\u00e7eklikten daha fazla ya\u015f\u0131yor diye konu lar\u0131n h\u0131z\u0131na yeti\u015femeyen, merak ediyor diye s\u0131n\u0131rland\u0131r\u0131lan, sevemedi\u011fi bir alanda zorla ba\u015far\u0131 g\u00f6stermesi beklendi\u011fi i\u00e7in g\u00fczel resimler \u00e7izmesi engellenen \u201cba\u015far\u0131s\u0131z \u00e7ocuklar\u201d! Onlar yeti\u015fkinliklerini sa\u011fl\u0131kl\u0131 ge\u00e7irebilmek i\u00e7in \u00e7ok g\u00fclmeliler, \u00e7ok oynamal\u0131lar, \u00e7ok merak etmeliler, \u00e7ok sor- mal\u0131lar, \u00e7ok konu\u015fmal\u0131, tart\u0131\u015fmal\u0131 ama \u00e7ocuk olduklar\u0131 unutulmamal\u0131lar. \u0130yi bir e\u011fitimi hak ediyorlar. E\u015fit de\u011fil, standart de\u011fil, ilgilerine y\u00f6nelik e\u011fitimi hak ediyorlar!<\/p>\n","protected":false},"excerpt":{"rendered":"<p>\u00c7ocuk olduklar\u0131n\u0131 hayk\u0131rmak istiyorum okullarda. Onlar sadece \u00e7ocuk! \u00d6\u011frenci olabilmek i\u00e7in \u00e7ocukluklar\u0131n\u0131 evlerin- de b\u0131rak\u0131p gelmi\u015f \u00e7ocuklar! Bedenlerini s\u0131n\u0131flara sekiz saat boyunca hapsetti\u011fimiz, m\u00fcfredat ile hizaya<span class=\"excerpt-hellip\"> [\u2026]<\/span><\/p>\n","protected":false},"featured_media":0,"template":"","meta":{"_monsterinsights_skip_tracking":false,"_monsterinsights_sitenote_active":false,"_monsterinsights_sitenote_note":"","_monsterinsights_sitenote_category":0},"product_brand":[],"product_cat":[12831,12324],"product_tag":[],"class_list":{"0":"post-750100","1":"product","2":"type-product","3":"status-publish","5":"product_cat-aile-ve-cocuk","6":"product_cat-sosyoloji","7":"pa_cilt-ciltsiz","8":"pa_tur-kitap","9":"pa_yayinevi-herdem-kitap","10":"pa_yazar-fevziye-dag","12":"first","13":"instock","14":"sale","15":"shipping-taxable","16":"purchasable","17":"product-type-simple"},"_links":{"self":[{"href":"https:\/\/roveyayinevi.com.tr\/index.php\/wp-json\/wp\/v2\/product\/750100","targetHints":{"allow":["GET"]}}],"collection":[{"href":"https:\/\/roveyayinevi.com.tr\/index.php\/wp-json\/wp\/v2\/product"}],"about":[{"href":"https:\/\/roveyayinevi.com.tr\/index.php\/wp-json\/wp\/v2\/types\/product"}],"wp:attachment":[{"href":"https:\/\/roveyayinevi.com.tr\/index.php\/wp-json\/wp\/v2\/media?parent=750100"}],"wp:term":[{"taxonomy":"product_brand","embeddable":true,"href":"https:\/\/roveyayinevi.com.tr\/index.php\/wp-json\/wp\/v2\/product_brand?post=750100"},{"taxonomy":"product_cat","embeddable":true,"href":"https:\/\/roveyayinevi.com.tr\/index.php\/wp-json\/wp\/v2\/product_cat?post=750100"},{"taxonomy":"product_tag","embeddable":true,"href":"https:\/\/roveyayinevi.com.tr\/index.php\/wp-json\/wp\/v2\/product_tag?post=750100"}],"curies":[{"name":"wp","href":"https:\/\/api.w.org\/{rel}","templated":true}]}}