{"id":750098,"date":"2025-08-28T04:12:07","date_gmt":"2025-08-28T01:12:07","guid":{"rendered":"https:\/\/roveyayinevi.com.tr\/index.php\/urun\/dijital-donusumde-turkce-ogretimi\/"},"modified":"2026-04-16T03:03:33","modified_gmt":"2026-04-16T00:03:33","slug":"dijital-donusumde-turkce-ogretimi","status":"publish","type":"product","link":"https:\/\/roveyayinevi.com.tr\/index.php\/urun\/dijital-donusumde-turkce-ogretimi\/","title":{"rendered":"Dijital D\u00f6n\u00fc\u015f\u00fcmde T\u00fcrk\u00e7e \u00d6\u011fretimi"},"content":{"rendered":"<p>Bilgi \u00e7a\u011f\u0131 ile birlikte teknolojik ilerlemeler insanl\u0131k tarihini derinden etkilemi\u015ftir ve etkilemeye devam etmektedir. H\u0131zl\u0131 de\u011fi\u015fim siyaset, ekonomi, e\u011fitim vb. bir\u00e7ok sistemi yeniden yap\u0131land\u0131rmam\u0131za yol a\u00e7m\u0131\u015ft\u0131r. \u00d6zellikle de\u011fi\u015fimin temel kayna\u011f\u0131 olarak g\u00f6r\u00fclen Z ve ALPHA ku\u015faklar\u0131 e\u011fitim sistemleri i\u00e7erisinde oldu\u011fundan s\u00f6z konusu d\u00f6n\u00fc\u015f\u00fcm\u00fcn e\u011fitime etkisi daha fazla hissedilmektedir.Teknoloji ve teknolojinin getirileri olan WEB 3.0 ve metaverse (sanal ger\u00e7eklik) gibi olgular bu d\u00f6n\u00fc\u015f\u00fcm\u00fc daha da h\u0131zland\u0131racakt\u0131r. Bu d\u00f6n\u00fc\u015f\u00fcm e\u011fitimdeki temel kavramlar\u0131 da etkilemektedir. T\u00fcrk\u00e7e \u00f6\u011fretiminin \u00f6\u011frenme alanlar\u0131 olan dinleme, konu\u015fma, okuma ve yazma da bu d\u00f6n\u00fc\u015f\u00fcmden etkilenerek yerini dijital dinleme, konu\u015fma, okuma ve yazmaya b\u0131rakmaktad\u0131r. Tablet, ak\u0131ll\u0131 telefon, ak\u0131ll\u0131 saat gibi teknolojik ara\u00e7-gere\u00e7lerin yay\u0131lmas\u0131 e\u011fitim-\u00f6\u011fretim faaliyetlerini ister istemez dijitalle\u015ftirmektedir. Bunun yan\u0131 s\u0131ra 2019 sonu itibar\u0131yla t\u00fcm d\u00fcnyay\u0131 etkileyen COVID-19 salg\u0131n\u0131 ile birlikte e\u011fitimde dijitalle\u015fme daha da h\u0131z kazanm\u0131\u015ft\u0131r.Bu kitap, e\u011fitimdeki dijital d\u00f6n\u00fc\u015f\u00fcm\u00fc dikkate alarak haz\u0131rlanm\u0131\u015f olup konu ba\u015fl\u0131klar\u0131 gelecekte uygulanacak olan e\u011fitim-\u00f6\u011fretim s\u00fcre\u00e7lerine temel te\u015fkil etmektedir. Kitap ayn\u0131 zamanda T\u00fcrk\u00e7e \u00f6\u011fretimi alan\u0131nda \u00e7al\u0131\u015fan t\u00fcm bilim insanlar\u0131 i\u00e7in kaynak bir eser olma niteli\u011findedir.<\/p>\n","protected":false},"excerpt":{"rendered":"<p>Bilgi \u00e7a\u011f\u0131 ile birlikte teknolojik ilerlemeler insanl\u0131k tarihini derinden etkilemi\u015ftir ve etkilemeye devam etmektedir. H\u0131zl\u0131 de\u011fi\u015fim siyaset, ekonomi, e\u011fitim vb. bir\u00e7ok sistemi yeniden yap\u0131land\u0131rmam\u0131za yol a\u00e7m\u0131\u015ft\u0131r.<span class=\"excerpt-hellip\"> [\u2026]<\/span><\/p>\n","protected":false},"featured_media":0,"template":"","meta":{"_monsterinsights_skip_tracking":false,"_monsterinsights_sitenote_active":false,"_monsterinsights_sitenote_note":"","_monsterinsights_sitenote_category":0},"product_brand":[],"product_cat":[12573,12566],"product_tag":[],"class_list":{"0":"post-750098","1":"product","2":"type-product","3":"status-publish","5":"product_cat-akademik-kitaplar","6":"product_cat-egitim","7":"pa_cilt-ciltsiz","8":"pa_tur-kitap","9":"pa_yayinevi-ani-yayincilik","10":"pa_yazar-fatma-susar-kirmizi","12":"first","13":"instock","14":"sale","15":"shipping-taxable","16":"purchasable","17":"product-type-simple"},"_links":{"self":[{"href":"https:\/\/roveyayinevi.com.tr\/index.php\/wp-json\/wp\/v2\/product\/750098","targetHints":{"allow":["GET"]}}],"collection":[{"href":"https:\/\/roveyayinevi.com.tr\/index.php\/wp-json\/wp\/v2\/product"}],"about":[{"href":"https:\/\/roveyayinevi.com.tr\/index.php\/wp-json\/wp\/v2\/types\/product"}],"wp:attachment":[{"href":"https:\/\/roveyayinevi.com.tr\/index.php\/wp-json\/wp\/v2\/media?parent=750098"}],"wp:term":[{"taxonomy":"product_brand","embeddable":true,"href":"https:\/\/roveyayinevi.com.tr\/index.php\/wp-json\/wp\/v2\/product_brand?post=750098"},{"taxonomy":"product_cat","embeddable":true,"href":"https:\/\/roveyayinevi.com.tr\/index.php\/wp-json\/wp\/v2\/product_cat?post=750098"},{"taxonomy":"product_tag","embeddable":true,"href":"https:\/\/roveyayinevi.com.tr\/index.php\/wp-json\/wp\/v2\/product_tag?post=750098"}],"curies":[{"name":"wp","href":"https:\/\/api.w.org\/{rel}","templated":true}]}}